000
CXUS53 KFGF 230915
CF6FGF
PRELIMINARY LOCAL CLIMATOLOGICAL DATA (WS FORM: F-6)

                                          STATION:   GRAND FORKS UNIV. (NWS) ND
                                          MONTH:     MAY
                                          YEAR:      2015
                                          LATITUDE:   47 55 N
                                          LONGITUDE:  97  6 W

  TEMPERATURE IN F:       :PCPN:    SNOW:  WIND      :SUNSHINE: SKY     :PK WND
================================================================================
1   2   3   4   5  6A  6B    7    8   9   10  11  12  13   14  15   16   17  18
                                     12Z  AVG MX 2MIN
DY MAX MIN AVG DEP HDD CDD  WTR  SNW DPTH SPD SPD DIR MIN PSBL S-S WX    SPD DR
================================================================================

 1  77  43  60  10   5   0 0.00  0.0    0   M   M   M   M    M   M         M  M
 2  85  49  67  16   0   2 0.04  0.0    0   M   M   M   M    M   M         M  M
 3  69  46  58   7   7   0 0.00  0.0    0   M   M   M   M    M   M         M  M
 4  69  35  52   0  13   0 0.00  0.0    0   M   M   M   M    M   M         M  M
 5  79  44  62  10   3   0 0.00  0.0    0   M   M   M   M    M   M         M  M
 6  64  59  62  10   3   0 0.23  0.0    0   M   M   M   M    M   M         M  M
 7  66  41  54   1  11   0 0.17  0.0    0   M   M   M   M    M   M         M  M
 8  41  32  37 -16  28   0 0.00  0.0    0   M   M   M   M    M   M         M  M
 9  51  29  40 -13  25   0 0.00  0.0    0   M   M   M   M    M   M         M  M
10  45  39  42 -12  23   0 0.20  0.0    0   M   M   M   M    M   M         M  M
11  42  36  39 -15  26   0 0.77    T    0   M   M   M   M    M   M         M  M
12  57  32  45  -9  20   0 0.00  0.0    0   M   M   M   M    M   M         M  M
13  53  43  48  -7  17   0 0.27  0.0    0   M   M   M   M    M   M         M  M
14  56  51  54  -1  11   0 0.42  0.0    0   M   M   M   M    M   M 1       M  M
15  64  47  56   0   9   0    T  0.0    0   M   M   M   M    M   M         M  M
16  70  47  59   3   6   0 0.03  0.0    0   M   M   M   M    M   M         M  M
17  59  34  47  -9  18   0 1.87  0.0    0   M   M   M   M    M   M         M  M
18  42  31  37 -19  28   0 0.01    T    0   M   M   M   M    M   M         M  M
19  58  28  43 -14  22   0 0.00  0.0    0   M   M   M   M    M   M         M  M
20  74  36  55  -2  10   0 0.00  0.0    0   M   M   M   M    M   M         M  M
21  68  42  55  -3  10   0 0.00  0.0    0   M   M   M   M    M   M         M  M
22  78  42  60   2   5   0 0.00  0.0    0   M   M   M   M    M   M         M  M
================================================================================
SM 1367  886       300   2  4.01    T        M          M        M
================================================================================
AV 62.1 40.3                                 M FASTST   M    M   5    MAX(MPH)
                                 MISC ---->     M   M                  M    M
================================================================================
NOTES:
# LAST OF SEVERAL OCCURRENCES

COLUMN 17 PEAK WIND IN M.P.H.

PRELIMINARY LOCAL CLIMATOLOGICAL DATA (WS FORM: F-6) , PAGE 2

                                          STATION:  GRAND FORKS UNIV. (NWS) ND
                                          MONTH:    MAY
                                          YEAR:     2015
                                          LATITUDE:   47 55 N
                                          LONGITUDE:  97  6 W

[TEMPERATURE DATA]      [PRECIPITATION DATA]       SYMBOLS USED IN COLUMN 16

AVERAGE MONTHLY: 51.2   TOTAL FOR MONTH:   4.01    1 = FOG OR MIST
DPTR FM NORMAL:  -3.0   DPTR FM NORMAL:    2.20    2 = FOG REDUCING VISIBILITY
HIGHEST:    85 ON  2    GRTST 24HR  1.87 ON 17-17      TO 1/4 MILE OR LESS
LOWEST:     28 ON 19                               3 = THUNDER
                        SNOW, ICE PELLETS, HAIL    4 = ICE PELLETS
                        TOTAL MONTH:    T          5 = HAIL
                        GRTST 24HR    T  ON 18-18  6 = FREEZING RAIN OR DRIZZLE
                        GRTST DEPTH:   0           7 = DUSTSTORM OR SANDSTORM:
                                                       VSBY 1/2 MILE OR LESS
                                                   8 = SMOKE OR HAZE
[NO. OF DAYS WITH]      [WEATHER - DAYS WITH]      9 = BLOWING SNOW
                                                   X = TORNADO
MAX 32 OR BELOW:   0    0.01 INCH OR MORE:  10
MAX 90 OR ABOVE:   0    0.10 INCH OR MORE:   7
MIN 32 OR BELOW:   5    0.50 INCH OR MORE:   2
MIN  0 OR BELOW:   0    1.00 INCH OR MORE:   1

[HDD (BASE 65) ]
TOTAL THIS MO.   300    CLEAR  (SCALE 0-3)   0
DPTR FM NORMAL    50    PTCLDY (SCALE 4-7)   0
TOTAL FM JUL 1  8753    CLOUDY (SCALE 8-10)  0
DPTR FM NORMAL  -312

[CDD (BASE 65) ]
TOTAL THIS MO.     2
DPTR FM NORMAL   -15    [PRESSURE DATA]
TOTAL FM JAN 1     2    HIGHEST SLP M ON M
DPTR FM NORMAL   -18    LOWEST  SLP M ON M

[REMARKS]
