000
CXUS56 KFGZ 260900
CF6FLG
PRELIMINARY LOCAL CLIMATOLOGICAL DATA (WS FORM: F-6)

                                          STATION:   FLAGSTAFF AZ AIRPORT
                                          MONTH:     JANUARY
                                          YEAR:      2015
                                          LATITUDE:   35  7 N
                                          LONGITUDE: 111 40 W

  TEMPERATURE IN F:       :PCPN:    SNOW:  WIND      :SUNSHINE: SKY     :PK WND
================================================================================
1   2   3   4   5  6A  6B    7    8   9   10  11  12  13   14  15   16   17  18
                                     12Z  AVG MX 2MIN
DY MAX MIN AVG DEP HDD CDD  WTR  SNW DPTH SPD SPD DIR MIN PSBL S-S WX    SPD DR
================================================================================

 1  28  11  20  -9  45   0 0.17  3.2   15  6.3 15  80   M    M   9 128    21  70
 2  26  -1  13 -16  52   0    T    T   11 10.2 24  60   M    M   3 1      32  60
 3  46  -2  22  -7  43   0 0.00  0.0    9  3.9 12 290   M    M   0        20 290
 4  54   7  31   2  34   0 0.00  0.0    7  1.8 12 210   M    M   0        15 230
 5  55  14  35   6  30   0 0.00  0.0    6  1.6 12  40   M    M   0        13  40
 6  49  16  33   3  32   0 0.00  0.0    5  4.0 14  70   M    M   0        19 110
 7  49  23  36   6  29   0 0.00  0.0    4  4.8 20  90   M    M   0        25  80
 8  58  20  39   9  26   0 0.00  0.0    2  1.6 12  40   M    M   0        13  40
 9  50  21  36   6  29   0 0.00  0.0    0  2.4 14 230   M    M   0        18 220
10  41  29  35   5  30   0 0.13  0.0    0  2.4 12 210   M    M   9 1      13 200
11  43  30  37   7  28   0 0.02  0.0    0  2.4 15 210   M    M   9 12     17 220
12  44  32  38   8  27   0 0.16  0.4    T  3.8 13 220   M    M   9 1      16 260
13  37  22  30   0  35   0 0.53  6.0    T  4.4 12 200   M    M   9 12     17 310
14  37  19  28  -2  37   0    T    T    3  7.2 28  70   M    M   5 1      37  70
15  44  22  33   3  32   0 0.00  0.0    0  8.2 18  70   M    M   0        27  80
16  56  15  36   6  29   0 0.00  0.0    0  2.6 15 210   M    M   0        18 210
17  50  24  37   7  28   0 0.00  0.0    0  3.7 16  90   M    M   0        22  70
18  61  26  44  14  21   0 0.00  0.0    0  2.1 10  90   M    M   0        13  90
19  58  23  41  11  24   0 0.00  0.0    0  4.8 21 220   M    M   0        24 210
20  51  19  35   5  30   0 0.00  0.0    0  2.0 13 200   M    M   0        17 200
21  40  24  32   2  33   0 0.04  0.5    T 10.5 25  50   M    M   6 1      33  40
22  32  16  24  -6  41   0 0.00  0.0    0 13.5 32  60   M    M   0        38  60
23  46  11  29  -1  36   0 0.00  0.0    0  7.2 16  80   M    M   0        21 100
24  48  28  38   8  27   0 0.00  0.0    0 11.5 21  80   M    M   0        26  80
25  54  27  41  11  24   0 0.00  0.0    0 11.0 24  70   M    M   0        31  60
================================================================================
SM 1157  476       802   0  1.05    10.1 133.9          M       59
================================================================================
AV 46.3 19.0                               5.4 FASTST   M    M   2    MAX(MPH)
                                 MISC ---->  # 32  60               # 38   60
================================================================================
NOTES:
# LAST OF SEVERAL OCCURRENCES

COLUMN 17 PEAK WIND IN M.P.H.

PRELIMINARY LOCAL CLIMATOLOGICAL DATA (WS FORM: F-6) , PAGE 2

                                          STATION:  FLAGSTAFF AZ AIRPORT
                                          MONTH:    JANUARY
                                          YEAR:     2015
                                          LATITUDE:   35  7 N
                                          LONGITUDE: 111 40 W

[TEMPERATURE DATA]      [PRECIPITATION DATA]       SYMBOLS USED IN COLUMN 16

AVERAGE MONTHLY: 32.7   TOTAL FOR MONTH:   1.05    1 = FOG OR MIST
DPTR FM NORMAL:   2.9   DPTR FM NORMAL:   -0.62    2 = FOG REDUCING VISIBILITY
HIGHEST:    61 ON 18    GRTST 24HR  0.78 ON 31- 1      TO 1/4 MILE OR LESS
LOWEST:     -2 ON  3                               3 = THUNDER
                        SNOW, ICE PELLETS, HAIL    4 = ICE PELLETS
                        TOTAL MONTH:  10.1 INCHES  5 = HAIL
                        GRTST 24HR   6.0 ON 13-13  6 = FREEZING RAIN OR DRIZZLE
                        GRTST DEPTH:  15 ON  1     7 = DUSTSTORM OR SANDSTORM:
                                                       VSBY 1/2 MILE OR LESS
                                                   8 = SMOKE OR HAZE
[NO. OF DAYS WITH]      [WEATHER - DAYS WITH]      9 = BLOWING SNOW
                                                   X = TORNADO
MAX 32 OR BELOW:   3    0.01 INCH OR MORE:   6
MAX 90 OR ABOVE:   0    0.10 INCH OR MORE:   4
MIN 32 OR BELOW:  25    0.50 INCH OR MORE:   1
MIN  0 OR BELOW:   2    1.00 INCH OR MORE:   0

[HDD (BASE 65) ]
TOTAL THIS MO.   802    CLEAR  (SCALE 0-3)  18
DPTR FM NORMAL   -79    PTCLDY (SCALE 4-7)   2
TOTAL FM JUL 1  3197    CLOUDY (SCALE 8-10)  5
DPTR FM NORMAL  -512

[CDD (BASE 65) ]
TOTAL THIS MO.     0
DPTR FM NORMAL     0    [PRESSURE DATA]
TOTAL FM JAN 1     0    HIGHEST SLP M ON M
DPTR FM NORMAL     0    LOWEST  SLP 29.83 ON  1

[REMARKS]
