000
CXUS52 KMFL 201000
CF6FLL
PRELIMINARY LOCAL CLIMATOLOGICAL DATA (WS FORM: F-6)

                                          STATION:   FORT LAUDERDALE
                                          MONTH:     OCTOBER
                                          YEAR:      2014
                                          LATITUDE:   26  4 N
                                          LONGITUDE:  80  9 W

  TEMPERATURE IN F:       :PCPN:    SNOW:  WIND      :SUNSHINE: SKY     :PK WND
================================================================================
1   2   3   4   5  6A  6B    7    8   9   10  11  12  13   14  15   16   17  18
                                     12Z  AVG MX 2MIN
DY MAX MIN AVG DEP HDD CDD  WTR  SNW DPTH SPD SPD DIR MIN PSBL S-S WX    SPD DR
================================================================================

 1  93  80  87   5   0  22 0.18  0.0    0  5.8 17 200   M    M   5 3      24 210
 2  93  78  86   4   0  21 0.46  0.0    0  5.5 14  30   M    M   4 13     17  30
 3  90  77  84   2   0  19    T  0.0    0  4.5 14 200   M    M   4 3      16 130
 4  92  78  85   3   0  20    T  0.0    0  8.1 21 260   M    M   5 3      27 300
 5  86  70  78  -4   0  13 0.00  0.0    0  7.4 14 330   M    M   5        19 310
 6  86  72  79  -3   0  14 0.00  0.0    0 10.3 17  80   M    M   7        24  80
 7  84  75  80  -2   0  15 0.39  0.0    0  6.4 21 100   M    M   9 138    24 110
 8  87  76  82   0   0  17 0.00  0.0    0  7.3 15  70   M    M   8        20  70
 9  88  80  84   2   0  19 0.00  0.0    0 10.2 20  60   M    M   5        25  70
10  88  80  84   2   0  19 0.00  0.0    0 12.6 20  90   M    M   3        24  90
11  88  80  84   2   0  19 0.00  0.0    0 11.1 17  80   M    M   3        22  90
12  88  81  85   4   0  20    T  0.0    0 13.0 20 110   M    M   5        25 110
13  89  76  83   2   0  18 0.13  0.0    0 15.8 23 130   M    M   6 8      28 110
14  88  76  82   1   0  17 0.14  0.0    0 13.1 21 200   M    M   6 3      27 130
15  89  77  83   2   0  18 0.15  0.0    0  4.2 23 180   M    M   7 138    26 180
16  85  72  79  -2   0  14 0.00  0.0    0  8.3 15 320   M    M   2        20 310
17  86  68  77  -3   0  12 0.00  0.0    0  4.5 10 270   M    M   0        14 320
18  85  68  77  -3   0  12 0.00  0.0    0  5.6 16 130   M    M   1        20 120
19  85  71  78  -2   0  13 0.00  0.0    0  6.4 15  80   M    M   3        18  70
================================================================================
SM 1670 1435         0 322  1.45     0.0 160.1          M       88
================================================================================
AV 87.9 75.5                               8.4 FASTST   M    M   5    MAX(MPH)
                                 MISC ---->  # 23 130               # 28  110
================================================================================
NOTES:
# LAST OF SEVERAL OCCURRENCES

COLUMN 17 PEAK WIND IN M.P.H.

PRELIMINARY LOCAL CLIMATOLOGICAL DATA (WS FORM: F-6) , PAGE 2

                                          STATION:  FORT LAUDERDALE
                                          MONTH:    OCTOBER
                                          YEAR:     2014
                                          LATITUDE:   26  4 N
                                          LONGITUDE:  80  9 W

[TEMPERATURE DATA]      [PRECIPITATION DATA]       SYMBOLS USED IN COLUMN 16

AVERAGE MONTHLY: 81.7   TOTAL FOR MONTH:   1.45    1 = FOG OR MIST
DPTR FM NORMAL:   0.3   DPTR FM NORMAL:   -3.37    2 = FOG REDUCING VISIBILITY
HIGHEST:    93 ON  2, 1 GRTST 24HR  0.46 ON  2- 2      TO 1/4 MILE OR LESS
LOWEST:     68 ON 18,17                            3 = THUNDER
                        SNOW, ICE PELLETS, HAIL    4 = ICE PELLETS
                        TOTAL MONTH:   0.0 INCH    5 = HAIL
                        GRTST 24HR     0.0         6 = FREEZING RAIN OR DRIZZLE
                        GRTST DEPTH:   0           7 = DUSTSTORM OR SANDSTORM:
                                                       VSBY 1/2 MILE OR LESS
                                                   8 = SMOKE OR HAZE
[NO. OF DAYS WITH]      [WEATHER - DAYS WITH]      9 = BLOWING SNOW
                                                   X = TORNADO
MAX 32 OR BELOW:   0    0.01 INCH OR MORE:   6
MAX 90 OR ABOVE:   4    0.10 INCH OR MORE:   6
MIN 32 OR BELOW:   0    0.50 INCH OR MORE:   0
MIN  0 OR BELOW:   0    1.00 INCH OR MORE:   0

[HDD (BASE 65) ]
TOTAL THIS MO.     0    CLEAR  (SCALE 0-3)   6
DPTR FM NORMAL     0    PTCLDY (SCALE 4-7)  12
TOTAL FM JUL 1     0    CLOUDY (SCALE 8-10)  1
DPTR FM NORMAL     0

[CDD (BASE 65) ]
TOTAL THIS MO.   322
DPTR FM NORMAL     9    [PRESSURE DATA]
TOTAL FM JAN 1  4187    HIGHEST SLP M ON M
DPTR FM NORMAL   162    LOWEST  SLP 29.83 ON  4

[REMARKS]
