000
CXUS55 KTBW 311000
CF6FMY
PRELIMINARY LOCAL CLIMATOLOGICAL DATA (WS FORM: F-6)

                                          STATION:   Fort Myers
                                          MONTH:     JANUARY
                                          YEAR:      2015
                                          LATITUDE:   26 34 N
                                          LONGITUDE:  81 52 W

  TEMPERATURE IN F:       :PCPN:    SNOW:  WIND      :SUNSHINE: SKY     :PK WND
================================================================================
1   2   3   4   5  6A  6B    7    8   9   10  11  12  13   14  15   16   17  18
                                     12Z  AVG MX 2MIN
DY MAX MIN AVG DEP HDD CDD  WTR  SNW DPTH SPD SPD DIR MIN PSBL S-S WX    SPD DR
================================================================================

 1  78  63  71   7   0   6 0.00  0.0    0  5.8 12  30   M    M   7 1      14  30
 2  85  66  76  12   0  11    T  0.0    0  4.8 12 120   M    M   5 12     15 150
 3  86  69  78  14   0  13 0.00  0.0    0  7.5 17 160   M    M   1        23 150
 4  85  67  76  12   0  11 0.00  0.0    0  6.5 16 190   M    M   1 1      22 210
 5  79  64  72   8   0   7 0.00  0.0    0  7.0 18  30   M    M   6 1      23  30
 6  83  59  71   7   0   6 0.00  0.0    0  6.6 14 310   M    M   1        19  60
 7  75  56  66   2   0   1 0.00  0.0    0  8.8 16 340   M    M   0        21 320
 8  67  46  57  -7   8   0 0.00  0.0    0 13.6 22  10   M    M   2        30  50
 9  72  53  63  -1   2   0 0.00  0.0    0  7.3 17  20   M    M   6        21  10
10  71  52  62  -2   3   0 0.00  0.0    0  9.7 16  30   M    M   3        20  20
11  82  56  69   5   0   4 0.08  0.0    0  7.8 18  80   M    M   3 18     24  80
12  76  65  71   7   0   6 0.36  0.0    0  6.9 23  30   M    M   6 1      27  20
13  82  62  72   8   0   7 0.01  0.0    0  6.4 13  30   M    M   3        16 100
14  70  64  67   3   0   2 0.00  0.0    0  7.8 15  20   M    M   9 1      20  30
15  71  60  66   2   0   1 0.00  0.0    0  6.7 15  30   M    M  10 1      20 360
16  72  54  63  -1   2   0    T  0.0    0  7.7 18  30   M    M   6 18     22  30
17  76  49  63  -1   2   0 0.00  0.0    0  6.1 16 120   M    M   2        20 120
18  77  57  67   3   0   2 0.00  0.0    0  5.7 17 350   M    M   1        21 350
19  74  49  62  -2   3   0 0.00  0.0    0  5.6 14 120   M    M   0 1      18  40
20  73  56  65   1   0   0 0.00  0.0    0  4.3 12 170   M    M   6        15 150
21  82  61  72   8   0   7    T  0.0    0  3.4 10 320   M    M   3        13 310
22  84  62  73   9   0   8 0.01  0.0    0  7.1 15 110   M    M   3        20 140
23  81  65  73   9   0   8 0.00  0.0    0 10.1 18 180   M    M   1        25 170
24  73  55  64   0   1   0 0.04  0.0    0 14.0 26 320   M    M   6 13     37 320
25  67  46  57  -7   8   0 0.00  0.0    0  4.8 14 280   M    M   1        17 280
26  72  54  63  -1   2   0 0.07  0.0    0 13.3 28 310   M    M   4 1      37 290
27  69  51  60  -5   5   0 0.00  0.0    0  9.5 21 280   M    M   1        25 280
28  67  48  58  -7   7   0 0.00  0.0    0  8.7 17  30   M    M   0        21  10
29  74  46  60  -5   5   0 0.00  0.0    0  7.2 16 120   M    M   1        21 120
30  73  48  61  -4   4   0 0.00  0.0    0  5.2 17 300   M    M   0        21 290
================================================================================
SM 2276 1703        52 100  0.57     0.0 225.9          M       98
================================================================================
AV 75.9 56.8                               7.5 FASTST   M    M   3    MAX(MPH)
                                 MISC ---->  # 28 310               # 37  320
================================================================================
NOTES:
# LAST OF SEVERAL OCCURRENCES

COLUMN 17 PEAK WIND IN M.P.H.

PRELIMINARY LOCAL CLIMATOLOGICAL DATA (WS FORM: F-6) , PAGE 2

                                          STATION:  Fort Myers
                                          MONTH:    JANUARY
                                          YEAR:     2015
                                          LATITUDE:   26 34 N
                                          LONGITUDE:  81 52 W

[TEMPERATURE DATA]      [PRECIPITATION DATA]       SYMBOLS USED IN COLUMN 16

AVERAGE MONTHLY: 66.3   TOTAL FOR MONTH:   0.57    1 = FOG OR MIST
DPTR FM NORMAL:   2.2   DPTR FM NORMAL:   -1.31    2 = FOG REDUCING VISIBILITY
HIGHEST:    86 ON  3    GRTST 24HR  0.37 ON 12-13      TO 1/4 MILE OR LESS
LOWEST:     46 ON 29,25                            3 = THUNDER
                        SNOW, ICE PELLETS, HAIL    4 = ICE PELLETS
                        TOTAL MONTH:   0.0 INCH    5 = HAIL
                        GRTST 24HR     0.0         6 = FREEZING RAIN OR DRIZZLE
                        GRTST DEPTH:   0           7 = DUSTSTORM OR SANDSTORM:
                                                       VSBY 1/2 MILE OR LESS
                                                   8 = SMOKE OR HAZE
[NO. OF DAYS WITH]      [WEATHER - DAYS WITH]      9 = BLOWING SNOW
                                                   X = TORNADO
MAX 32 OR BELOW:   0    0.01 INCH OR MORE:   6
MAX 90 OR ABOVE:   0    0.10 INCH OR MORE:   1
MIN 32 OR BELOW:   0    0.50 INCH OR MORE:   0
MIN  0 OR BELOW:   0    1.00 INCH OR MORE:   0

[HDD (BASE 65) ]
TOTAL THIS MO.    52    CLEAR  (SCALE 0-3)  19
DPTR FM NORMAL   -57    PTCLDY (SCALE 4-7)   9
TOTAL FM JUL 1   141    CLOUDY (SCALE 8-10)  2
DPTR FM NORMAL   -61

[CDD (BASE 65) ]
TOTAL THIS MO.   100
DPTR FM NORMAL    11    [PRESSURE DATA]
TOTAL FM JAN 1   100    HIGHEST SLP M ON M
DPTR FM NORMAL    11    LOWEST  SLP 29.82 ON 24

[REMARKS]
