000
CXUS55 KBOU 210811
CF6FNL
PRELIMINARY LOCAL CLIMATOLOGICAL DATA (WS FORM: F-6)

                                          STATION:   FT COLLINS/LOVELAND CO
                                          MONTH:     OCTOBER
                                          YEAR:      2014
                                          LATITUDE:   40 27 N
                                          LONGITUDE: 105  1 W

  TEMPERATURE IN F:       :PCPN:    SNOW:  WIND      :SUNSHINE: SKY     :PK WND
================================================================================
1   2   3   4   5  6A  6B    7    8   9   10  11  12  13   14  15   16   17  18
                                     12Z  AVG MX 2MIN
DY MAX MIN AVG DEP HDD CDD  WTR  SNW DPTH SPD SPD DIR MIN PSBL S-S WX    SPD DR
================================================================================

 1  64  43  54   M  11   0    M    M    M  7.2 22  20   M    M   2 3      29 360
 2  64  36  50   M  15   0    M    M    M  6.1 27  10   M    M   1        36  10
 3  57  34  46   M  19   0    M    M    M  8.2 22 360   M    M   2        29 360
 4  73  34  54   M  11   0    M    M    M  4.6 10 110   M    M   0         M  M
 5  75  43  59   M   6   0    M    M    M  6.7 22 330   M    M   0        25 330
 6  79  41  60   M   5   0    M    M    M  4.6 12 110   M    M   0         M  M
 7  79  45  62   M   3   0    M    M    M  5.2 12 120   M    M   0         M  M
 8  75  46  61   M   4   0    M    M    M  4.2  9 160   M    M   0         M  M
 9  61  50  56   M   9   0    M    M    M  6.4 13 340   M    M   4 3       M  M
10  57  45  51   M  14   0    M    M    M  7.4 14  90   M    M   7         M  M
11  72  37  55   M  10   0    M    M    M  3.6 18 140   M    M   2        28 140
12  57  39  48   M  17   0    M    M    M 13.5 29 350   M    M   3        35 350
13  61  39  50   M  15   0    M    M    M  7.2 15  20   M    M   1        22 350
14  73  34  54   M  11   0    M    M    M  3.0  8 220   M    M   0         M  M
15  73  37  55   M  10   0    M    M    M  3.0  7  50   M    M   0        23  50
16  70  43  57   M   8   0    M    M    M  5.9 13 180   M    M   0         M  M
17  64  36  50   M  15   0    M    M    M  4.9 10  80   M    M   0         M  M
18  66  37  52   M  13   0    M    M    M  3.6  8 360   M    M   0         M  M
19  77  45  61   M   4   0    M    M    M  4.3 10  90   M    M   0         M  M
20  73  43  58   M   7   0    M    M    M  3.3  7 340   M    M   0         M  M
================================================================================
SM 1370  807       207   0    M     M    112.9          M       22
================================================================================
AV 68.5 40.3                               5.6 FASTST   M    M   1    MAX(MPH)
                                 MISC ---->    29   M                 36    M
================================================================================
NOTES:
# LAST OF SEVERAL OCCURRENCES

COLUMN 17 PEAK WIND IN M.P.H.

PRELIMINARY LOCAL CLIMATOLOGICAL DATA (WS FORM: F-6) , PAGE 2

                                          STATION:  FT COLLINS/LOVELAND CO
                                          MONTH:    OCTOBER
                                          YEAR:     2014
                                          LATITUDE:   40 27 N
                                          LONGITUDE: 105  1 W

[TEMPERATURE DATA]      [PRECIPITATION DATA]       SYMBOLS USED IN COLUMN 16

AVERAGE MONTHLY: 54.4   TOTAL FOR MONTH:      M    1 = FOG OR MIST
DPTR FM NORMAL:     M   DPTR FM NORMAL:       M    2 = FOG REDUCING VISIBILITY
HIGHEST:    79 ON  7, 6 GRTST 24HR    M  ON   M        TO 1/4 MILE OR LESS
LOWEST:     34 ON 14, 4                            3 = THUNDER
                        SNOW, ICE PELLETS, HAIL    4 = ICE PELLETS
                        TOTAL MONTH:    M          5 = HAIL
                        GRTST 24HR    M  ON   M    6 = FREEZING RAIN OR DRIZZLE
                        GRTST DEPTH:  M  ON   M    7 = DUSTSTORM OR SANDSTORM:
                                                       VSBY 1/2 MILE OR LESS
                                                   8 = SMOKE OR HAZE
[NO. OF DAYS WITH]      [WEATHER - DAYS WITH]      9 = BLOWING SNOW
                                                   X = TORNADO
MAX 32 OR BELOW:   0    0.01 INCH OR MORE:   0
MAX 90 OR ABOVE:   0    0.10 INCH OR MORE:   0
MIN 32 OR BELOW:   0    0.50 INCH OR MORE:   0
MIN  0 OR BELOW:   0    1.00 INCH OR MORE:   0

[HDD (BASE 65) ]
TOTAL THIS MO.   207    CLEAR  (SCALE 0-3)  17
DPTR FM NORMAL     M    PTCLDY (SCALE 4-7)   3
TOTAL FM JUL 1   315    CLOUDY (SCALE 8-10)  0
DPTR FM NORMAL     M

[CDD (BASE 65) ]
TOTAL THIS MO.     0
DPTR FM NORMAL     M    [PRESSURE DATA]
TOTAL FM JAN 1   624    HIGHEST SLP M ON M
DPTR FM NORMAL     M    LOWEST  SLP M ON M

[REMARKS]
