000
CXUS55 KBOU 011305
CF6FNL
PRELIMINARY LOCAL CLIMATOLOGICAL DATA (WS FORM: F-6)

                                          STATION:   FT COLLINS/LOVELAND CO
                                          MONTH:     SEPTEMBER
                                          YEAR:      2014
                                          LATITUDE:   40 27 N
                                          LONGITUDE: 105  1 W

  TEMPERATURE IN F:       :PCPN:    SNOW:  WIND      :SUNSHINE: SKY     :PK WND
================================================================================
1   2   3   4   5  6A  6B    7    8   9   10  11  12  13   14  15   16   17  18
                                     12Z  AVG MX 2MIN
DY MAX MIN AVG DEP HDD CDD  WTR  SNW DPTH SPD SPD DIR MIN PSBL S-S WX    SPD DR
================================================================================

 1  81  50  66   M   0   1    M    M    M  5.5 16  60   M    M   0        21  60
 2  86  46  66   M   0   1    M    M    M  3.5  9 130   M    M   0         M  M
 3  95  52  74   M   0   9    M    M    M  5.6 17 190   M    M   0        27 190
 4  73  55  64   M   1   0    M    M    M  6.2 17  30   M    M   1         M  M
 5  61  50  56   M   9   0    M    M    M  6.8 12 110   M    M   8         M  M
 6  72  50  61   M   4   0    M    M    M  5.2 10 180   M    M   2        16 180
 7  84  48  66   M   0   1    M    M    M  4.0 13 180   M    M   0        17 180
 8  82  52  67   M   0   2    M    M    M  6.3 17 230   M    M   0        31 230
 9  73  57  65   M   0   0    M    M    M  6.0 25 340   M    M   2        29 340
10  72  52  62   M   3   0    M    M    M  6.7 12 170   M    M   5         M  M
11  52  34  43   M  22   0    M    M    M 11.7 16  20   M    M  10        23  20
12  46  36  41   M  24   0    M    M    M  6.5 10 180   M    M   7         M  M
13  75  30  53   M  12   0    M    M    M  3.6 15 110   M    M   0         M  M
14  86  41  64   M   1   0    M    M    M  5.5 15  30   M    M   0        20  30
15  72  45  59   M   6   0    M    M    M  5.9 12 360   M    M   0         M  M
16  90  46  68   M   0   3    M    M    M  3.7  9 180   M    M   0         M  M
17  90  52  71   M   0   6    M    M    M  4.8 16  40   M    M   0        24  40
18  90  50  70   M   0   5    M    M    M  5.3 12 140   M    M   0         M  M
19  88  54  71   M   0   6    M    M    M  5.4  9 170   M    M   0 3       M  M
20  82  54  68   M   0   3    M    M    M  5.7 17  70   M    M   0         M  M
21  73  57  65   M   0   0    M    M    M  6.5 12 340   M    M   3         M  M
22  79  54  67   M   0   2    M    M    M  5.8 13 250   M    M   1         M  M
23  79  54  67   M   0   2    M    M    M  3.3  9 160   M    M   2         M  M
24  84  52  68   M   0   3    M    M    M  3.8  7 160   M    M   0         M  M
25  90  48  69   M   0   4    M    M    M  6.8 12 130   M    M   0         M  M
26  90  52  71   M   0   6    M    M    M  5.0  9 100   M    M   0         M  M
27  88  52  70   M   0   5    M    M    M  6.6 14 110   M    M   0        17  70
28  79  55  67   M   0   2    M    M    M 10.2 15 360   M    M   2        21  60
29  68  48  58   M   7   0    M    M    M  8.3 24 350   M    M   4        35 350
30  68  43  56   M   9   0    M    M    M  6.9 17 260   M    M   0        25 260
================================================================================
SM 2348 1469        98  61    M     M    177.1          M       47
================================================================================
AV 78.3 49.0                               5.9 FASTST   M    M   2    MAX(MPH)
                                 MISC ---->    25   M               # 35  350
================================================================================
NOTES:
# LAST OF SEVERAL OCCURRENCES

COLUMN 17 PEAK WIND IN M.P.H.

PRELIMINARY LOCAL CLIMATOLOGICAL DATA (WS FORM: F-6) , PAGE 2

                                          STATION:  FT COLLINS/LOVELAND CO
                                          MONTH:    SEPTEMBER
                                          YEAR:     2014
                                          LATITUDE:   40 27 N
                                          LONGITUDE: 105  1 W

[TEMPERATURE DATA]      [PRECIPITATION DATA]       SYMBOLS USED IN COLUMN 16

AVERAGE MONTHLY: 63.6   TOTAL FOR MONTH:      M    1 = FOG OR MIST
DPTR FM NORMAL:     M   DPTR FM NORMAL:       M    2 = FOG REDUCING VISIBILITY
HIGHEST:    95 ON  3    GRTST 24HR    M  ON   M        TO 1/4 MILE OR LESS
LOWEST:     30 ON 13                               3 = THUNDER
                        SNOW, ICE PELLETS, HAIL    4 = ICE PELLETS
                        TOTAL MONTH:    M          5 = HAIL
                        GRTST 24HR    M  ON   M    6 = FREEZING RAIN OR DRIZZLE
                        GRTST DEPTH:  M  ON   M    7 = DUSTSTORM OR SANDSTORM:
                                                       VSBY 1/2 MILE OR LESS
                                                   8 = SMOKE OR HAZE
[NO. OF DAYS WITH]      [WEATHER - DAYS WITH]      9 = BLOWING SNOW
                                                   X = TORNADO
MAX 32 OR BELOW:   0    0.01 INCH OR MORE:   0
MAX 90 OR ABOVE:   6    0.10 INCH OR MORE:   0
MIN 32 OR BELOW:   1    0.50 INCH OR MORE:   0
MIN  0 OR BELOW:   0    1.00 INCH OR MORE:   0

[HDD (BASE 65) ]
TOTAL THIS MO.    98    CLEAR  (SCALE 0-3)  25
DPTR FM NORMAL     M    PTCLDY (SCALE 4-7)   4
TOTAL FM JUL 1   108    CLOUDY (SCALE 8-10)  1
DPTR FM NORMAL     M

[CDD (BASE 65) ]
TOTAL THIS MO.    61
DPTR FM NORMAL     M    [PRESSURE DATA]
TOTAL FM JAN 1   624    HIGHEST SLP M ON M
DPTR FM NORMAL     M    LOWEST  SLP M ON M

[REMARKS]
