000
CXUS55 KBOU 251143
CF6FNL
PRELIMINARY LOCAL CLIMATOLOGICAL DATA (WS FORM: F-6)

                                          STATION:   FT COLLINS/LOVELAND CO
                                          MONTH:     MAY
                                          YEAR:      2015
                                          LATITUDE:   40 27 N
                                          LONGITUDE: 105  1 W

  TEMPERATURE IN F:       :PCPN:    SNOW:  WIND      :SUNSHINE: SKY     :PK WND
================================================================================
1   2   3   4   5  6A  6B    7    8   9   10  11  12  13   14  15   16   17  18
                                     12Z  AVG MX 2MIN
DY MAX MIN AVG DEP HDD CDD  WTR  SNW DPTH SPD SPD DIR MIN PSBL S-S WX    SPD DR
================================================================================

 1  63  48  56   M   9   0    M    M    M  4.8  9 110   M    M   4 3       M  M
 2  73  41  57   M   8   0    M    M    M  5.9 17 270   M    M   1 3      27 270
 3  75  46  61   M   4   0    M    M    M  4.6 15  40   M    M   1 3      18 170
 4  59  48  54   M  11   0    M    M    M  5.6 12  80   M    M   7        21 110
 5  54  46  50   M  15   0    M    M    M  7.5 14 110   M    M   8        16 110
 6  61  48  55   M  10   0    M    M    M  4.2  8  30   M    M   5 3       M  M
 7  61  45  53   M  12   0    M    M    M  5.6 17 350   M    M   8        21 350
 8  48  43  46   M  19   0    M    M    M  8.0 18  80   M    M   8         M  M
 9  46  28  37   M  28   0    M    M    M 14.9 28  10   M    M   9        36 360
10  48  30  39   M  26   0    M    M    M 13.4 24 340   M    M   4        29 340
11  57  30  44   M  21   0    M    M    M  6.5 13 140   M    M   1        16 180
12  72  36  54   M  11   0    M    M    M  5.2  8 120   M    M   0         M  M
13  63  46  55   M  10   0    M    M    M  4.8 14  80   M    M   2 3       M  M
14  75  39  57   M   8   0    M    M    M  6.7 17 130   M    M   1        23 110
15  64  45  55   M  10   0    M    M    M  4.9 14 340   M    M   2 3       M  M
16  64  43  54   M  11   0    M    M    M  5.3 10 340   M    M   1 3       M  M
17  70  45  58   M   7   0    M    M    M  6.4 16 300   M    M   4        18 340
18  52  45  49   M  16   0    M    M    M  6.5 12 110   M    M   9         M  M
19  48  37  43   M  22   0    M    M    M 14.4 22 120   M    M  10        29 120
20  45  34  40   M  25   0    M    M    M  6.0 10  90   M    M  10         M  M
21  55  39  47   M  18   0    M    M    M  4.7 10 120   M    M   7         M  M
22  54  46  50   M  15   0    M    M    M  8.4 14 110   M    M   9         M  M
23  59  46  53   M  12   0    M    M    M  5.6 10 100   M    M   6 3       M  M
24  63  37  50   M  15   0    M    M    M  6.1 14 130   M    M   2         M  M
================================================================================
SM 1429  991       343   0    M     M    166.0          M      119
================================================================================
AV 59.5 41.3                               6.9 FASTST   M    M   5    MAX(MPH)
                                 MISC ---->    28   M                 36    M
================================================================================
NOTES:
# LAST OF SEVERAL OCCURRENCES

COLUMN 17 PEAK WIND IN M.P.H.

PRELIMINARY LOCAL CLIMATOLOGICAL DATA (WS FORM: F-6) , PAGE 2

                                          STATION:  FT COLLINS/LOVELAND CO
                                          MONTH:    MAY
                                          YEAR:     2015
                                          LATITUDE:   40 27 N
                                          LONGITUDE: 105  1 W

[TEMPERATURE DATA]      [PRECIPITATION DATA]       SYMBOLS USED IN COLUMN 16

AVERAGE MONTHLY: 50.4   TOTAL FOR MONTH:      M    1 = FOG OR MIST
DPTR FM NORMAL:     M   DPTR FM NORMAL:       M    2 = FOG REDUCING VISIBILITY
HIGHEST:    75 ON 14, 3 GRTST 24HR    M  ON   M        TO 1/4 MILE OR LESS
LOWEST:     28 ON  9                               3 = THUNDER
                        SNOW, ICE PELLETS, HAIL    4 = ICE PELLETS
                        TOTAL MONTH:    M          5 = HAIL
                        GRTST 24HR    M  ON   M    6 = FREEZING RAIN OR DRIZZLE
                        GRTST DEPTH:  M  ON   M    7 = DUSTSTORM OR SANDSTORM:
                                                       VSBY 1/2 MILE OR LESS
                                                   8 = SMOKE OR HAZE
[NO. OF DAYS WITH]      [WEATHER - DAYS WITH]      9 = BLOWING SNOW
                                                   X = TORNADO
MAX 32 OR BELOW:   0    0.01 INCH OR MORE:   0
MAX 90 OR ABOVE:   0    0.10 INCH OR MORE:   0
MIN 32 OR BELOW:   3    0.50 INCH OR MORE:   0
MIN  0 OR BELOW:   0    1.00 INCH OR MORE:   0

[HDD (BASE 65) ]
TOTAL THIS MO.   343    CLEAR  (SCALE 0-3)   9
DPTR FM NORMAL     M    PTCLDY (SCALE 4-7)   7
TOTAL FM JUL 1  5751    CLOUDY (SCALE 8-10)  8
DPTR FM NORMAL     M

[CDD (BASE 65) ]
TOTAL THIS MO.     0
DPTR FM NORMAL     M    [PRESSURE DATA]
TOTAL FM JAN 1     0    HIGHEST SLP M ON M
DPTR FM NORMAL     M    LOWEST  SLP M ON M

[REMARKS]
