000
CXUS53 KDTX 210800
CF6FNT
PRELIMINARY LOCAL CLIMATOLOGICAL DATA (WS FORM: F-6)

                                          STATION:   FLINT MI
                                          MONTH:     OCTOBER
                                          YEAR:      2017
                                          LATITUDE:   42 58 N
                                          LONGITUDE:  83 44 W

  TEMPERATURE IN F:       :PCPN:    SNOW:  WIND      :SUNSHINE: SKY     :PK WND
================================================================================
1   2   3   4   5  6A  6B    7    8   9   10  11  12  13   14  15   16   17  18
                                     12Z  AVG MX 2MIN
DY MAX MIN AVG DEP HDD CDD  WTR  SNW DPTH SPD SPD DIR MIN PSBL S-S WX    SPD DR
================================================================================

 1  68  36  52  -3  13   0 0.00  0.0    0  5.2 15 140   M    M   0 1      18 120
 2  76  41  59   5   6   0 0.00  0.0    0  6.4 15 150   M    M   0 1      18 190
 3  85  51  68  14   0   3 0.00  0.0    0  9.2 18 210   M    M   4        26 210
 4  75  45  60   6   5   0 0.07  0.0    0 10.4 20 280   M    M   6 1      26 250
 5  75  41  58   5   7   0 0.02    M    0  5.2 18 280   M    M   3 1      22 270
 6  63  54  59   6   6   0 0.26  0.0    0  4.0 10 180   M    M  10 18     14 170
 7  81  62  72  20   0   7 0.38  0.0    0 12.5 33 270   M    M   5 1      50 280
 8  76  58  67  15   0   2 0.00  0.0    0  9.1 21 250   M    M   3        29 230
 9  78  53  66  14   0   1 0.07  0.0    0  3.2 10 140   M    M   4 1      14 140
10  67  51  59   8   6   0    T  0.0    0  8.8 15  70   M    M   2         M  M
11  56  50  53   2  12   0 0.66  0.0    0 13.4 24  60   M    M  10 1      35  80
12  57  49  53   2  12   0    T    M    0  5.0 13  50   M    M  10 18     16  40
13  70  54  62  12   3   0    T  0.0    0  4.7 14 210   M    M   9 1      24 310
14  62  58  60  10   5   0 1.37  0.0    0  8.4 21 170   M    M  10 13     27 170
15  69  43  56   6   9   0 0.52  0.0    0 14.3 31 260   M    M   7 13     47 240
16  57  40  49   0  16   0 0.00  0.0    0  5.7 10 260   M    M   4        13 250
17  70  43  57   8   8   0 0.00  0.0    0 11.6 24 250   M    M   0        33 230
18  69  49  59  10   6   0 0.00  0.0    0  9.7 20 190   M    M   0        27 200
19  68  41  55   7  10   0 0.00  0.0    0 10.4 21 300   M    M   0        25 300
20  74  35  55   7  10   0 0.00  0.0    0  6.2 16 190   M    M   0        23 210
================================================================================
SM 1396  954       134  13  3.35     0.0 163.4          M       87
================================================================================
AV 69.8 47.7                               8.2 FASTST   M    M   4    MAX(MPH)
                                 MISC ---->  # 33 270               # 50  280
================================================================================
NOTES:
# LAST OF SEVERAL OCCURRENCES

COLUMN 17 PEAK WIND IN M.P.H.

PRELIMINARY LOCAL CLIMATOLOGICAL DATA (WS FORM: F-6) , PAGE 2

                                          STATION:  FLINT MI
                                          MONTH:    OCTOBER
                                          YEAR:     2017
                                          LATITUDE:   42 58 N
                                          LONGITUDE:  83 44 W

[TEMPERATURE DATA]      [PRECIPITATION DATA]       SYMBOLS USED IN COLUMN 16

AVERAGE MONTHLY: 58.8   TOTAL FOR MONTH:   3.35    1 = FOG OR MIST
DPTR FM NORMAL:   7.5   DPTR FM NORMAL:    1.70    2 = FOG REDUCING VISIBILITY
HIGHEST:    85 ON  3    GRTST 24HR  1.37 ON 14-14      TO 1/4 MILE OR LESS
LOWEST:     35 ON 20                               3 = THUNDER
                        SNOW, ICE PELLETS, HAIL    4 = ICE PELLETS
                        TOTAL MONTH:   0.0 INCH    5 = HAIL
                        GRTST 24HR     0.0         6 = FREEZING RAIN OR DRIZZLE
                        GRTST DEPTH:   0           7 = DUSTSTORM OR SANDSTORM:
                                                       VSBY 1/2 MILE OR LESS
                                                   8 = SMOKE OR HAZE
[NO. OF DAYS WITH]      [WEATHER - DAYS WITH]      9 = BLOWING SNOW
                                                   X = TORNADO
MAX 32 OR BELOW:   0    0.01 INCH OR MORE:   8
MAX 90 OR ABOVE:   0    0.10 INCH OR MORE:   5
MIN 32 OR BELOW:   0    0.50 INCH OR MORE:   3
MIN  0 OR BELOW:   0    1.00 INCH OR MORE:   1

[HDD (BASE 65) ]
TOTAL THIS MO.   134    CLEAR  (SCALE 0-3)   9
DPTR FM NORMAL  -145    PTCLDY (SCALE 4-7)   6
TOTAL FM JUL 1   289    CLOUDY (SCALE 8-10)  5
DPTR FM NORMAL  -200

[CDD (BASE 65) ]
TOTAL THIS MO.    13
DPTR FM NORMAL    11    [PRESSURE DATA]
TOTAL FM JAN 1   565    HIGHEST SLP M ON M
DPTR FM NORMAL    37    LOWEST  SLP 29.51 ON  7

[REMARKS]
