116
CXUS54 KTSA 270840
CF6FSM
PRELIMINARY LOCAL CLIMATOLOGICAL DATA (WS FORM: F-6)

                                          STATION:   FORT SMITH ARKANSAS
                                          MONTH:     AUGUST
                                          YEAR:      2016
                                          LATITUDE:   35 19 N
                                          LONGITUDE:  94 22 W

  TEMPERATURE IN F:       :PCPN:    SNOW:  WIND      :SUNSHINE: SKY     :PK WND
================================================================================
1   2   3   4   5  6A  6B    7    8   9   10  11  12  13   14  15   16   17  18
                                     12Z  AVG MX 2MIN
DY MAX MIN AVG DEP HDD CDD  WTR  SNW DPTH SPD SPD DIR MIN PSBL S-S WX    SPD DR
================================================================================

 1  99  76  88   5   0  23 0.00  0.0    0  5.3 14 220   M    M   0        19 190
 2 100  75  88   5   0  23 0.00  0.0    0  4.5 13 220   M    M   0        17 230
 3 103  75  89   6   0  24 0.00  0.0    0  4.1 10  70   M    M   1        14 280
 4 103  77  90   7   0  25 0.00  0.0    0  5.7 16 270   M    M   0        20 110
 5 103  78  91   8   0  26 0.00  0.0    0  5.6 15 270   M    M   2        19 270
 6  95  78  87   4   0  22 0.00  0.0    0  5.4 20 340   M    M   2        26 340
 7  95  74  85   2   0  20 0.01  0.0    0  6.9 23  80   M    M   2 3      29  80
 8  93  74  84   1   0  19 0.00  0.0    0  7.4 25 240   M    M   3 3      33 230
 9  96  74  85   2   0  20 0.02  0.0    0  6.3 17 160   M    M   2 3      25 150
10  96  72  84   1   0  19 0.20  0.0    0  4.8 14 140   M    M   1 13     22 130
11  99  77  88   5   0  23 0.00  0.0    0  5.9 14 170   M    M   1 1      18 190
12 101  77  89   6   0  24 0.95  0.0    0  5.7 26  40   M    M   2 13     33 110
13  91  74  83   0   0  18 0.42  0.0    0  7.8 20  30   M    M   3 13     26  50
14  82  73  78  -5   0  13 0.00  0.0    0  9.7 22  40   M    M   8 1      26  40
15  78  70  74  -9   0   9 0.04  0.0    0  3.2 12 250   M    M   7 1      13 210
16  87  68  78  -4   0  13 0.00  0.0    0  4.2 12  80   M    M   4 12     15  90
17  88  73  81  -1   0  16    T  0.0    0  4.6 13 160   M    M   5        18 150
18  82  73  78  -4   0  13 0.69  0.0    0  3.9 10 150   M    M   7 18     14 150
19  89  73  81  -1   0  16 0.12  0.0    0  6.3 18 210   M    M   5 1      22 210
20  81  72  77  -5   0  12 1.23  0.0    0  5.5 16 280   M    M   7 13     20 280
21  84  65  75  -7   0  10 0.00  0.0    0  4.9 10  70   M    M   1        14  50
22  85  63  74  -8   0   9 0.00  0.0    0  6.3 14  90   M    M   4        19  90
23  91  72  82   0   0  17 0.00  0.0    0  7.1 16 160   M    M   2        20 170
24  95  74  85   4   0  20 0.00  0.0    0  6.2 15 200   M    M   0        18 220
25  95  72  84   3   0  19 0.00  0.0    0  6.1 22 130   M    M   2        29 120
26  84  73  79  -2   0  14    T  0.0    0  2.5  9  80   M    M   1        12  80
================================================================================
SM 2395 1902         0 467  3.68     0.0 145.9          M       72
================================================================================
AV 92.1 73.2                               5.6 FASTST   M    M   3    MAX(MPH)
                                 MISC ---->  # 26  40               # 33  230
================================================================================
NOTES:
# LAST OF SEVERAL OCCURRENCES

COLUMN 17 PEAK WIND IN M.P.H.

PRELIMINARY LOCAL CLIMATOLOGICAL DATA (WS FORM: F-6) , PAGE 2

                                          STATION:  FORT SMITH ARKANSAS
                                          MONTH:    AUGUST
                                          YEAR:     2016
                                          LATITUDE:   35 19 N
                                          LONGITUDE:  94 22 W

[TEMPERATURE DATA]      [PRECIPITATION DATA]       SYMBOLS USED IN COLUMN 16

AVERAGE MONTHLY: 82.6   TOTAL FOR MONTH:   3.68    1 = FOG OR MIST
DPTR FM NORMAL:   0.2   DPTR FM NORMAL:    1.51    2 = FOG REDUCING VISIBILITY
HIGHEST:   103 ON  5, 4 GRTST 24HR  1.37 ON 12-13      TO 1/4 MILE OR LESS
LOWEST:     63 ON 22                               3 = THUNDER
                        SNOW, ICE PELLETS, HAIL    4 = ICE PELLETS
                        TOTAL MONTH:   0.0 INCH    5 = HAIL
                        GRTST 24HR     0.0         6 = FREEZING RAIN OR DRIZZLE
                        GRTST DEPTH:   0           7 = DUSTSTORM OR SANDSTORM:
                                                       VSBY 1/2 MILE OR LESS
                                                   8 = SMOKE OR HAZE
[NO. OF DAYS WITH]      [WEATHER - DAYS WITH]      9 = BLOWING SNOW
                                                   X = TORNADO
MAX 32 OR BELOW:   0    0.01 INCH OR MORE:   9
MAX 90 OR ABOVE:  16    0.10 INCH OR MORE:   6
MIN 32 OR BELOW:   0    0.50 INCH OR MORE:   3
MIN  0 OR BELOW:   0    1.00 INCH OR MORE:   1

[HDD (BASE 65) ]
TOTAL THIS MO.     0    CLEAR  (SCALE 0-3)  17
DPTR FM NORMAL     0    PTCLDY (SCALE 4-7)   9
TOTAL FM JUL 1     0    CLOUDY (SCALE 8-10)  0
DPTR FM NORMAL     0

[CDD (BASE 65) ]
TOTAL THIS MO.   467
DPTR FM NORMAL    12    [PRESSURE DATA]
TOTAL FM JAN 1  1762    HIGHEST SLP M ON M
DPTR FM NORMAL   142    LOWEST  SLP 29.78 ON 12

[REMARKS]
