000
CXUS54 KTSA 010840
CF6FSM
PRELIMINARY LOCAL CLIMATOLOGICAL DATA (WS FORM: F-6)

                                          STATION:   FORT SMITH ARKANSAS
                                          MONTH:     JUNE
                                          YEAR:      2015
                                          LATITUDE:   35 19 N
                                          LONGITUDE:  94 22 W

  TEMPERATURE IN F:       :PCPN:    SNOW:  WIND      :SUNSHINE: SKY     :PK WND
================================================================================
1   2   3   4   5  6A  6B    7    8   9   10  11  12  13   14  15   16   17  18
                                     12Z  AVG MX 2MIN
DY MAX MIN AVG DEP HDD CDD  WTR  SNW DPTH SPD SPD DIR MIN PSBL S-S WX    SPD DR
================================================================================

 1  83  63  73  -1   0   8 0.00  0.0    0  2.2  7  70   M    M   4        10 200
 2  84  65  75   1   0  10 0.00  0.0    0  6.4 12  80   M    M   4        16  80
 3  87  67  77   2   0  12 0.00  0.0    0  6.1 12  60   M    M   4        14  70
 4  89  68  79   4   0  14 0.00  0.0    0  5.2 12  50   M    M   1 18     15  50
 5  91  69  80   5   0  15 0.00  0.0    0  3.2 10  50   M    M   1 18     11  40
 6  93  72  83   7   0  18 0.00  0.0    0  2.9 13 110   M    M   1 18     16 110
 7  93  72  83   7   0  18 0.00  0.0    0  5.7 15 210   M    M   1 128    19 220
 8  92  74  83   7   0  18 0.00  0.0    0  7.1 15 290   M    M   1        19 270
 9  95  66  81   5   0  16 0.00  0.0    0  1.9 10 360   M    M   0        12  10
10  96  69  83   7   0  18 0.00  0.0    0  4.4 12 200   M    M   0        13 200
11  94  71  83   6   0  18 0.00  0.0    0  7.0 18 210   M    M   1        27 230
12  92  75  84   7   0  19 0.00  0.0    0  6.9 16 220   M    M   1        22 200
13  89  74  82   5   0  17 0.35  0.0    0  5.7 18 280   M    M   5 18     23 170
14  91  73  82   4   0  17 0.15  0.0    0  5.5 23 190   M    M   7        29 160
15  91  73  82   4   0  17 0.13  0.0    0  6.1 17 300   M    M   4 1      21 300
16  84  73  79   1   0  14 1.19  0.0    0  4.3  9  80   M    M   7 13      M  M
17  86  73  80   2   0  15 0.18  0.0    0  7.6 16  80   M    M   7 1      20  80
18  80  73  77  -2   0  12 0.67  0.0    0 14.5 23 270   M    M  10 138    33 240
19  90  73  82   3   0  17 0.27  0.0    0 10.4 22 260   M    M   4 1      27 260
20  91  71  81   2   0  16 0.00  0.0    0  6.8 18 220   M    M   1        23 230
21  90  76  83   4   0  18 0.00  0.0    0  8.0 21 230   M    M   1        27 200
22  92  72  82   2   0  17 0.00  0.0    0  9.2 22 230   M    M   1        28 230
23  95  74  85   5   0  20 0.00  0.0    0  5.2 18 270   M    M   1 1      23 260
24  94  74  84   4   0  19 0.00  0.0    0  3.5 12 220   M    M   0        17 210
25  94  74  84   4   0  19 0.00  0.0    0  5.1 14 220   M    M   0        18 220
26  95  74  85   5   0  20 0.19  0.0    0  6.8 44 280   M    M   3 13     56 280
27  86  71  79  -1   0  14 0.00  0.0    0  6.4 15  20   M    M   2        20  30
28  90  65  78  -3   0  13 0.00  0.0    0  4.2 13 220   M    M   0        16 210
29  92  71  82   1   0  17 0.00  0.0    0  6.7 18 290   M    M   2        24 260
30  95  69  82   1   0  17 0.00  0.0    0  5.5 14 300   M    M   0        19 290
================================================================================
SM 2714 2134         0 483  3.13     0.0 180.5          M       74
================================================================================
AV 90.5 71.1                               6.0 FASTST   M    M   2    MAX(MPH)
                                 MISC ---->  # 44 280               # 56  280
================================================================================
NOTES:
# LAST OF SEVERAL OCCURRENCES

COLUMN 17 PEAK WIND IN M.P.H.

PRELIMINARY LOCAL CLIMATOLOGICAL DATA (WS FORM: F-6) , PAGE 2

                                          STATION:  FORT SMITH ARKANSAS
                                          MONTH:    JUNE
                                          YEAR:     2015
                                          LATITUDE:   35 19 N
                                          LONGITUDE:  94 22 W

[TEMPERATURE DATA]      [PRECIPITATION DATA]       SYMBOLS USED IN COLUMN 16

AVERAGE MONTHLY: 80.8   TOTAL FOR MONTH:   3.13    1 = FOG OR MIST
DPTR FM NORMAL:   3.0   DPTR FM NORMAL:   -1.15    2 = FOG REDUCING VISIBILITY
HIGHEST:    96 ON 10    GRTST 24HR  1.19 ON 16-16      TO 1/4 MILE OR LESS
LOWEST:     63 ON  1                               3 = THUNDER
                        SNOW, ICE PELLETS, HAIL    4 = ICE PELLETS
                        TOTAL MONTH:   0.0 INCH    5 = HAIL
                        GRTST 24HR     0.0         6 = FREEZING RAIN OR DRIZZLE
                        GRTST DEPTH:   0           7 = DUSTSTORM OR SANDSTORM:
                                                       VSBY 1/2 MILE OR LESS
                                                   8 = SMOKE OR HAZE
[NO. OF DAYS WITH]      [WEATHER - DAYS WITH]      9 = BLOWING SNOW
                                                   X = TORNADO
MAX 32 OR BELOW:   0    0.01 INCH OR MORE:   8
MAX 90 OR ABOVE:  21    0.10 INCH OR MORE:   8
MIN 32 OR BELOW:   0    0.50 INCH OR MORE:   2
MIN  0 OR BELOW:   0    1.00 INCH OR MORE:   1

[HDD (BASE 65) ]
TOTAL THIS MO.     0    CLEAR  (SCALE 0-3)  20
DPTR FM NORMAL    -1    PTCLDY (SCALE 4-7)   9
TOTAL FM JUL 1  3311    CLOUDY (SCALE 8-10)  1
DPTR FM NORMAL    68

[CDD (BASE 65) ]
TOTAL THIS MO.   483
DPTR FM NORMAL    98    [PRESSURE DATA]
TOTAL FM JAN 1   723    HIGHEST SLP 30.14 ON 24
DPTR FM NORMAL    94    LOWEST  SLP 29.69 ON 18

[REMARKS]
#FINAL-06-15#
