000
CXUS56 KSGX 181445
CF6FUL
PRELIMINARY LOCAL CLIMATOLOGICAL DATA (WS FORM: F-6)

                                          STATION:   FULLERTON AIRPORT CA
                                          MONTH:     AUGUST
                                          YEAR:      2017
                                          LATITUDE:   33 52 N
                                          LONGITUDE: 117 58 W

  TEMPERATURE IN F:       :PCPN:    SNOW:  WIND      :SUNSHINE: SKY     :PK WND
================================================================================
1   2   3   4   5  6A  6B    7    8   9   10  11  12  13   14  15   16   17  18
                                     12Z  AVG MX 2MIN
DY MAX MIN AVG DEP HDD CDD  WTR  SNW DPTH SPD SPD DIR MIN PSBL S-S WX    SPD DR
================================================================================

 1  95  70  83   8   0  18    T  0.0    0  4.0 14 170   M    M   2 3      19 160
 2  94  74  84   9   0  19 0.00  0.0    0  2.9 10 190   M    M   0        14 190
 3  94  73  84   9   0  19 0.00  0.0    0  4.0 13 180   M    M   1        17 180
 4  90  70  80   5   0  15 0.00  0.0    0  3.8 12 200   M    M   1        17 200
 5  84  68  76   1   0  11 0.00  0.0    0  5.4 12 230   M    M   3        16 220
 6  84  69  77   2   0  12 0.00  0.0    0  3.6 12 200   M    M   3        17 210
 7  85  67  76   1   0  11 0.00  0.0    0  3.2 12 200   M    M   2 18     17 140
 8  88  67  78   3   0  13 0.00  0.0    0  3.5 13 190   M    M   1 8      15 200
 9  85  65  75   0   0  10 0.00  0.0    0  2.9 12 200   M    M   1 18     16 220
10  88  68  78   3   0  13 0.00  0.0    0  4.0 12 210   M    M   2 18     16 220
11  87  68  78   3   0  13 0.00  0.0    0  3.7 12 190   M    M   3 18     16 190
12  85  68  77   2   0  12 0.00  0.0    0  4.5 12 210   M    M   4 18     15 200
13  86  68  77   2   0  12 0.00  0.0    0  3.7 13 190   M    M   4 8      16 180
14  80  69  75   0   0  10 0.00  0.0    0  5.3 12 190   M    M   6        17 210
15  78  67  73  -2   0   8    T  0.0    0  5.1 12 200   M    M   7 18     17 210
16  81  67  74  -2   0   9 0.00  0.0    0  4.7 13 210   M    M   4 8      18 200
17  84  65  75  -1   0  10 0.00  0.0    0  4.0 12 200   M    M   1        16 220
================================================================================
SM 1468 1163         0 215    T      0.0  68.3          M       45
================================================================================
AV 86.4 68.4                               4.0 FASTST   M    M   3    MAX(MPH)
                                 MISC ---->  # 14 170               # 19  160
================================================================================
NOTES:
# LAST OF SEVERAL OCCURRENCES

COLUMN 17 PEAK WIND IN M.P.H.

PRELIMINARY LOCAL CLIMATOLOGICAL DATA (WS FORM: F-6) , PAGE 2

                                          STATION:  FULLERTON AIRPORT CA
                                          MONTH:    AUGUST
                                          YEAR:     2017
                                          LATITUDE:   33 52 N
                                          LONGITUDE: 117 58 W

[TEMPERATURE DATA]      [PRECIPITATION DATA]       SYMBOLS USED IN COLUMN 16

AVERAGE MONTHLY: 77.4   TOTAL FOR MONTH:      T    1 = FOG OR MIST
DPTR FM NORMAL:   2.3   DPTR FM NORMAL:   -0.03    2 = FOG REDUCING VISIBILITY
HIGHEST:    95 ON  1    GRTST 24HR    T  ON 15-15      TO 1/4 MILE OR LESS
LOWEST:     65 ON 17, 9                            3 = THUNDER
                        SNOW, ICE PELLETS, HAIL    4 = ICE PELLETS
                        TOTAL MONTH:   0.0 INCH    5 = HAIL
                        GRTST 24HR     0.0         6 = FREEZING RAIN OR DRIZZLE
                        GRTST DEPTH:   0           7 = DUSTSTORM OR SANDSTORM:
                                                       VSBY 1/2 MILE OR LESS
                                                   8 = SMOKE OR HAZE
[NO. OF DAYS WITH]      [WEATHER - DAYS WITH]      9 = BLOWING SNOW
                                                   X = TORNADO
MAX 32 OR BELOW:   0    0.01 INCH OR MORE:   0
MAX 90 OR ABOVE:   4    0.10 INCH OR MORE:   0
MIN 32 OR BELOW:   0    0.50 INCH OR MORE:   0
MIN  0 OR BELOW:   0    1.00 INCH OR MORE:   0

[HDD (BASE 65) ]
TOTAL THIS MO.     0    CLEAR  (SCALE 0-3)  12
DPTR FM NORMAL     0    PTCLDY (SCALE 4-7)   5
TOTAL FM JUL 1     0    CLOUDY (SCALE 8-10)  0
DPTR FM NORMAL     0

[CDD (BASE 65) ]
TOTAL THIS MO.   215
DPTR FM NORMAL    45    [PRESSURE DATA]
TOTAL FM JAN 1  1052    HIGHEST SLP M ON M
DPTR FM NORMAL   340    LOWEST  SLP 29.78 ON 11

[REMARKS]
