000
CXUS51 KCAR 310600
CF6FVE
PRELIMINARY LOCAL CLIMATOLOGICAL DATA (WS FORM: F-6)

                                          STATION:   FRENCHVILLE ME
                                          MONTH:     AUGUST
                                          YEAR:      2016
                                          LATITUDE:   47 16 N
                                          LONGITUDE:  68 19 W

  TEMPERATURE IN F:       :PCPN:    SNOW:  WIND      :SUNSHINE: SKY     :PK WND
================================================================================
1   2   3   4   5  6A  6B    7    8   9   10  11  12  13   14  15   16   17  18
                                     12Z  AVG MX 2MIN
DY MAX MIN AVG DEP HDD CDD  WTR  SNW DPTH SPD SPD DIR MIN PSBL S-S WX    SPD DR
================================================================================

 1  79  51  65   1   0   0 0.00    M    M  3.4  8  10   M    M   3        11 330
 2  80  52  66   2   0   1 0.00    M    M  2.2  8  60   M    M   1        11 360
 3  82  57  70   6   0   5 0.00    M    M  4.1 10 310   M    M   2        14 290
 4  76  60  68   4   0   3 0.02    M    M  6.8 14 210   M    M   4 3      19 220
 5  85  64  75  11   0  10    T    M    M  8.0 15 180   M    M   2 1      23 190
 6  80  59  70   6   0   5 0.10    M    M 10.2 25 290   M    M   4 1      31 290
 7  74  57  66   2   0   1 0.01    M    M 10.5 18 300   M    M   4        27 270
 8  67  51  59  -5   6   0 0.00    M    M 12.2 24 290   M    M   2        31 280
 9  73  50  62  -2   3   0 0.00    M    M  8.2 20 330   M    M   0        25 290
10  85  53  69   5   0   4 0.00    M    M  7.2 18 210   M    M   2        24 210
11  79  65  72   8   0   7    T    M    M  8.6 15 340   M    M   2        20 340
12  67  54  61  -2   4   0 0.28    M    M  5.4 16 350   M    M   5 1      22 350
13  73  46  60  -3   5   0 0.04    M    M  3.9  9 160   M    M   2 12     14 170
14  62  55  59  -4   6   0 0.27    M    M  7.4 14  70   M    M  10 12     19  70
15  72  56  64   1   1   0 0.12    M    M  6.4 16 330   M    M   6 12     20 320
16  80  54  67   4   0   2 0.26    M    M  5.5 13 230   M    M   3 12     16 230
17  77  59  68   5   0   3 0.38    M    M  6.9 14 340   M    M   7 1      18  60
18  79  59  69   7   0   4 0.00    M    M 10.8 21 290   M    M   2        27 320
19  72  56  64   2   1   0 0.00    M    M  8.0 20 320   M    M   4        28 330
20  73  52  63   1   2   0 0.00    M    M  8.8 15 160   M    M   3 12     20 170
21  79  58  69   7   0   4 0.00    M    M 14.0 24 180   M    M   6 8      32 190
22  64  53  59  -3   6   0 1.12    M    M 10.5 21 320   M    M   9 12     28 310
23  75  50  63   2   2   0 0.00    M    M 11.7 22 250   M    M   4        30 250
24  79  60  70   9   0   5 0.00    M    M  8.5 18 230   M    M   3        25 250
25  78  64  71  10   0   6 0.01    M    M  6.8 14 250   M    M   3        19 210
26  83  62  73  12   0   8 0.02    M    M  9.9 23 290   M    M   5 1      33 240
27  74  53  64   4   1   0 0.00    M    M  8.3 17 330   M    M   1        23 340
28  68  51  60   0   5   0 0.04    M    M  6.3 14 160   M    M   7 1      18 160
29  69  58  64   4   1   0 0.03    M    M 12.4 29 330   M    M   6 12     40 340
30  74  53  64   4   1   0 0.02    M    M  6.1 16 260   M    M   3        20 260
================================================================================
SM 2258 1672        44  68  2.72    M    239.0          M      115
================================================================================
AV 75.3 55.7                               8.0 FASTST   M    M   4    MAX(MPH)
                                 MISC ---->  # 29 330               # 40  340
================================================================================
NOTES:
# LAST OF SEVERAL OCCURRENCES

COLUMN 17 PEAK WIND IN M.P.H.

PRELIMINARY LOCAL CLIMATOLOGICAL DATA (WS FORM: F-6) , PAGE 2

                                          STATION:  FRENCHVILLE ME
                                          MONTH:    AUGUST
                                          YEAR:     2016
                                          LATITUDE:   47 16 N
                                          LONGITUDE:  68 19 W

[TEMPERATURE DATA]      [PRECIPITATION DATA]       SYMBOLS USED IN COLUMN 16

AVERAGE MONTHLY: 65.5   TOTAL FOR MONTH:   2.72    1 = FOG OR MIST
DPTR FM NORMAL:   3.0   DPTR FM NORMAL:   -1.13    2 = FOG REDUCING VISIBILITY
HIGHEST:    85 ON 10, 5 GRTST 24HR  1.12 ON 22-22      TO 1/4 MILE OR LESS
LOWEST:     46 ON 13                               3 = THUNDER
                        SNOW, ICE PELLETS, HAIL    4 = ICE PELLETS
                        TOTAL MONTH:    M          5 = HAIL
                        GRTST 24HR    M  ON   M    6 = FREEZING RAIN OR DRIZZLE
                        GRTST DEPTH:  M  ON   M    7 = DUSTSTORM OR SANDSTORM:
                                                       VSBY 1/2 MILE OR LESS
                                                   8 = SMOKE OR HAZE
[NO. OF DAYS WITH]      [WEATHER - DAYS WITH]      9 = BLOWING SNOW
                                                   X = TORNADO
MAX 32 OR BELOW:   0    0.01 INCH OR MORE:  15
MAX 90 OR ABOVE:   0    0.10 INCH OR MORE:   7
MIN 32 OR BELOW:   0    0.50 INCH OR MORE:   1
MIN  0 OR BELOW:   0    1.00 INCH OR MORE:   1

[HDD (BASE 65) ]
TOTAL THIS MO.    44    CLEAR  (SCALE 0-3)  14
DPTR FM NORMAL   -70    PTCLDY (SCALE 4-7)  14
TOTAL FM JUL 1   107    CLOUDY (SCALE 8-10)  2
DPTR FM NORMAL   -77

[CDD (BASE 65) ]
TOTAL THIS MO.    68
DPTR FM NORMAL    24    [PRESSURE DATA]
TOTAL FM JAN 1   198    HIGHEST SLP M ON M
DPTR FM NORMAL    72    LOWEST  SLP 29.50 ON  6

[REMARKS]
