374
CXUS54 KTSA 300840
CF6FYV
PRELIMINARY LOCAL CLIMATOLOGICAL DATA (WS FORM: F-6)

                                          STATION:   FAYETTEVILLE ARKANSAS
                                          MONTH:     APRIL
                                          YEAR:      2016
                                          LATITUDE:   36  0 N
                                          LONGITUDE:  94 10 W

  TEMPERATURE IN F:       :PCPN:    SNOW:  WIND      :SUNSHINE: SKY     :PK WND
================================================================================
1   2   3   4   5  6A  6B    7    8   9   10  11  12  13   14  15   16   17  18
                                     12Z  AVG MX 2MIN
DY MAX MIN AVG DEP HDD CDD  WTR  SNW DPTH SPD SPD DIR MIN PSBL S-S WX    SPD DR
================================================================================

 1  58  33  46  -7  19   0 0.00  0.0    0  7.4 21 330   M    M   0        31 330
 2  65  25  45  -8  20   0 0.00  0.0    0  7.0 21 290   M    M   0        25 290
 3  72  34  53   0  12   0 0.00  0.0    0  9.7 24 200   M    M   0        33 200
 4  78  44  61   7   4   0 0.00  0.0    0  7.5 16 250   M    M   0        23 210
 5  75  37  56   2   9   0 0.00  0.0    0 11.3 23 180   M    M   0        32 140
 6  67  41  54   0  11   0    T  0.0    0 14.2 29 320   M    M   4        37 330
 7  71  37  54   0  11   0 0.00  0.0    0 10.2 26 320   M    M   0        36 320
 8  64  32  48  -7  17   0 0.00  0.0    0  7.6 24 300   M    M   0        30 310
 9  73  33  53  -2  12   0    T  0.0    0  9.0 23 190   M    M   2        30 210
10  69  53  61   6   4   0    T  0.0    0 14.6 30 210   M    M   6        44 190
11  64  50  57   1   8   0 0.59  0.0    0  6.9 18 350   M    M   5 13     25  10
12  67  37  52  -4  13   0    T  0.0    0  4.5 15  80   M    M   1        20  80
13  61  41  51  -5  14   0 0.01  0.0    0  2.4 13 330   M    M   6        16 330
14  72  45  59   3   6   0 0.00  0.0    0  2.6 10 180   M    M   7        15 300
15  72  40  56  -1   9   0 0.00  0.0    0  7.9 20 120   M    M   4 1      28  40
16  67  58  63   6   2   0 0.00  0.0    0 10.3 21 130   M    M  10        31 130
17  72  60  66   9   0   1    T  0.0    0 13.5 23 130   M    M   7        33 130
18  67  54  61   3   4   0 0.35  0.0    0  6.6 18 170   M    M   6 1      28 140
19  71  51  61   3   4   0 0.00  0.0    0  4.5 15 130   M    M   8 1      19 130
20  69  48  59   1   6   0    T  0.0    0  5.6 14 280   M    M   7 18     18 310
21  73  44  59   1   6   0 0.00  0.0    0  5.1 18 310   M    M   2 1      23 250
22  75  43  59   0   6   0 0.00  0.0    0  5.0 17 330   M    M   1        24 340
23  79  42  61   2   4   0 0.00  0.0    0  3.7 14 190   M    M   0 1      21 190
24  78  45  62   3   3   0 0.00  0.0    0 10.5 25 180   M    M   1 1      33 180
25  79  57  68   8   0   3 0.00  0.0    0  9.5 21 190   M    M   5        26 190
26  80  63  72  12   0   7 0.03  0.0    0 10.2 23 150   M    M   5 13     32 130
27  77  51  64   4   1   0 0.74  0.0    0  8.9 30 300   M    M   1 13     36 300
28  77  44  61   1   4   0 0.00  0.0    0  2.1  8 330   M    M   0 1      11 320
29  74  53  64   3   1   0 2.12  0.0    0  8.4 21 150   M    M   7 13     32  80
================================================================================
SM 2066 1295       210  11  3.84     0.0 226.7          M       95
================================================================================
AV 71.2 44.7                               7.8 FASTST   M    M   3    MAX(MPH)
                                 MISC ---->  # 30 210               # 44  190
================================================================================
NOTES:
# LAST OF SEVERAL OCCURRENCES

COLUMN 17 PEAK WIND IN M.P.H.

PRELIMINARY LOCAL CLIMATOLOGICAL DATA (WS FORM: F-6) , PAGE 2

                                          STATION:  FAYETTEVILLE ARKANSAS
                                          MONTH:    APRIL
                                          YEAR:     2016
                                          LATITUDE:   36  0 N
                                          LONGITUDE:  94 10 W

[TEMPERATURE DATA]      [PRECIPITATION DATA]       SYMBOLS USED IN COLUMN 16

AVERAGE MONTHLY: 57.9   TOTAL FOR MONTH:   3.84    1 = FOG OR MIST
DPTR FM NORMAL:   1.2   DPTR FM NORMAL:   -0.55    2 = FOG REDUCING VISIBILITY
HIGHEST:    80 ON 26    GRTST 24HR  2.12 ON 29-29      TO 1/4 MILE OR LESS
LOWEST:     25 ON  2                               3 = THUNDER
                        SNOW, ICE PELLETS, HAIL    4 = ICE PELLETS
                        TOTAL MONTH:   0.0 INCH    5 = HAIL
                        GRTST 24HR     0.0         6 = FREEZING RAIN OR DRIZZLE
                        GRTST DEPTH:   0           7 = DUSTSTORM OR SANDSTORM:
                                                       VSBY 1/2 MILE OR LESS
                                                   8 = SMOKE OR HAZE
[NO. OF DAYS WITH]      [WEATHER - DAYS WITH]      9 = BLOWING SNOW
                                                   X = TORNADO
MAX 32 OR BELOW:   0    0.01 INCH OR MORE:   6
MAX 90 OR ABOVE:   0    0.10 INCH OR MORE:   4
MIN 32 OR BELOW:   2    0.50 INCH OR MORE:   3
MIN  0 OR BELOW:   0    1.00 INCH OR MORE:   1

[HDD (BASE 65) ]
TOTAL THIS MO.   210    CLEAR  (SCALE 0-3)  15
DPTR FM NORMAL   -53    PTCLDY (SCALE 4-7)  12
TOTAL FM JUL 1  3450    CLOUDY (SCALE 8-10)  2
DPTR FM NORMAL  -642

[CDD (BASE 65) ]
TOTAL THIS MO.    11
DPTR FM NORMAL   -15    [PRESSURE DATA]
TOTAL FM JAN 1    13    HIGHEST SLP M ON M
DPTR FM NORMAL   -17    LOWEST  SLP 29.47 ON 27

[REMARKS]
