000
CXUS54 KTSA 260840
CF6FYV
PRELIMINARY LOCAL CLIMATOLOGICAL DATA (WS FORM: F-6)

                                          STATION:   FAYETTEVILLE ARKANSAS
                                          MONTH:     JULY
                                          YEAR:      2016
                                          LATITUDE:   36  0 N
                                          LONGITUDE:  94 10 W

  TEMPERATURE IN F:       :PCPN:    SNOW:  WIND      :SUNSHINE: SKY     :PK WND
================================================================================
1   2   3   4   5  6A  6B    7    8   9   10  11  12  13   14  15   16   17  18
                                     12Z  AVG MX 2MIN
DY MAX MIN AVG DEP HDD CDD  WTR  SNW DPTH SPD SPD DIR MIN PSBL S-S WX    SPD DR
================================================================================

 1  86  67  77   1   0  12 0.45  0.0    0  1.8 18 340   M    M   5 13     25  50
 2  88  70  79   3   0  14 0.00  0.0    0  6.9 17 180   M    M   2 1      21 190
 3  84  70  77   0   0  12 1.04  0.0    0  8.3 22 310   M    M   4 13     26 310
 4  84  68  76  -1   0  11 0.71  0.0    0  7.0 17 230   M    M   7 13     22 230
 5  89  71  80   3   0  15 0.00  0.0    0  9.3 16 190   M    M   1 1      21 200
 6  90  76  83   6   0  18    T  0.0    0 10.0 24 200   M    M   1        31 180
 7  87  72  80   3   0  15    T  0.0    0 10.8 25 190   M    M   0        33 180
 8  84  70  77   0   0  12 0.36  0.0    0  6.0 24 170   M    M   3 13     33 180
 9  85  67  76  -1   0  11 1.08  0.0    0  5.1 23 320   M    M   1 13     31 330
10  88  67  78   1   0  13    T  0.0    0  5.9 21 150   M    M   0 1      30 150
11  85  69  77  -1   0  12 0.00  0.0    0 10.6 21 170   M    M   2        26 180
12  85  74  80   2   0  15 0.03  0.0    0  8.1 25 190   M    M   0 1      32 190
13  88  72  80   2   0  15 0.00  0.0    0 10.0 25 190   M    M   1        33 200
14  86  65  76  -2   0  11 0.23  0.0    0  5.6 31 200   M    M   1 138    37 350
15  84  65  75  -3   0  10 1.04  0.0    0  2.8 10 210   M    M   4 13     15  70
16  87  64  76  -2   0  11 0.00  0.0    0  4.0 14 190   M    M   3 1      18 150
17  89  71  80   2   0  15 0.00  0.0    0  6.3 18 190   M    M   0        21 200
18  91  69  80   2   0  15 0.00  0.0    0  2.8 10 200   M    M   1 1      14 210
19  92  70  81   3   0  16 0.00  0.0    0  3.0 13 150   M    M   2 1      15 160
20  91  73  82   4   0  17    T  0.0    0  3.5 12 170   M    M   1 1      14 170
21  92  72  82   4   0  17 0.00  0.0    0  4.9 15 210   M    M   0 1      21 190
22  94  71  83   5   0  18 0.00  0.0    0  3.7 13 200   M    M   0 1      17 200
23  94  70  82   4   0  17 0.00  0.0    0  3.8 12 190   M    M   1 1      17 190
24  95  72  84   6   0  19 0.00  0.0    0  3.2 12 260   M    M   1        14 260
25  85  72  79   1   0  14 0.51  0.0    0  3.5 15 330   M    M   3 13     20 330
================================================================================
SM 2203 1747         0 355  5.45     0.0 146.9          M       44
================================================================================
AV 88.1 69.9                               5.9 FASTST   M    M   2    MAX(MPH)
                                 MISC ---->  # 31 200               # 37  350
================================================================================
NOTES:
# LAST OF SEVERAL OCCURRENCES

COLUMN 17 PEAK WIND IN M.P.H.

PRELIMINARY LOCAL CLIMATOLOGICAL DATA (WS FORM: F-6) , PAGE 2

                                          STATION:  FAYETTEVILLE ARKANSAS
                                          MONTH:    JULY
                                          YEAR:     2016
                                          LATITUDE:   36  0 N
                                          LONGITUDE:  94 10 W

[TEMPERATURE DATA]      [PRECIPITATION DATA]       SYMBOLS USED IN COLUMN 16

AVERAGE MONTHLY: 79.0   TOTAL FOR MONTH:   5.45    1 = FOG OR MIST
DPTR FM NORMAL:   1.5   DPTR FM NORMAL:    2.55    2 = FOG REDUCING VISIBILITY
HIGHEST:    95 ON 24    GRTST 24HR  1.75 ON  3- 4      TO 1/4 MILE OR LESS
LOWEST:     64 ON 16                               3 = THUNDER
                        SNOW, ICE PELLETS, HAIL    4 = ICE PELLETS
                        TOTAL MONTH:   0.0 INCH    5 = HAIL
                        GRTST 24HR     0.0         6 = FREEZING RAIN OR DRIZZLE
                        GRTST DEPTH:   0           7 = DUSTSTORM OR SANDSTORM:
                                                       VSBY 1/2 MILE OR LESS
                                                   8 = SMOKE OR HAZE
[NO. OF DAYS WITH]      [WEATHER - DAYS WITH]      9 = BLOWING SNOW
                                                   X = TORNADO
MAX 32 OR BELOW:   0    0.01 INCH OR MORE:   9
MAX 90 OR ABOVE:   8    0.10 INCH OR MORE:   8
MIN 32 OR BELOW:   0    0.50 INCH OR MORE:   5
MIN  0 OR BELOW:   0    1.00 INCH OR MORE:   3

[HDD (BASE 65) ]
TOTAL THIS MO.     0    CLEAR  (SCALE 0-3)  21
DPTR FM NORMAL     0    PTCLDY (SCALE 4-7)   4
TOTAL FM JUL 1     0    CLOUDY (SCALE 8-10)  0
DPTR FM NORMAL     0

[CDD (BASE 65) ]
TOTAL THIS MO.   355
DPTR FM NORMAL    43    [PRESSURE DATA]
TOTAL FM JAN 1   759    HIGHEST SLP M ON M
DPTR FM NORMAL    89    LOWEST  SLP 29.79 ON  3

[REMARKS]
