000
CXUS54 KOUN 230800
CF6GAG
PRELIMINARY LOCAL CLIMATOLOGICAL DATA (WS FORM: F-6)

                                          STATION:   GAGE
                                          MONTH:     MAY
                                          YEAR:      2015
                                          LATITUDE:   36 17 N
                                          LONGITUDE:  99 46 W

  TEMPERATURE IN F:       :PCPN:    SNOW:  WIND      :SUNSHINE: SKY     :PK WND
================================================================================
1   2   3   4   5  6A  6B    7    8   9   10  11  12  13   14  15   16   17  18
                                     12Z  AVG MX 2MIN
DY MAX MIN AVG DEP HDD CDD  WTR  SNW DPTH SPD SPD DIR MIN PSBL S-S WX    SPD DR
================================================================================

 1  80  45  63   1   2   0 0.00  0.0    0  9.9 21 180   M    M   0        27 170
 2  84  59  72  10   0   7 0.00  0.0    0 16.4 25 190   M    M   1        33 190
 3  86  61  74  12   0   9 0.02  0.0    M 18.1 30 180   M    M   1 13     37 190
 4  85  58  72   9   0   7    T  0.0    0 13.3 25 160   M    M   1 13     33 170
 5  66  56  61  -2   4   0 0.38  0.0    0 18.7 31 150   M    M   6 13     37 150
 6  83  52  68   5   0   3 0.00  0.0    0 22.1 37 200   M    M   3        46 190
 7  73  52  63  -1   2   0    T  0.0    0 19.7 46 140   M    M   2        59 140
 8  67  48  58  -6   7   0 0.35    M    0  7.4 21 110   M    M   5 123    30 110
 9  76  54  65   1   0   0 0.83  0.0    0 12.1 26 150   M    M   5 123    40 160
10  68  46  57  -8   8   0 0.00  0.0    0 11.3 21 320   M    M   2 12     26 330
11  68  39  54 -11  11   0 0.00  0.0    0  9.4 20 350   M    M   1        24  10
12  72  38  55 -10  10   0 0.00  0.0    0  9.7 20 160   M    M   0        27 140
13  61  53  57  -9   8   0 0.23  0.0    0 12.9 23 160   M    M   8 1      29 140
14  84  59  72   6   0   7 0.00  0.0    0 10.0 23 180   M    M   5        30 170
15  84  61  73   7   0   8 0.00  0.0    0 18.8 39 160   M    M   2        47 160
16  69  57  63  -3   2   0 1.62  0.0    0 10.7 29 270   M    M   7 13     39 270
17  79  49  64  -3   1   0 0.00  0.0    0  9.8 18 250   M    M   0        23 250
18  76  48  62  -5   3   0    T  0.0    0 11.9 24  40   M    M   0        29  40
19  60  50  55 -12  10   0 0.92  0.0    0 14.3 24  80   M    M  10 123    33  80
20  56  45  51 -17  14   0 0.00  0.0    0 13.3 23  10   M    M  10 1      30 200
21  65  42  54 -14  11   0    T    M    0  7.2 14  50   M    M   4        18  50
22  62  51  57 -11   8   0 0.57  0.0    0 11.6 21 170   M    M  10 1      25 100
================================================================================
SM 1604 1123       101  41  4.92     0.0 288.6          M       83
================================================================================
AV 72.9 51.0                              13.1 FASTST   M    M   4    MAX(MPH)
                                 MISC ---->  # 46 140               # 59  140
================================================================================
NOTES:
# LAST OF SEVERAL OCCURRENCES

COLUMN 17 PEAK WIND IN M.P.H.

PRELIMINARY LOCAL CLIMATOLOGICAL DATA (WS FORM: F-6) , PAGE 2

                                          STATION:  GAGE
                                          MONTH:    MAY
                                          YEAR:     2015
                                          LATITUDE:   36 17 N
                                          LONGITUDE:  99 46 W

[TEMPERATURE DATA]      [PRECIPITATION DATA]       SYMBOLS USED IN COLUMN 16

AVERAGE MONTHLY: 62.0   TOTAL FOR MONTH:   4.92    1 = FOG OR MIST
DPTR FM NORMAL:  -3.1   DPTR FM NORMAL:    2.76    2 = FOG REDUCING VISIBILITY
HIGHEST:    86 ON  3    GRTST 24HR  1.62 ON 16-16      TO 1/4 MILE OR LESS
LOWEST:     38 ON 12                               3 = THUNDER
                        SNOW, ICE PELLETS, HAIL    4 = ICE PELLETS
                        TOTAL MONTH:   0.0 INCH    5 = HAIL
                        GRTST 24HR     0.0         6 = FREEZING RAIN OR DRIZZLE
                        GRTST DEPTH:   0           7 = DUSTSTORM OR SANDSTORM:
                                                       VSBY 1/2 MILE OR LESS
                                                   8 = SMOKE OR HAZE
[NO. OF DAYS WITH]      [WEATHER - DAYS WITH]      9 = BLOWING SNOW
                                                   X = TORNADO
MAX 32 OR BELOW:   0    0.01 INCH OR MORE:   8
MAX 90 OR ABOVE:   0    0.10 INCH OR MORE:   7
MIN 32 OR BELOW:   0    0.50 INCH OR MORE:   4
MIN  0 OR BELOW:   0    1.00 INCH OR MORE:   1

[HDD (BASE 65) ]
TOTAL THIS MO.   101    CLEAR  (SCALE 0-3)  12
DPTR FM NORMAL    30    PTCLDY (SCALE 4-7)   7
TOTAL FM JUL 1  4053    CLOUDY (SCALE 8-10)  3
DPTR FM NORMAL  -322

[CDD (BASE 65) ]
TOTAL THIS MO.    41
DPTR FM NORMAL   -29    [PRESSURE DATA]
TOTAL FM JAN 1    80    HIGHEST SLP M ON M
DPTR FM NORMAL   -26    LOWEST  SLP 29.64 ON 16

[REMARKS]
