000
CXUS56 KFGZ 260900
CF6GCN
PRELIMINARY LOCAL CLIMATOLOGICAL DATA (WS FORM: F-6)

                                          STATION:   GRAND CANYON AZ AIRPORT
                                          MONTH:     DECEMBER
                                          YEAR:      2014
                                          LATITUDE:   35 57 N
                                          LONGITUDE: 112  9 W

  TEMPERATURE IN F:       :PCPN:    SNOW:  WIND      :SUNSHINE: SKY     :PK WND
================================================================================
1   2   3   4   5  6A  6B    7    8   9   10  11  12  13   14  15   16   17  18
                                     12Z  AVG MX 2MIN
DY MAX MIN AVG DEP HDD CDD  WTR  SNW DPTH SPD SPD DIR MIN PSBL S-S WX    SPD DR
================================================================================

 1  54  15  35   4  30   0 0.00    M    M  2.1 10 230   M    M   0        13 220
 2  57  22  40   9  25   0 0.05    M    M  3.3 16 220   M    M   6 1      23 210
 3  57  38  48  18  17   0 0.20    M    M  3.8 10 220   M    M   8 18     14 180
 4  48  40  44  14  21   0 0.16    M    M  3.7 15 220   M    M   9 12     18 220
 5  51  35  43  13  22   0 0.00    M    M  5.8 15  70   M    M   6 12     20  70
 6  50  27  39   9  26   0 0.00    M    M  2.0 10 230   M    M   3        15 220
 7  55  22  39  10  26   0 0.00    M    M  4.5 13  40   M    M   0        15  80
 8  50  28  39  10  26   0 0.00    M    M  7.9 16  60   M    M   0        20  60
 9  52  26  39  10  26   0 0.00    M    M  7.4 16  40   M    M   0        20  50
10  54  23  39  10  26   0 0.00    M    M  5.6 16  50   M    M   0        18  60
11  53  25  39  10  26   0 0.00    M    M  2.6 14 220   M    M   1        17 210
12  54  30  42  14  23   0 0.03    M    M 11.2 26 210   M    M   4 1      36 230
13  39  30  35   7  30   0 0.16    M    M  5.4 16 250   M    M   9 1      21 260
14  38  20  29   1  36   0 0.02    M    M  4.1 13 290   M    M   5 1      18 310
15  45  16  31   3  34   0 0.00    M    M  5.2 13  80   M    M   2        17  70
16  46  28  37   9  28   0    T    M    M  3.8 15 240   M    M   6        19 230
17  35  29  32   4  33   0 0.18    M    M  4.0 13 230   M    M   9 1      17 220
18  39  20  30   2  35   0 0.02    M    M  1.3  9 300   M    M   7 1      13 300
19  43  14  29   2  36   0 0.00    M    M  1.6  8 250   M    M   1 12     11 300
20  45  18  32   5  33   0 0.00    M    M  1.9 12 220   M    M   3        14 240
21  49  21  35   8  30   0 0.00    M    M  2.1 15 320   M    M   0        21 320
22  52  22  37  10  28   0 0.00    M    M  5.7 20 290   M    M   0        31 290
23  42  15  29   2  36   0 0.00    M    0  6.8 18  50   M    M   0        27  10
24  48  11  30   3  35   0 0.00    M    0  6.0 20 210   M    M   0        24 210
25  35  18  27   0  38   0 0.03    M    M  9.7 23 210   M    M   7 18     32 190
================================================================================
SM 1191  593       726   0  0.85    M    117.5          M       86
================================================================================
AV 47.6 23.7                               4.7 FASTST   M    M   3    MAX(MPH)
                                 MISC ---->    26   M                 36    M
================================================================================
NOTES:
# LAST OF SEVERAL OCCURRENCES

COLUMN 17 PEAK WIND IN M.P.H.

PRELIMINARY LOCAL CLIMATOLOGICAL DATA (WS FORM: F-6) , PAGE 2

                                          STATION:  GRAND CANYON AZ AIRPORT
                                          MONTH:    DECEMBER
                                          YEAR:     2014
                                          LATITUDE:   35 57 N
                                          LONGITUDE: 112  9 W

[TEMPERATURE DATA]      [PRECIPITATION DATA]       SYMBOLS USED IN COLUMN 16

AVERAGE MONTHLY: 35.7   TOTAL FOR MONTH:   0.85    1 = FOG OR MIST
DPTR FM NORMAL:   7.2   DPTR FM NORMAL:   -0.28    2 = FOG REDUCING VISIBILITY
HIGHEST:    57 ON  3, 2 GRTST 24HR  0.25 ON  3- 4      TO 1/4 MILE OR LESS
LOWEST:     11 ON 24                               3 = THUNDER
                        SNOW, ICE PELLETS, HAIL    4 = ICE PELLETS
                        TOTAL MONTH:    M          5 = HAIL
                        GRTST 24HR    M  ON   M    6 = FREEZING RAIN OR DRIZZLE
                        GRTST DEPTH:   0           7 = DUSTSTORM OR SANDSTORM:
                                                       VSBY 1/2 MILE OR LESS
                                                   8 = SMOKE OR HAZE
[NO. OF DAYS WITH]      [WEATHER - DAYS WITH]      9 = BLOWING SNOW
                                                   X = TORNADO
MAX 32 OR BELOW:   0    0.01 INCH OR MORE:   9
MAX 90 OR ABOVE:   0    0.10 INCH OR MORE:   4
MIN 32 OR BELOW:  22    0.50 INCH OR MORE:   0
MIN  0 OR BELOW:   0    1.00 INCH OR MORE:   0

[HDD (BASE 65) ]
TOTAL THIS MO.   726    CLEAR  (SCALE 0-3)  14
DPTR FM NORMAL  -188    PTCLDY (SCALE 4-7)   8
TOTAL FM JUL 1  2191    CLOUDY (SCALE 8-10)  3
DPTR FM NORMAL  -491

[CDD (BASE 65) ]
TOTAL THIS MO.     0
DPTR FM NORMAL     0    [PRESSURE DATA]
TOTAL FM JAN 1   153    HIGHEST SLP M ON M
DPTR FM NORMAL    65    LOWEST  SLP 29.56 ON 25

[REMARKS]
