163
CXUS54 KMAF 301100
CF6GDP
PRELIMINARY LOCAL CLIMATOLOGICAL DATA (WS FORM: F-6)

                                          STATION:   Guadalupe Pass
                                          MONTH:     APRIL
                                          YEAR:      2016
                                          LATITUDE:   31 49 N
                                          LONGITUDE: 104 48 W

  TEMPERATURE IN F:       :PCPN:    SNOW:  WIND      :SUNSHINE: SKY     :PK WND
================================================================================
1   2   3   4   5  6A  6B    7    8   9   10  11  12  13   14  15   16   17  18
                                     12Z  AVG MX 2MIN
DY MAX MIN AVG DEP HDD CDD  WTR  SNW DPTH SPD SPD DIR MIN PSBL S-S WX    SPD DR
================================================================================

 1  49  32  41 -15  24   0    T    M    0 23.0 38  70   M    M   9 18     42  60
 2  56  29  43 -14  22   0 0.00  0.0    0 11.8 23  70   M    M   3 128    28  80
 3  71  40  56  -1   9   0 0.00  0.0    0 17.1 33 240   M    M   0        39 260
 4  81  50  66   9   0   1 0.00  0.0    0 11.9 23  50   M    M   0        27 240
 5  84  57  71  13   0   6 0.00  0.0    0 17.7 44 240   M    M   0        52 240
 6  76  48  62   4   3   0 0.00  0.0    0 20.6 47  50   M    M   0 8      52  50
 7  78  53  66   8   0   1 0.00  0.0    0 18.8 40  60   M    M   2        45  60
 8  66  47  57  -1   8   0 0.40    M    0 33.5 48  50   M    M   6 18     51  40
 9  74  45  60   2   5   0 0.06    M    0 17.0 36  40   M    M   2 1      40 250
10  76  53  65   6   0   0    T  0.0    0 21.3 44 240   M    M   1        52 240
11  71  44  58  -1   7   0 0.00  0.0    0 26.0 49 250   M    M   0        57 250
12  49  38  44 -15  21   0 0.00  0.0    0 28.2 53  50   M    M   7 12     57  60
13  73  40  57  -3   8   0 0.00  0.0    0 13.1 29 250   M    M   2 12     35 250
14  81  53  67   7   0   2 0.00  0.0    0 13.5 30  60   M    M   0        36  70
15  81  59  70  10   0   5 0.00  0.0    0 22.2 44 240   M    M   0        52 250
16  67  50  59  -1   6   0 0.00  0.0    0 34.2 56 240   M    M   2        70 240
17  66  46  56  -4   9   0 0.00  0.0    0 14.3 22  70   M    M   3        32 260
18  63  43  53  -8  12   0    T    M    0 28.4 37  50   M    M   6 8      44  60
19  76  46  61   0   4   0 0.00  0.0    0 19.1 28 250   M    M   2        47 250
20  82  48  65   4   0   0 0.00  0.0    0 18.0 25 250   M    M   0        43 230
21  73  55  64   2   1   0 0.00  0.0    0 18.3 32  50   M    M   1 8      39  40
22  76  53  65   3   0   0 0.00  0.0    M 22.9 31  60   M    M   0        38  70
23  59  59  59  -3   6   0 0.00  0.0    M 17.3 20 250   M    M   0         M  M
24   M   M   M   M   M   M    M    M    M   M   M   M   M    M   M         M  M
25   M   M   M   M   M   M    M    M    M   M  35 230   M    M   M        56 230
26   M   M   M   M   M   M    M    M    M   M  45 250   M    M   M 8      58 250
27   M   M   M   M   M   M    M    M    M   M  36 240   M    M   M        48 240
28   M   M   M   M   M   M    M    M    M   M   M   M   M    M   M         M  M
29   M   M   M   M   M   M    M    M    M   M  29 250   M    M   M 8      45 250
================================================================================
SM 1628 1088       145  15  0.46     0.0 468.2          M       46
================================================================================
AV 70.8 47.3                              20.4 FASTST   M    M   2    MAX(MPH)
                                 MISC ---->  # 56 240               # 70  240
================================================================================
NOTES:
# LAST OF SEVERAL OCCURRENCES

COLUMN 17 PEAK WIND IN M.P.H.

PRELIMINARY LOCAL CLIMATOLOGICAL DATA (WS FORM: F-6) , PAGE 2

                                          STATION:  Guadalupe Pass
                                          MONTH:    APRIL
                                          YEAR:     2016
                                          LATITUDE:   31 49 N
                                          LONGITUDE: 104 48 W

[TEMPERATURE DATA]      [PRECIPITATION DATA]       SYMBOLS USED IN COLUMN 16

AVERAGE MONTHLY: 59.0   TOTAL FOR MONTH:   0.46    1 = FOG OR MIST
DPTR FM NORMAL:  -1.0   DPTR FM NORMAL:   -0.09    2 = FOG REDUCING VISIBILITY
HIGHEST:    84 ON  5    GRTST 24HR  0.46 ON  8- 9      TO 1/4 MILE OR LESS
LOWEST:     29 ON  2                               3 = THUNDER
                        SNOW, ICE PELLETS, HAIL    4 = ICE PELLETS
                        TOTAL MONTH:   0.0 INCH    5 = HAIL
                        GRTST 24HR     0.0         6 = FREEZING RAIN OR DRIZZLE
                        GRTST DEPTH:   0           7 = DUSTSTORM OR SANDSTORM:
                                                       VSBY 1/2 MILE OR LESS
                                                   8 = SMOKE OR HAZE
[NO. OF DAYS WITH]      [WEATHER - DAYS WITH]      9 = BLOWING SNOW
                                                   X = TORNADO
MAX 32 OR BELOW:   0    0.01 INCH OR MORE:   2
MAX 90 OR ABOVE:   0    0.10 INCH OR MORE:   1
MIN 32 OR BELOW:   2    0.50 INCH OR MORE:   0
MIN  0 OR BELOW:   0    1.00 INCH OR MORE:   0

[HDD (BASE 65) ]
TOTAL THIS MO.   145    CLEAR  (SCALE 0-3)  18
DPTR FM NORMAL   -31    PTCLDY (SCALE 4-7)   4
TOTAL FM JUL 1  2023    CLOUDY (SCALE 8-10)  1
DPTR FM NORMAL -1214

[CDD (BASE 65) ]
TOTAL THIS MO.    15
DPTR FM NORMAL   -17    [PRESSURE DATA]
TOTAL FM JAN 1    25    HIGHEST SLP M ON M
DPTR FM NORMAL   -13    LOWEST  SLP 29.45 ON 15

[REMARKS]
