000
CXUS51 KPHI 011212
CF6GED
PRELIMINARY LOCAL CLIMATOLOGICAL DATA (WS FORM: F-6)

                                          STATION:   GEORGETOWN DE
                                          MONTH:     JUNE
                                          YEAR:      2015
                                          LATITUDE:   38 41 N
                                          LONGITUDE:  75 22 W

  TEMPERATURE IN F:       :PCPN:    SNOW:  WIND      :SUNSHINE: SKY     :PK WND
================================================================================
1   2   3   4   5  6A  6B    7    8   9   10  11  12  13   14  15   16   17  18
                                     12Z  AVG MX 2MIN
DY MAX MIN AVG DEP HDD CDD  WTR  SNW DPTH SPD SPD DIR MIN PSBL S-S WX    SPD DR
================================================================================

 1  91  68  80  12   0  15 0.88    M    M 10.3 20 170   M    M   4 13     26 160
 2  68  56  62  -7   3   0 0.18    M    M  9.2 17  60   M    M  10 123    22  40
 3  58  55  57 -12   8   0 0.34    M    M 12.5 20  50   M    M  10 1      26  50
 4  61  57  59 -10   6   0 0.11    M    M 13.7 23  50   M    M  10 1      30  50
 5  66  58  62  -8   3   0    T    M    M  6.4 13  40   M    M   9 1      17  50
 6  77  57  67  -3   0   2 0.09    M    M  4.9 30  40   M    M   5 138    41  40
 7  74  54  64  -6   1   0 0.00    M    M  6.5 15 140   M    M   1 1      24 160
 8  85  57  71   0   0   6    T    M    M 13.1 25 200   M    M   0        32 200
 9  85  69  77   6   0  12 0.01    M    M  9.7 24 220   M    M   4        35 220
10  83  61  72   1   0   7 0.00    M    M  3.6 16 200   M    M   1        19 190
11  92  64  78   6   0  13 0.00    M    M  7.8 17 220   M    M   0 18     21 220
12  93  72  83  11   0  18 0.00    M    M 10.2 22 210   M    M   0 1      27 200
13  90  73  82  10   0  17 0.00    M    M  5.4 13 320   M    M   2        19 330
14  91  71  81   9   0  16 0.12    M    M  4.8 17 170   M    M   4 13     21 170
15  89  73  81   8   0  16 0.00    M    M  7.2 17 290   M    M   3 18     24 280
16  94  74  84  11   0  19 0.01    M    M  7.1 13 260   M    M   1        28 260
17  82  68  75   2   0  10 0.03    M    M  7.5 16  80   M    M   4 1      21  90
18  86  69  78   4   0  13 0.35    M    M  5.2 12 170   M    M   7 13     17 330
19  86  69  78   4   0  13 0.05    M    M  5.3 14 300   M    M   2 13     21 330
20  88  71  80   6   0  15 0.40    M    M  6.9 18 170   M    M   3 13     23 160
21  89  71  80   6   0  15 0.43    M    M  8.9 25 210   M    M   4 13     33 220
22  89  74  82   8   0  17 0.00    M    M  5.4 13 290   M    M   1        19 280
23  95  71  83   8   0  18 0.49    M    M  9.7 22 320   M    M   1 13     34 330
24  83  65  74  -1   0   9 0.00    M    M  4.6 12 270   M    M   2        16 280
25  84  62  73  -2   0   8 0.75    M    M  4.2 18 360   M    M   4 13     25 360
26  75  63  69  -6   0   4 0.19    M    M  5.0 12  60   M    M   8 1      14  90
27  76  63  70  -5   0   5 0.27    M    M  9.6 20 110   M    M   9 13     26 120
28  81  67  74  -2   0   9 0.12    M    M  7.2 17 230   M    M   7 1      25 290
29  81  61  71  -5   0   6 0.00    M    M  6.2 15 240   M    M   1        20 230
30  86  64  75  -1   0  10 0.01    M    M 10.2 21 160   M    M   2 3      29 180
================================================================================
SM 2478 1957        21 293  4.83    M    228.3          M      119
================================================================================
AV 82.6 65.2                               7.6 FASTST   M    M   4    MAX(MPH)
                                 MISC ---->  # 30  40               # 41   40
================================================================================
NOTES:
# LAST OF SEVERAL OCCURRENCES

COLUMN 17 PEAK WIND IN M.P.H.

PRELIMINARY LOCAL CLIMATOLOGICAL DATA (WS FORM: F-6) , PAGE 2

                                          STATION:  GEORGETOWN DE
                                          MONTH:    JUNE
                                          YEAR:     2015
                                          LATITUDE:   38 41 N
                                          LONGITUDE:  75 22 W

[TEMPERATURE DATA]      [PRECIPITATION DATA]       SYMBOLS USED IN COLUMN 16

AVERAGE MONTHLY: 73.9   TOTAL FOR MONTH:   4.83    1 = FOG OR MIST
DPTR FM NORMAL:   1.4   DPTR FM NORMAL:    0.22    2 = FOG REDUCING VISIBILITY
HIGHEST:    95 ON 23    GRTST 24HR  1.06 ON  1- 2      TO 1/4 MILE OR LESS
LOWEST:     54 ON  7                               3 = THUNDER
                        SNOW, ICE PELLETS, HAIL    4 = ICE PELLETS
                        TOTAL MONTH:    M          5 = HAIL
                        GRTST 24HR    M  ON   M    6 = FREEZING RAIN OR DRIZZLE
                        GRTST DEPTH:  M  ON   M    7 = DUSTSTORM OR SANDSTORM:
                                                       VSBY 1/2 MILE OR LESS
                                                   8 = SMOKE OR HAZE
[NO. OF DAYS WITH]      [WEATHER - DAYS WITH]      9 = BLOWING SNOW
                                                   X = TORNADO
MAX 32 OR BELOW:   0    0.01 INCH OR MORE:  19
MAX 90 OR ABOVE:   7    0.10 INCH OR MORE:  13
MIN 32 OR BELOW:   0    0.50 INCH OR MORE:   2
MIN  0 OR BELOW:   0    1.00 INCH OR MORE:   0

[HDD (BASE 65) ]
TOTAL THIS MO.    21    CLEAR  (SCALE 0-3)  15
DPTR FM NORMAL     8    PTCLDY (SCALE 4-7)   9
TOTAL FM JUL 1  4637    CLOUDY (SCALE 8-10)  6
DPTR FM NORMAL   231

[CDD (BASE 65) ]
TOTAL THIS MO.   293
DPTR FM NORMAL    54    [PRESSURE DATA]
TOTAL FM JAN 1   468    HIGHEST SLP 30.21 ON  7
DPTR FM NORMAL   135    LOWEST  SLP 29.63 ON 28

[REMARKS]
#FINAL-06-15#
