000
CXUS51 KPHI 280800
CF6GED
PRELIMINARY LOCAL CLIMATOLOGICAL DATA (WS FORM: F-6)

                                          STATION:   GEORGETOWN DE
                                          MONTH:     MAY
                                          YEAR:      2015
                                          LATITUDE:   38 41 N
                                          LONGITUDE:  75 22 W

  TEMPERATURE IN F:       :PCPN:    SNOW:  WIND      :SUNSHINE: SKY     :PK WND
================================================================================
1   2   3   4   5  6A  6B    7    8   9   10  11  12  13   14  15   16   17  18
                                     12Z  AVG MX 2MIN
DY MAX MIN AVG DEP HDD CDD  WTR  SNW DPTH SPD SPD DIR MIN PSBL S-S WX    SPD DR
================================================================================

 1  54  43  49  -9  16   0 0.24    M    M  9.3 21  50   M    M   5 1      33  40
 2  71  42  57  -2   8   0 0.00    M    M  6.9 20  60   M    M   3        33  30
 3  79  45  62   3   3   0 0.00    M    M  6.5 18 140   M    M   2        24 130
 4  84  49  67   8   0   2 0.00    M    M 11.3 25 190   M    M   1        30 180
 5  85  62  74  14   0   9 0.00    M    M 12.0 20 170   M    M   2        26 230
 6  79  55  67   7   0   2 0.00    M    M  9.5 24 100   M    M   1 1      33 100
 7  74  52  63   3   2   0 0.00    M    M  8.8 15 130   M    M   3 128    20 100
 8  79  55  67   7   0   2 0.00    M    M 10.6 18 140   M    M   5 12     23 130
 9  80  62  71  10   0   6 0.00    M    M 10.7 22 130   M    M   7 12     28  90
10  86  65  76  15   0  11 0.00    M    M 13.3 25 160   M    M   7 12     32 170
11  80  65  73  12   0   8 0.01    M    M 14.2 28 150   M    M   7 18     34 150
12  89  63  76  14   0  11 0.00    M    M  9.8 23 220   M    M   2 1      32 210
13  74  56  65   3   0   0 0.00    M    M  6.6 16 300   M    M   3        28  30
14  69  49  59  -3   6   0 0.00    M    M  6.7 15  50   M    M   1        20  10
15  76  47  62  -1   3   0 0.00    M    M  7.7 18 160   M    M   0        23 170
16  85  59  72   9   0   7 0.03    M    M  9.7 17 220   M    M   2        21 220
17  84  67  76  13   0  11 0.03    M    M  3.8 12 230   M    M   6 18     17 230
18  87  66  77  13   0  12 0.00    M    M  5.1 13 110   M    M   3 138    16 100
19  83  67  75  11   0  10 0.24    M    M  4.4 10 240   M    M   6 13     14 230
20  72  54  63  -1   2   0 0.00    M    M  7.1 16 300   M    M   0        25 290
21  57  48  53 -12  12   0 0.64    M    M  4.6 10  50   M    M   8 1      14 320
22  73  48  61  -4   4   0 0.00    M    M  6.7 17 280   M    M   1 1      25 280
23  70  49  60  -5   5   0 0.00    M    M  5.7 13 160   M    M   0        15 350
24  80  46  63  -3   2   0 0.00    M    M  8.1 18 210   M    M   1        24 210
25  83  59  71   5   0   6 0.00    M    M 11.8 23 210   M    M   0        28 190
26  86  63  75   9   0  10 0.00    M    M 11.7 21 210   M    M   1        26 200
27  89  68  79  12   0  14 0.00    M    M 12.3 21 210   M    M   3        27 230
================================================================================
SM 2108 1504        63 121  1.19    M    234.9          M       80
================================================================================
AV 78.1 55.7                               8.7 FASTST   M    M   3    MAX(MPH)
                                 MISC ---->  # 28 150               # 34  150
================================================================================
NOTES:
# LAST OF SEVERAL OCCURRENCES

COLUMN 17 PEAK WIND IN M.P.H.

PRELIMINARY LOCAL CLIMATOLOGICAL DATA (WS FORM: F-6) , PAGE 2

                                          STATION:  GEORGETOWN DE
                                          MONTH:    MAY
                                          YEAR:     2015
                                          LATITUDE:   38 41 N
                                          LONGITUDE:  75 22 W

[TEMPERATURE DATA]      [PRECIPITATION DATA]       SYMBOLS USED IN COLUMN 16

AVERAGE MONTHLY: 66.9   TOTAL FOR MONTH:   1.19    1 = FOG OR MIST
DPTR FM NORMAL:   4.5   DPTR FM NORMAL:   -1.85    2 = FOG REDUCING VISIBILITY
HIGHEST:    89 ON 27,12 GRTST 24HR  0.64 ON 21-21      TO 1/4 MILE OR LESS
LOWEST:     42 ON  2                               3 = THUNDER
                        SNOW, ICE PELLETS, HAIL    4 = ICE PELLETS
                        TOTAL MONTH:    M          5 = HAIL
                        GRTST 24HR    M  ON   M    6 = FREEZING RAIN OR DRIZZLE
                        GRTST DEPTH:  M  ON   M    7 = DUSTSTORM OR SANDSTORM:
                                                       VSBY 1/2 MILE OR LESS
                                                   8 = SMOKE OR HAZE
[NO. OF DAYS WITH]      [WEATHER - DAYS WITH]      9 = BLOWING SNOW
                                                   X = TORNADO
MAX 32 OR BELOW:   0    0.01 INCH OR MORE:   6
MAX 90 OR ABOVE:   0    0.10 INCH OR MORE:   3
MIN 32 OR BELOW:   0    0.50 INCH OR MORE:   1
MIN  0 OR BELOW:   0    1.00 INCH OR MORE:   0

[HDD (BASE 65) ]
TOTAL THIS MO.    63    CLEAR  (SCALE 0-3)  17
DPTR FM NORMAL   -64    PTCLDY (SCALE 4-7)  10
TOTAL FM JUL 1  4616    CLOUDY (SCALE 8-10)  0
DPTR FM NORMAL   229

[CDD (BASE 65) ]
TOTAL THIS MO.   121
DPTR FM NORMAL    63    [PRESSURE DATA]
TOTAL FM JAN 1   126    HIGHEST SLP M ON M
DPTR FM NORMAL    48    LOWEST  SLP 29.80 ON M

[REMARKS]
