000
CXUS56 KOTX 201500
CF6GEG
PRELIMINARY LOCAL CLIMATOLOGICAL DATA (WS FORM: F-6)

                                          STATION:   SPOKANE WA AIRPORT
                                          MONTH:     DECEMBER
                                          YEAR:      2014
                                          LATITUDE:   47 37 N
                                          LONGITUDE: 117 32 W

  TEMPERATURE IN F:       :PCPN:    SNOW:  WIND      :SUNSHINE: SKY     :PK WND
================================================================================
1   2   3   4   5  6A  6B    7    8   9   10  11  12  13   14  15   16   17  18
                                     12Z  AVG MX 2MIN
DY MAX MIN AVG DEP HDD CDD  WTR  SNW DPTH SPD SPD DIR MIN PSBL S-S WX    SPD DR
================================================================================

 1  24  16  20 -10  45   0 0.00  0.0    0  4.1  9 220   M    M   9 1      11 210
 2  30  20  25  -5  40   0 0.00  0.0    0  5.9 12  20   M    M   5        13  30
 3  32  18  25  -4  40   0 0.00  0.0    0  8.0 13  40   M    M   7        18  10
 4  30  26  28  -1  37   0 0.11  0.4    T  5.8 10  30   M    M  10 126    12  20
 5  33  29  31   2  34   0 0.01    T    0  7.6 15  70   M    M  10 126    19  70
 6  39  32  36   8  29   0 0.22  0.0    0  6.4 15 230   M    M  10 12     19 230
 7  38  33  36   8  29   0 0.00  0.0    0  6.6 13  50   M    M  10 12     16  50
 8  41  33  37   9  28   0 0.00  0.0    0  7.8 14  70   M    M   8 1      18  70
 9  48  35  42  14  23   0 0.18  0.0    0  6.8 20 180   M    M   9 1      26 180
10  57  45  51  23  14   0 0.01  0.0    0 11.7 29 190   M    M   9        37 190
11  56  42  49  22  16   0 0.13  0.0    0  9.2 25 200   M    M  10        37 210
12  50  40  45  18  20   0 0.17  0.0    0  7.1 17 220   M    M  10        19 220
13  40  29  35   8  30   0    T  0.0    0  4.5 13 220   M    M  10 12     15 210
14  41  28  35   8  30   0 0.00  0.0    0  5.5 14  10   M    M   6 12     15  10
15  39  26  33   6  32   0 0.00  0.0    0  7.9 13  60   M    M   3        15  60
16  35  30  33   6  32   0 0.01  0.2    0  7.5 14  60   M    M   9 1      18  60
17  37  31  34   7  31   0 0.02  0.0    T  6.9 12  60   M    M   9 1      13  70
18  42  34  38  12  27   0    T  0.0    0  4.4  8 190   M    M   9 1      10 190
19  42  35  39  13  26   0 0.12  0.0    0 10.7 21 210   M    M  10 1      26 210
================================================================================
SM  754  582       563   0  0.98     0.6 134.4          M      163
================================================================================
AV 39.7 30.6                               7.1 FASTST   M    M   9    MAX(MPH)
                                 MISC ---->  # 29 190               # 37  190
================================================================================
NOTES:
# LAST OF SEVERAL OCCURRENCES

COLUMN 17 PEAK WIND IN M.P.H.

PRELIMINARY LOCAL CLIMATOLOGICAL DATA (WS FORM: F-6) , PAGE 2

                                          STATION:  SPOKANE WA AIRPORT
                                          MONTH:    DECEMBER
                                          YEAR:     2014
                                          LATITUDE:   47 37 N
                                          LONGITUDE: 117 32 W

[TEMPERATURE DATA]      [PRECIPITATION DATA]       SYMBOLS USED IN COLUMN 16

AVERAGE MONTHLY: 35.2   TOTAL FOR MONTH:   0.98    1 = FOG OR MIST
DPTR FM NORMAL:   7.4   DPTR FM NORMAL:   -0.50    2 = FOG REDUCING VISIBILITY
HIGHEST:    57 ON 10    GRTST 24HR  1.01 ON  8- 9      TO 1/4 MILE OR LESS
LOWEST:     16 ON  1                               3 = THUNDER
                        SNOW, ICE PELLETS, HAIL    4 = ICE PELLETS
                        TOTAL MONTH:   0.6 INCH    5 = HAIL
                        GRTST 24HR   0.4 ON   M    6 = FREEZING RAIN OR DRIZZLE
                        GRTST DEPTH:   0           7 = DUSTSTORM OR SANDSTORM:
                                                       VSBY 1/2 MILE OR LESS
                                                   8 = SMOKE OR HAZE
[NO. OF DAYS WITH]      [WEATHER - DAYS WITH]      9 = BLOWING SNOW
                                                   X = TORNADO
MAX 32 OR BELOW:   4    0.01 INCH OR MORE:  10
MAX 90 OR ABOVE:   0    0.10 INCH OR MORE:   6
MIN 32 OR BELOW:  11    0.50 INCH OR MORE:   0
MIN  0 OR BELOW:   0    1.00 INCH OR MORE:   0

[HDD (BASE 65) ]
TOTAL THIS MO.   563    CLEAR  (SCALE 0-3)   1
DPTR FM NORMAL  -143    PTCLDY (SCALE 4-7)   4
TOTAL FM JUL 1  1932    CLOUDY (SCALE 8-10) 14
DPTR FM NORMAL  -441

[CDD (BASE 65) ]
TOTAL THIS MO.     0
DPTR FM NORMAL     0    [PRESSURE DATA]
TOTAL FM JAN 1   654    HIGHEST SLP M ON M
DPTR FM NORMAL   204    LOWEST  SLP  0.00 ON M

[REMARKS]
