099
CXUS53 KIND 310730
CF6GEZ
PRELIMINARY LOCAL CLIMATOLOGICAL DATA (WS FORM: F-6)

                                          STATION:   SHELBYVILLE IN
                                          MONTH:     MAY
                                          YEAR:      2016
                                          LATITUDE:   39 35 N
                                          LONGITUDE:  85 48 W

  TEMPERATURE IN F:       :PCPN:    SNOW:  WIND      :SUNSHINE: SKY     :PK WND
================================================================================
1   2   3   4   5  6A  6B    7    8   9   10  11  12  13   14  15   16   17  18
                                     12Z  AVG MX 2MIN
DY MAX MIN AVG DEP HDD CDD  WTR  SNW DPTH SPD SPD DIR MIN PSBL S-S WX    SPD DR
================================================================================

 1  79  62  71  13   0   6 0.33    M    M  6.8 17 170   M    M   6 1      22 170
 2  63  55  59   1   6   0    T    M    M  6.8 13 290   M    M  10        16 320
 3  62  52  57  -2   8   0 0.22    M    M  6.7 13 340   M    M   8 18     16 340
 4  60  45  53  -6  12   0 0.06    M    M 12.8 26 320   M    M   8        33 330
 5  65  43  54  -5  11   0 0.12    M    M 11.8 26 340   M    M   M 1      32 330
 6  73  44  59  -1   6   0 0.00    M    M  8.1 16 330   M    M   0        20 290
 7  75  53  64   4   1   0    T    M    M 11.5 24 280   M    M   3        32 290
 8  62  44  53  -7  12   0 0.12    M    M  4.8 15 180   M    M   5        17 190
 9  62  54  58  -3   7   0 0.30    M    M 10.7 16 120   M    M  10 1      22 100
10  74  60  67   6   0   2 0.09    M    M 11.3 20 150   M    M   7        25 150
11  82  59  71  10   0   6 0.03    M    M  5.8 21 300   M    M   5 2      27 270
12  78  62  70   8   0   5 0.22    M    M  9.0 18 260   M    M   5 1      24 260
13  70  53  62   0   3   0    T    M    M  9.3 17 310   M    M   2        22 300
14  61  45  53  -9  12   0 0.30    M    M 14.0 29 300   M    M   9 18     37 310
15  60  40  50 -13  15   0 0.00    M    M  9.9 22 310   M    M   4        28 270
16  63  38  51 -12  14   0 0.00    M    M  7.0 16 190   M    M   3        20 210
17  59  51  55  -8  10   0 0.14    M    M  4.8 15  80   M    M   9        19  70
18  70  49  60  -4   5   0 0.01    M    M  8.7 20  70   M    M   3 18     27  60
19  74  43  59  -5   6   0 0.00    M    M  6.8 17  60   M    M   0        23  60
20  71  52  62  -2   3   0 0.05    M    M  8.8 15  90   M    M   4 1      23  80
21  73  52  63  -1   2   0 0.24    M    M  7.6 20  20   M    M   5 1      26  20
22  82  49  66   1   0   1 0.00    M    M  8.1 25 340   M    M   1        32 340
23  80  48  64  -1   1   0 0.00    M    M  3.7 13 170   M    M   0        30  80
24  84  51  68   2   0   3 0.00    M    M  6.6 14 220   M    M   0        20 210
25  86  63  75   9   0  10 0.00    M    M 10.6 23 190   M    M   4        27 190
26  78  64  71   5   0   6 0.01    M    M  9.3 26 240   M    M   5        34 230
27  90  65  78  12   0  13    T    M    M 11.2 23 190   M    M   2        29 180
28  87  72  80  13   0  15    T    M    M 12.2 23 200   M    M   3        29 180
29  89  66  78  11   0  13 0.00    M    M  8.5 23 230   M    M   1        28 110
30  89  61  75   8   0  10 0.00    M    M  3.2 13 290   M    M   1 1      17 290
================================================================================
SM 2201 1595       134  90  2.24    M    256.4          M      123
================================================================================
AV 73.4 53.2                               8.5 FASTST   M    M   4    MAX(MPH)
                                 MISC ---->  # 29 300               # 37  310
================================================================================
NOTES:
# LAST OF SEVERAL OCCURRENCES

COLUMN 17 PEAK WIND IN M.P.H.

PRELIMINARY LOCAL CLIMATOLOGICAL DATA (WS FORM: F-6) , PAGE 2

                                          STATION:  SHELBYVILLE IN
                                          MONTH:    MAY
                                          YEAR:     2016
                                          LATITUDE:   39 35 N
                                          LONGITUDE:  85 48 W

[TEMPERATURE DATA]      [PRECIPITATION DATA]       SYMBOLS USED IN COLUMN 16

AVERAGE MONTHLY: 63.3   TOTAL FOR MONTH:   2.24    1 = FOG OR MIST
DPTR FM NORMAL:   0.5   DPTR FM NORMAL:   -2.89    2 = FOG REDUCING VISIBILITY
HIGHEST:    90 ON 27    GRTST 24HR  0.48 ON 30- 1      TO 1/4 MILE OR LESS
LOWEST:     38 ON 16                               3 = THUNDER
                        SNOW, ICE PELLETS, HAIL    4 = ICE PELLETS
                        TOTAL MONTH:    M          5 = HAIL
                        GRTST 24HR    M  ON   M    6 = FREEZING RAIN OR DRIZZLE
                        GRTST DEPTH:  M  ON   M    7 = DUSTSTORM OR SANDSTORM:
                                                       VSBY 1/2 MILE OR LESS
                                                   8 = SMOKE OR HAZE
[NO. OF DAYS WITH]      [WEATHER - DAYS WITH]      9 = BLOWING SNOW
                                                   X = TORNADO
MAX 32 OR BELOW:   0    0.01 INCH OR MORE:  15
MAX 90 OR ABOVE:   1    0.10 INCH OR MORE:   9
MIN 32 OR BELOW:   0    0.50 INCH OR MORE:   0
MIN  0 OR BELOW:   0    1.00 INCH OR MORE:   0

[HDD (BASE 65) ]
TOTAL THIS MO.   134    CLEAR  (SCALE 0-3)  11
DPTR FM NORMAL     0    PTCLDY (SCALE 4-7)  14
TOTAL FM JUL 1  4071    CLOUDY (SCALE 8-10)  4
DPTR FM NORMAL -1323

[CDD (BASE 65) ]
TOTAL THIS MO.    90
DPTR FM NORMAL    24    [PRESSURE DATA]
TOTAL FM JAN 1   110    HIGHEST SLP  0.00 ON M
DPTR FM NORMAL    31    LOWEST  SLP 29.64 ON  4

[REMARKS]
