000
CXUS55 KALY 280710
CF6GFL
PRELIMINARY LOCAL CLIMATOLOGICAL DATA (WS FORM: F-6)

                                          STATION:   GLENS FALLS NY
                                          MONTH:     MARCH
                                          YEAR:      2015
                                          LATITUDE:   43 20 N
                                          LONGITUDE:  73 37 W

  TEMPERATURE IN F:       :PCPN:    SNOW:  WIND      :SUNSHINE: SKY     :PK WND
================================================================================
1   2   3   4   5  6A  6B    7    8   9   10  11  12  13   14  15   16   17  18
                                     12Z  AVG MX 2MIN
DY MAX MIN AVG DEP HDD CDD  WTR  SNW DPTH SPD SPD DIR MIN PSBL S-S WX    SPD DR
================================================================================

 1  26 -10   8 -17  57   0 0.01    M    M  5.2 18 190   M    M   7 18     25 180
 2  32  17  25  -1  40   0    T    M    M  9.8 28 300   M    M   9 18     37 290
 3  27  -3  12 -14  53   0 0.04    M    M  6.1 22 210   M    M   4 18     30 200
 4  39  27  33   7  32   0    T    M    M  7.5 18 230   M    M   9 1      27 220
 5  33  -3  15 -12  50   0 0.00    M    M  8.6 21 290   M    M   3        26 290
 6  24 -15   5 -22  60   0 0.00    M    M  4.2 17 170   M    M   0        22 140
 7  32   0  16 -12  49   0 0.00    M    M  5.8 18 210   M    M   6        23 200
 8  40  10  25  -3  40   0    T    M    M  5.0 22 290   M    M   7 18     31 280
 9  47   9  28   0  37   0 0.00    M    M  5.3 20 280   M    M   2        27 290
10  49  14  32   3  33   0    T    M    M  4.8 16 200   M    M   4 8      22 210
11  54  38  46  17  19   0 0.00    M    M  9.4 21 290   M    M   3 1      25 300
12  42  23  33   3  32   0 0.00    M    M 14.2 30 310   M    M   2        43 290
13  35  11  23  -7  42   0 0.00    M    M  1.9  9 150   M    M   4        12 150
14  37  27  32   2  33   0 0.06    M    M  0.6  6 180   M    M   9 128     9 210
15  39  29  34   3  31   0 0.01    M    M  8.8 24 340   M    M  10 12     31 340
16  41  19  30  -1  35   0 0.00    M    M  2.3  9 140   M    M   5        12 200
17  47  26  37   5  28   0 0.02    M    M  9.6 33 330   M    M   7 18     46 330
18  27  13  20 -12  45   0 0.00    M    M 13.9 30 300   M    M   2        40 300
19  34   6  20 -12  45   0 0.00    M    M  6.8 24 340   M    M   0        31 340
20  34  14  24  -9  41   0 0.00    M    M  4.1 16 180   M    M   6        19 180
21  40  28  34   1  31   0    T    M    M  8.1 24 310   M    M  10 18     33 300
22  30  12  21 -13  44   0 0.00    M    M 12.2 25  10   M    M   2        32 360
23  32  11  22 -12  43   0 0.00    M    M  7.5 17 360   M    M   2        22 310
24  38   9  24 -11  41   0 0.00    M    M  3.2 10  10   M    M   0        11  10
25  48  14  31  -4  34   0 0.03    M    M  5.1 14 190   M    M   3 1      25 190
26  39  34  37   1  28   0 0.50    M    M  4.8 12 210   M    M  10 12     14 210
27  43  32  38   2  27   0 0.01    M    M  3.2 14  60   M    M  10 12     17  70
================================================================================
SM 1009  392      1050   0  0.68    M    178.0          M      136
================================================================================
AV 37.4 14.5                               6.6 FASTST   M    M   5    MAX(MPH)
                                 MISC ---->  # 33 330               # 46  330
================================================================================
NOTES:
# LAST OF SEVERAL OCCURRENCES

COLUMN 17 PEAK WIND IN M.P.H.

PRELIMINARY LOCAL CLIMATOLOGICAL DATA (WS FORM: F-6) , PAGE 2

                                          STATION:  GLENS FALLS NY
                                          MONTH:    MARCH
                                          YEAR:     2015
                                          LATITUDE:   43 20 N
                                          LONGITUDE:  73 37 W

[TEMPERATURE DATA]      [PRECIPITATION DATA]       SYMBOLS USED IN COLUMN 16

AVERAGE MONTHLY: 25.9   TOTAL FOR MONTH:   0.68    1 = FOG OR MIST
DPTR FM NORMAL:  -4.5   DPTR FM NORMAL:   -1.89    2 = FOG REDUCING VISIBILITY
HIGHEST:    54 ON 11    GRTST 24HR  0.50 ON 26-26      TO 1/4 MILE OR LESS
LOWEST:    -15 ON  6                               3 = THUNDER
                        SNOW, ICE PELLETS, HAIL    4 = ICE PELLETS
                        TOTAL MONTH:    M          5 = HAIL
                        GRTST 24HR    M  ON   M    6 = FREEZING RAIN OR DRIZZLE
                        GRTST DEPTH:  M  ON   M    7 = DUSTSTORM OR SANDSTORM:
                                                       VSBY 1/2 MILE OR LESS
                                                   8 = SMOKE OR HAZE
[NO. OF DAYS WITH]      [WEATHER - DAYS WITH]      9 = BLOWING SNOW
                                                   X = TORNADO
MAX 32 OR BELOW:   8    0.01 INCH OR MORE:   8
MAX 90 OR ABOVE:   0    0.10 INCH OR MORE:   1
MIN 32 OR BELOW:  25    0.50 INCH OR MORE:   1
MIN  0 OR BELOW:   5    1.00 INCH OR MORE:   0

[HDD (BASE 65) ]
TOTAL THIS MO.  1050    CLEAR  (SCALE 0-3)  10
DPTR FM NORMAL   118    PTCLDY (SCALE 4-7)  10
TOTAL FM JUL 1  6731    CLOUDY (SCALE 8-10)  7
DPTR FM NORMAL   179

[CDD (BASE 65) ]
TOTAL THIS MO.     0
DPTR FM NORMAL     0    [PRESSURE DATA]
TOTAL FM JAN 1     0    HIGHEST SLP M ON M
DPTR FM NORMAL     0    LOWEST  SLP 29.55 ON 17

[REMARKS]
