000
CXUS54 KSHV 281300
CF6GGG
PRELIMINARY LOCAL CLIMATOLOGICAL DATA (WS FORM: F-6)

                                          STATION:   LONGVIEW
                                          MONTH:     DECEMBER
                                          YEAR:      2014
                                          LATITUDE:   32 22 N
                                          LONGITUDE:  94 43 W

  TEMPERATURE IN F:       :PCPN:    SNOW:  WIND      :SUNSHINE: SKY     :PK WND
================================================================================
1   2   3   4   5  6A  6B    7    8   9   10  11  12  13   14  15   16   17  18
                                     12Z  AVG MX 2MIN
DY MAX MIN AVG DEP HDD CDD  WTR  SNW DPTH SPD SPD DIR MIN PSBL S-S WX    SPD DR
================================================================================

 1  65  41  53   2  12   0    T  0.0    0  9.2 24 320   M    M   9 18     28 320
 2  56  39  48  -3  17   0 0.00  0.0    0  4.8 12 320   M    M   6        14 330
 3  63  48  56   6   9   0 0.00  0.0    0  6.1 12 140   M    M  10 12     15 130
 4  72  55  64  14   1   0 0.00  0.0    0  6.0 13 110   M    M   9 18     16 120
 5  78  61  70  20   0   5    T  0.0    0  7.8 22 220   M    M   8 1      28 230
 6  65  48  57   7   8   0 0.00  0.0    0  7.2 16 350   M    M   5 1      22  50
 7  57  45  51   2  14   0    T  0.0    0  5.9 13  60   M    M   4 1      18  70
 8  65  38  52   3  13   0 0.00  0.0    0  2.5  9 320   M    M   0 1      13 310
 9  67  38  53   4  12   0 0.00  0.0    0  2.4  8 300   M    M   4 128    10 290
10  57  39  48  -1  17   0 0.00  0.0    0  6.1 10 130   M    M   4        15 110
11  53  48  51   3  14   0 0.20  0.0    0  5.1  9 110   M    M  10 1      11 120
12  59  49  54   6  11   0 0.81  0.0    0  4.8 13 140   M    M   7 1      16 150
13  69  49  59  11   6   0    T  0.0    0  5.2 10 140   M    M   5 128    13 130
14  73  53  63  15   2   0 0.00  0.0    0 12.6 24 170   M    M   8 1      30 160
15  70  51  61  13   4   0 0.23  0.0    0 11.7 23 270   M    M   4 1      29 250
16  54  36  45  -3  20   0 0.00  0.0    0  7.9 20 330   M    M   0        26 310
17  49  33  41  -6  24   0 0.06  0.0    0  5.1 14  90   M    M   7 1      16 100
18  53  44  49   2  16   0 0.02  0.0    0  5.6  9  40   M    M  10 18     12  80
19  50  47  49   2  16   0 0.34  0.0    0  6.8 16 110   M    M  10 1      21 120
20  54  38  46  -1  19   0 0.00  0.0    0  2.7  9  80   M    M   7 128    11  80
21  52  36  44  -3  21   0 0.00  0.0    0  4.8 15 210   M    M  10 12     20 210
22  71  50  61  14   4   0 0.00  0.0    0  9.8 21 230   M    M   6        27 240
23  55  43  49   2  16   0 0.07    M    0  8.6 20 350   M    M   6 1      27 350
24  51  33  42  -5  23   0    T    M    0  9.3 21 310   M    M   7        27 310
25  62  33  48   1  17   0 0.00  0.0    0 10.8 23 170   M    M   0        29 160
26  63  46  55   8  10   0 0.05  0.0    0  9.3 17 150   M    M   9 18     22 150
27  62  39  51   4  14   0 0.25    M    0 11.2 22 330   M    M  10 13     29 320
================================================================================
SM 1645 1180       340   5  2.03     0.0 189.3          M      175
================================================================================
AV 60.9 43.7                               7.0 FASTST   M    M   6    MAX(MPH)
                                 MISC ---->  # 24 320               # 30  160
================================================================================
NOTES:
# LAST OF SEVERAL OCCURRENCES

COLUMN 17 PEAK WIND IN M.P.H.

PRELIMINARY LOCAL CLIMATOLOGICAL DATA (WS FORM: F-6) , PAGE 2

                                          STATION:  LONGVIEW
                                          MONTH:    DECEMBER
                                          YEAR:     2014
                                          LATITUDE:   32 22 N
                                          LONGITUDE:  94 43 W

[TEMPERATURE DATA]      [PRECIPITATION DATA]       SYMBOLS USED IN COLUMN 16

AVERAGE MONTHLY: 52.3   TOTAL FOR MONTH:   2.03    1 = FOG OR MIST
DPTR FM NORMAL:   4.1   DPTR FM NORMAL:   -1.98    2 = FOG REDUCING VISIBILITY
HIGHEST:    78 ON  5    GRTST 24HR  0.95 ON 11-12      TO 1/4 MILE OR LESS
LOWEST:     33 ON 25,24                            3 = THUNDER
                        SNOW, ICE PELLETS, HAIL    4 = ICE PELLETS
                        TOTAL MONTH:   0.0 INCH    5 = HAIL
                        GRTST 24HR     0.0         6 = FREEZING RAIN OR DRIZZLE
                        GRTST DEPTH:   0           7 = DUSTSTORM OR SANDSTORM:
                                                       VSBY 1/2 MILE OR LESS
                                                   8 = SMOKE OR HAZE
[NO. OF DAYS WITH]      [WEATHER - DAYS WITH]      9 = BLOWING SNOW
                                                   X = TORNADO
MAX 32 OR BELOW:   0    0.01 INCH OR MORE:   9
MAX 90 OR ABOVE:   0    0.10 INCH OR MORE:   5
MIN 32 OR BELOW:   0    0.50 INCH OR MORE:   1
MIN  0 OR BELOW:   0    1.00 INCH OR MORE:   0

[HDD (BASE 65) ]
TOTAL THIS MO.   340    CLEAR  (SCALE 0-3)   3
DPTR FM NORMAL  -118    PTCLDY (SCALE 4-7)  14
TOTAL FM JUL 1   750    CLOUDY (SCALE 8-10) 10
DPTR FM NORMAL   -80

[CDD (BASE 65) ]
TOTAL THIS MO.     5
DPTR FM NORMAL     5    [PRESSURE DATA]
TOTAL FM JAN 1  2461    HIGHEST SLP M ON M
DPTR FM NORMAL    44    LOWEST  SLP 29.53 ON 22

[REMARKS]
