000
CXUS55 KGGW 170800
CF6GGW
PRELIMINARY LOCAL CLIMATOLOGICAL DATA (WS FORM: F-6)

                                          STATION:   GLASGOW MT
                                          MONTH:     APRIL
                                          YEAR:      2014
                                          LATITUDE:   48 13 N
                                          LONGITUDE: 106 37 W

  TEMPERATURE IN F:       :PCPN:    SNOW:  WIND      :SUNSHINE: SKY     :PK WND
================================================================================
1   2   3   4   5  6A  6B    7    8   9   10  11  12  13   14  15   16   17  18
                                     12Z  AVG MX 2MIN
DY MAX MIN AVG DEP HDD CDD  WTR  SNW DPTH SPD SPD DIR MIN PSBL S-S WX    SPD DR
================================================================================

 1  36  13  25 -14  40   0 0.00  0.0    0 12.1 18 120   M    M   0        23 120
 2  34  15  25 -15  40   0 0.00  0.0    0 10.4 17 120   M    M   6        20 120
 3  48  23  36  -4  29   0 0.00  0.0    0  8.1 16 110   M    M   5        21 330
 4  63  24  44   3  21   0 0.00  0.0    0 13.2 24 240   M    M   1        30 260
 5  61  30  46   5  19   0 0.00  0.0    0  7.6 21 260   M    M   3        25 260
 6  62  32  47   6  18   0 0.00  0.0    0  9.7 24 310   M    M   3        30 300
 7  61  27  44   2  21   0 0.00  0.0    0  8.6 21 300   M    M   1        29 270
 8  72  32  52  10  13   0 0.00  0.0    0 11.6 25 290   M    M   0        38 290
 9  61  31  46   3  19   0    T  0.0    0 12.8 32 310   M    M   1        41 320
10  61  24  43   0  22   0 0.00  0.0    0  9.3 26 290   M    M   3        33 300
11  61  29  45   2  20   0 0.00  0.0    0  8.8 20 270   M    M   5        23 270
12  39  26  33 -11  32   0 0.00  0.0    0 16.8 28 340   M    M   7        35 340
13  46  13  30 -14  35   0 0.00  0.0    0 11.6 24 340   M    M   3        32 340
14  43  11  27 -18  38   0 0.00  0.0    0  8.4 20 110   M    M   1        24 110
15  61  28  45   0  20   0 0.00  0.0    0 12.0 25 310   M    M   3        31 320
16  38  22  30 -15  35   0 0.00  0.0    0 10.6 20 100   M    M   6        24  50
================================================================================
SM  847  380       422   0    T      0.0 171.6          M       48
================================================================================
AV 52.9 23.8                              10.7 FASTST   M    M   3    MAX(MPH)
                                 MISC ---->  # 32 310               # 41  320
================================================================================
NOTES:
# LAST OF SEVERAL OCCURRENCES

COLUMN 17 PEAK WIND IN M.P.H.

PRELIMINARY LOCAL CLIMATOLOGICAL DATA (WS FORM: F-6) , PAGE 2

                                          STATION:  GLASGOW MT
                                          MONTH:    APRIL
                                          YEAR:     2014
                                          LATITUDE:   48 13 N
                                          LONGITUDE: 106 37 W

[TEMPERATURE DATA]      [PRECIPITATION DATA]       SYMBOLS USED IN COLUMN 16

AVERAGE MONTHLY: 38.3   TOTAL FOR MONTH:      T    1 = FOG OR MIST
DPTR FM NORMAL:  -4.0   DPTR FM NORMAL:   -0.37    2 = FOG REDUCING VISIBILITY
HIGHEST:    72 ON  8    GRTST 24HR    T  ON  9- 9      TO 1/4 MILE OR LESS
LOWEST:     11 ON 14                               3 = THUNDER
                        SNOW, ICE PELLETS, HAIL    4 = ICE PELLETS
                        TOTAL MONTH:   0.0 INCH    5 = HAIL
                        GRTST 24HR     0.0         6 = FREEZING RAIN OR DRIZZLE
                        GRTST DEPTH:   0           7 = DUSTSTORM OR SANDSTORM:
                                                       VSBY 1/2 MILE OR LESS
                                                   8 = SMOKE OR HAZE
[NO. OF DAYS WITH]      [WEATHER - DAYS WITH]      9 = BLOWING SNOW
                                                   X = TORNADO
MAX 32 OR BELOW:   0    0.01 INCH OR MORE:   0
MAX 90 OR ABOVE:   0    0.10 INCH OR MORE:   0
MIN 32 OR BELOW:  16    0.50 INCH OR MORE:   0
MIN  0 OR BELOW:   0    1.00 INCH OR MORE:   0

[HDD (BASE 65) ]
TOTAL THIS MO.   422    CLEAR  (SCALE 0-3)   7
DPTR FM NORMAL    60    PTCLDY (SCALE 4-7)   9
TOTAL FM JUL 1  8224    CLOUDY (SCALE 8-10)  0
DPTR FM NORMAL   458

[CDD (BASE 65) ]
TOTAL THIS MO.     0
DPTR FM NORMAL     0    [PRESSURE DATA]
TOTAL FM JAN 1     0    HIGHEST SLP M ON M
DPTR FM NORMAL     0    LOWEST  SLP 29.53 ON 15

[REMARKS]
