867
CXUS54 KFWD 280730
CF6GKY
PRELIMINARY LOCAL CLIMATOLOGICAL DATA (WS FORM: F-6)

                                          STATION:   ARLINGTON
                                          MONTH:     APRIL
                                          YEAR:      2016
                                          LATITUDE:   32 39 N
                                          LONGITUDE:  97  6 W

  TEMPERATURE IN F:       :PCPN:    SNOW:  WIND      :SUNSHINE: SKY     :PK WND
================================================================================
1   2   3   4   5  6A  6B    7    8   9   10  11  12  13   14  15   16   17  18
                                     12Z  AVG MX 2MIN
DY MAX MIN AVG DEP HDD CDD  WTR  SNW DPTH SPD SPD DIR MIN PSBL S-S WX    SPD DR
================================================================================

 1  67  51  59  -3   6   0 0.00  0.0    0 11.4 29 360   M    M   5        37  10
 2  72  41  57  -5   8   0 0.00  0.0    0  6.0 20 300   M    M   0        25 290
 3  79  41  60  -3   5   0 0.00  0.0    0  6.7 15 160   M    M   0        21 160
 4  86  51  69   6   0   4 0.00  0.0    0  6.2 14 160   M    M   0        20 150
 5  86  51  69   6   0   4 0.00  0.0    0  9.1 22 160   M    M   0        31 150
 6  79  50  65   2   0   0 0.00  0.0    0 12.3 28 330   M    M   0        36 330
 7  88  45  67   3   0   2 0.00  0.0    0  6.3 20 360   M    M   0        25  10
 8  76  52  64   0   1   0 0.00  0.0    0  5.9 17  40   M    M   0        22  50
 9  72  53  63  -1   2   0 0.17  0.0    0  8.4 35 140   M    M   4 3      42 140
10  78  63  71   7   0   6 0.00  0.0    0 14.9 25 160   M    M   6        36 180
11  89  65  77  13   0  12 0.00  0.0    0 10.2 31 350   M    M   7        38 360
12  71  61  66   2   0   1 0.04  0.0    0  9.6 16  50   M    M   8        23  60
13  66  58  62  -3   3   0    T  0.0    0  6.9 14  10   M    M   8        18  60
14  76  55  66   1   0   1 0.00  0.0    0  4.9 12  80   M    M   8 1      14  50
15  77  50  64  -1   1   0 0.00  0.0    0  6.9 17 100   M    M   3 12     22 100
16  82  65  74   9   0   9    T  0.0    0 16.4 24 100   M    M   8        32 100
17  73  63  68   2   0   3 1.87  0.0    0 11.0 26 120   M    M   9 13     34 120
18  75  63  69   3   0   4 1.81  0.0    0  6.4 24  80   M    M   6 13     32  60
19  79  62  71   5   0   6 0.00  0.0    0  2.9  9 110   M    M   8        13 140
20  75  60  68   2   0   3 1.19  0.0    0  5.9 28 310   M    M   7 13     36 270
21  79  60  70   3   0   5 0.76  0.0    0  6.7 24 120   M    M   2 138    29 130
22  83  54  69   2   0   4 0.00  0.0    0  5.2 17 330   M    M   1        23 310
23  83  53  68   1   0   3 0.00  0.0    0  5.8 15 130   M    M   0        20 140
24  79  60  70   3   0   5 0.00  0.0    0 12.3 24 130   M    M   1        32 140
25  87  78  83  15   0  18 0.00  0.0    0 13.4 18 160   M    M   7        30 170
26  86  65  76   8   0  11 0.62  0.0    0 14.8 30 280   M    M   7 13     44 290
27  83  59  71   3   0   6 0.00  0.0    0  6.4 16 290   M    M   1 12     23 250
================================================================================
SM 2126 1529        26 107  6.46     0.0 232.9          M      106
================================================================================
AV 78.7 56.6                               8.6 FASTST   M    M   4    MAX(MPH)
                                 MISC ---->  # 35 140               # 44  290
================================================================================
NOTES:
# LAST OF SEVERAL OCCURRENCES

COLUMN 17 PEAK WIND IN M.P.H.

PRELIMINARY LOCAL CLIMATOLOGICAL DATA (WS FORM: F-6) , PAGE 2

                                          STATION:  ARLINGTON
                                          MONTH:    APRIL
                                          YEAR:     2016
                                          LATITUDE:   32 39 N
                                          LONGITUDE:  97  6 W

[TEMPERATURE DATA]      [PRECIPITATION DATA]       SYMBOLS USED IN COLUMN 16

AVERAGE MONTHLY: 67.7   TOTAL FOR MONTH:   6.46    1 = FOG OR MIST
DPTR FM NORMAL:   2.6   DPTR FM NORMAL:    3.70    2 = FOG REDUCING VISIBILITY
HIGHEST:    89 ON 11    GRTST 24HR  3.68 ON 17-18      TO 1/4 MILE OR LESS
LOWEST:     41 ON  3, 2                            3 = THUNDER
                        SNOW, ICE PELLETS, HAIL    4 = ICE PELLETS
                        TOTAL MONTH:   0.0 INCH    5 = HAIL
                        GRTST 24HR     0.0         6 = FREEZING RAIN OR DRIZZLE
                        GRTST DEPTH:   0           7 = DUSTSTORM OR SANDSTORM:
                                                       VSBY 1/2 MILE OR LESS
                                                   8 = SMOKE OR HAZE
[NO. OF DAYS WITH]      [WEATHER - DAYS WITH]      9 = BLOWING SNOW
                                                   X = TORNADO
MAX 32 OR BELOW:   0    0.01 INCH OR MORE:   7
MAX 90 OR ABOVE:   0    0.10 INCH OR MORE:   6
MIN 32 OR BELOW:   0    0.50 INCH OR MORE:   5
MIN  0 OR BELOW:   0    1.00 INCH OR MORE:   3

[HDD (BASE 65) ]
TOTAL THIS MO.    26    CLEAR  (SCALE 0-3)  13
DPTR FM NORMAL   -55    PTCLDY (SCALE 4-7)  12
TOTAL FM JUL 1  1540    CLOUDY (SCALE 8-10)  2
DPTR FM NORMAL  -682

[CDD (BASE 65) ]
TOTAL THIS MO.   107
DPTR FM NORMAL    26    [PRESSURE DATA]
TOTAL FM JAN 1   151    HIGHEST SLP M ON M
DPTR FM NORMAL    27    LOWEST  SLP 29.50 ON 26

[REMARKS]
