000
CXUS54 KHGX 191410
CF6GLS
PRELIMINARY LOCAL CLIMATOLOGICAL DATA (WS FORM: F-6)
STATION: GALVESTON
MONTH: APRIL
YEAR: 2024
LATITUDE: 29 16 N
LONGITUDE: 94 52 W
TEMPERATURE IN F: :PCPN: SNOW: WIND :SUNSHINE: SKY :PK WND
================================================================================
1 2 3 4 5 6A 6B 7 8 9 10 11 12 13 14 15 16 17 18
12Z AVG MX 2MIN
DY MAX MIN AVG DEP HDD CDD WTR SNW DPTH SPD SPD DIR MIN PSBL S-S WX SPD DR
================================================================================
1 75 70 73 4 0 8 0.00 0.0 0 11.5 18 140 M M 10 1 24 140
2 83 63 73 4 0 8 0.02 0.0 0 13.2 29 330 M M 5 1 39 320
3 77 57 67 -2 0 2 0.00 0.0 0 12.8 25 340 M M 0 33 330
4 75 58 67 -2 0 2 0.00 0.0 0 8.8 16 170 M M 0 21 170
5 79 64 72 2 0 7 0.00 0.0 0 10.8 20 200 M M 0 26 220
6 76 67 72 2 0 7 0.00 0.0 0 13.7 20 140 M M 3 26 140
7 77 70 74 4 0 9 0.00 0.0 0 10.4 17 160 M M 9 23 160
8 76 71 74 4 0 9 T 0.0 0 13.7 25 140 M M 10 1 34 130
9 78 71 75 5 0 10 T 0.0 0 15.6 25 130 M M 9 1 37 130
10 78 64 71 1 0 6 0.41 0.0 0 15.3 31 350 M M 6 13 45 360
11 82 61 72 1 0 7 0.00 0.0 0 13.7 23 330 M M 0 36 280
12 76 62 69 -2 0 4 0.00 0.0 0 8.6 14 150 M M 0 19 150
13 76 62 69 -2 0 4 0.00 0.0 0 12.1 21 150 M M 0 28 130
14 78 69 74 3 0 9 0.00 0.0 0 11.5 16 150 M M 7 20 180
15 78 71 75 4 0 10 0.00 0.0 0 12.9 21 140 M M 9 26 140
16 79 72 76 4 0 11 0.00 0.0 0 13.8 28 140 M M 9 1 34 140
17 79 73 76 4 0 11 0.00 0.0 0 9.0 17 140 M M 10 1 21 150
18 80 74 77 5 0 12 T 0.0 0 11.5 23 130 M M 9 3 29 140
================================================================================
SM 1402 1199 0 136 0.43 0.0 218.9 M 96
================================================================================
AV 77.9 66.6 12.2 FASTST M M 5 MAX(MPH)
MISC ----> 31 350 45 360
================================================================================
NOTES:
# LAST OF SEVERAL OCCURRENCES
COLUMN 17 PEAK WIND IN M.P.H.
PRELIMINARY LOCAL CLIMATOLOGICAL DATA (WS FORM: F-6) , PAGE 2
STATION: GALVESTON
MONTH: APRIL
YEAR: 2024
LATITUDE: 29 16 N
LONGITUDE: 94 52 W
[TEMPERATURE DATA] [PRECIPITATION DATA] SYMBOLS USED IN COLUMN 16
AVERAGE MONTHLY: 72.3 TOTAL FOR MONTH: 0.43 1 = FOG OR MIST
DPTR FM NORMAL: 1.9 DPTR FM NORMAL: -0.84 2 = FOG REDUCING VISIBILITY
HIGHEST: 83 ON 2 GRTST 24HR 0.41 ON 9-10 TO 1/4 MILE OR LESS
LOWEST: 57 ON 3 3 = THUNDER
SNOW, ICE PELLETS, HAIL 4 = ICE PELLETS
TOTAL MONTH: 0.0 INCH 5 = HAIL
GRTST 24HR 0.0 6 = FREEZING RAIN OR DRIZZLE
GRTST DEPTH: 0 7 = DUSTSTORM OR SANDSTORM:
VSBY 1/2 MILE OR LESS
8 = SMOKE OR HAZE
[NO. OF DAYS WITH] [WEATHER - DAYS WITH] 9 = BLOWING SNOW
X = TORNADO
MAX 32 OR BELOW: 0 0.01 INCH OR MORE: 2
MAX 90 OR ABOVE: 0 0.10 INCH OR MORE: 1
MIN 32 OR BELOW: 0 0.50 INCH OR MORE: 0
MIN 0 OR BELOW: 0 1.00 INCH OR MORE: 0
[HDD (BASE 65) ]
TOTAL THIS MO. 0 CLEAR (SCALE 0-3) 6
DPTR FM NORMAL -11 PTCLDY (SCALE 4-7) 4
TOTAL FM JUL 1 745 CLOUDY (SCALE 8-10) 8
DPTR FM NORMAL -142
[CDD (BASE 65) ]
TOTAL THIS MO. 136
DPTR FM NORMAL 29 [PRESSURE DATA]
TOTAL FM JAN 1 261 HIGHEST SLP M ON M
DPTR FM NORMAL 33 LOWEST SLP 29.56 ON 10
[REMARKS]