000
CXUS54 KHGX 251415
CF6GLS
PRELIMINARY LOCAL CLIMATOLOGICAL DATA (WS FORM: F-6)

                                          STATION:   GALVESTON
                                          MONTH:     SEPTEMBER
                                          YEAR:      2017
                                          LATITUDE:   29 16 N
                                          LONGITUDE:  94 52 W

  TEMPERATURE IN F:       :PCPN:    SNOW:  WIND      :SUNSHINE: SKY     :PK WND
================================================================================
1   2   3   4   5  6A  6B    7    8   9   10  11  12  13   14  15   16   17  18
                                     12Z  AVG MX 2MIN
DY MAX MIN AVG DEP HDD CDD  WTR  SNW DPTH SPD SPD DIR MIN PSBL S-S WX    SPD DR
================================================================================

 1  91  78  85   1   0  20 0.00  0.0    0  5.3 14 100   M    M   2 18     17 100
 2  89  78  84   0   0  19 0.00  0.0    0  4.0 12 150   M    M   1 1      15 140
 3  89  80  85   1   0  20 0.00  0.0    0  6.0 13  80   M    M   1        19 120
 4  89  80  85   1   0  20 0.00  0.0    0  5.8 12 130   M    M   1        16 150
 5  90  81  86   2   0  21 0.00  0.0    0  4.7 12 130   M    M   2        15 130
 6  85  75  80  -4   0  15 0.00  0.0    0 14.5 23  20   M    M   2        27  10
 7  84  71  78  -5   0  13 0.00  0.0    0 10.9 16  60   M    M   0 8      23  50
 8  84  72  78  -5   0  13 0.00  0.0    0 10.9 18  40   M    M   1        23  30
 9  85  70  78  -5   0  13 0.00  0.0    0 11.4 18  30   M    M   0        22  20
10  87  71  79  -4   0  14 0.00  0.0    0 13.8 20  20   M    M   1        24  10
11  85  72  79  -4   0  14 0.00  0.0    0 12.2 18 360   M    M   1        25 220
12  87  70  79  -3   0  14 0.00  0.0    0  6.9 14 190   M    M   0        18 180
13  89  77  83   1   0  18 0.00  0.0    0 10.9 18 200   M    M   1        23 190
14  88  79  84   2   0  19 0.00  0.0    0 10.6 16 180   M    M   2        20 170
15  88  78  83   1   0  18 0.00  0.0    0 10.0 15 120   M    M   1        18 120
16  89  77  83   1   0  18 0.00  0.0    M  7.4 13 130   M    M   1        16 130
17  90  79  85   3   0  20 0.00  0.0    0  8.6 16 120   M    M   3        19 120
18  90  82  86   5   0  21 0.00  0.0    0 10.9 17 170   M    M   4        20 170
19  90  82  86   5   0  21 0.00  0.0    0 12.1 18 150   M    M   3        22 150
20  92  83  88   7   0  23 0.00  0.0    0 14.0 18 160   M    M   3        22 160
21  90  82  86   5   0  21 0.01  0.0    0 12.5 18 150   M    M   3 3      22 150
22  90  80  85   5   0  20 0.00  0.0    0 10.1 14 110   M    M   3         M  M
23  90  81  86   6   0  21 0.00  0.0    M  9.8 14 120   M    M   M        19 120
24  90  81  86   6   0  21 0.00  0.0    0 10.9 15 110   M    M   2        20 140
================================================================================
SM 2121 1859         0 437  0.01     0.0 234.2          M       38
================================================================================
AV 88.4 77.5                               9.8 FASTST   M    M   2    MAX(MPH)
                                 MISC ---->  # 23  20               # 27   10
================================================================================
NOTES:
# LAST OF SEVERAL OCCURRENCES

COLUMN 17 PEAK WIND IN M.P.H.

PRELIMINARY LOCAL CLIMATOLOGICAL DATA (WS FORM: F-6) , PAGE 2

                                          STATION:  GALVESTON
                                          MONTH:    SEPTEMBER
                                          YEAR:     2017
                                          LATITUDE:   29 16 N
                                          LONGITUDE:  94 52 W

[TEMPERATURE DATA]      [PRECIPITATION DATA]       SYMBOLS USED IN COLUMN 16

AVERAGE MONTHLY: 82.9   TOTAL FOR MONTH:   0.01    1 = FOG OR MIST
DPTR FM NORMAL:   0.6   DPTR FM NORMAL:   -5.01    2 = FOG REDUCING VISIBILITY
HIGHEST:    92 ON 20    GRTST 24HR  0.01 ON 21-21      TO 1/4 MILE OR LESS
LOWEST:     70 ON 12, 9                            3 = THUNDER
                        SNOW, ICE PELLETS, HAIL    4 = ICE PELLETS
                        TOTAL MONTH:   0.0 INCH    5 = HAIL
                        GRTST 24HR     0.0         6 = FREEZING RAIN OR DRIZZLE
                        GRTST DEPTH:   0           7 = DUSTSTORM OR SANDSTORM:
                                                       VSBY 1/2 MILE OR LESS
                                                   8 = SMOKE OR HAZE
[NO. OF DAYS WITH]      [WEATHER - DAYS WITH]      9 = BLOWING SNOW
                                                   X = TORNADO
MAX 32 OR BELOW:   0    0.01 INCH OR MORE:   1
MAX 90 OR ABOVE:  10    0.10 INCH OR MORE:   0
MIN 32 OR BELOW:   0    0.50 INCH OR MORE:   0
MIN  0 OR BELOW:   0    1.00 INCH OR MORE:   0

[HDD (BASE 65) ]
TOTAL THIS MO.     0    CLEAR  (SCALE 0-3)  21
DPTR FM NORMAL     0    PTCLDY (SCALE 4-7)   2
TOTAL FM JUL 1     0    CLOUDY (SCALE 8-10)  0
DPTR FM NORMAL     0

[CDD (BASE 65) ]
TOTAL THIS MO.   437
DPTR FM NORMAL    23    [PRESSURE DATA]
TOTAL FM JAN 1  3294    HIGHEST SLP M ON M
DPTR FM NORMAL   486    LOWEST  SLP 29.78 ON M

[REMARKS]
