000
CXUS54 KHGX 261437
CF6GLS
PRELIMINARY LOCAL CLIMATOLOGICAL DATA (WS FORM: F-6)

                                          STATION:   GALVESTON
                                          MONTH:     DECEMBER
                                          YEAR:      2014
                                          LATITUDE:   29 16 N
                                          LONGITUDE:  94 52 W

  TEMPERATURE IN F:       :PCPN:    SNOW:  WIND      :SUNSHINE: SKY     :PK WND
================================================================================
1   2   3   4   5  6A  6B    7    8   9   10  11  12  13   14  15   16   17  18
                                     12Z  AVG MX 2MIN
DY MAX MIN AVG DEP HDD CDD  WTR  SNW DPTH SPD SPD DIR MIN PSBL S-S WX    SPD DR
================================================================================

 1  68  51  60   0   5   0 0.34  0.0    0 10.4 23 350   M    M   9 1      29 340
 2  55  48  52  -8  13   0 0.00  0.0    0 12.4 23 360   M    M  10 1      27 350
 3  65  55  60   0   5   0 0.00  0.0    0  7.7 14  60   M    M   6 18     17  50
 4  69  60  65   5   0   0 0.00  0.0    0  9.9 16  90   M    M  10 12     21  60
 5  74  64  69  10   0   4 0.00  0.0    0 11.0 18 180   M    M   7 12     23 170
 6  76  62  69  10   0   4 0.00  0.0    0  9.4 22 360   M    M  10 12     27 350
 7  62  57  60   1   5   0 0.00  0.0    0 11.3 17  40   M    M  10        22  40
 8  63  50  57  -1   8   0 0.00  0.0    0 10.1 15 350   M    M   2        19 360
 9  66  52  59   1   6   0 0.00  0.0    0  5.2 10 350   M    M   0 1      14 350
10  65  51  58   0   7   0 0.00  0.0    0  6.6 13  80   M    M   1 12     16  60
11  69  60  65   7   0   0 0.00  0.0    0  8.9 15 140   M    M   8        18 150
12  70  61  66   8   0   1 0.00  0.0    0  9.2 14 130   M    M   5        18 120
13  70  62  66   8   0   1 0.00  0.0    0 11.4 18 110   M    M   5        23 120
14  72  64  68  11   0   3 0.00  0.0    0 12.2 17 140   M    M   7        21 150
15  75  65  70  13   0   5 0.24  0.0    0 12.5 22 210   M    M   8 18     26 210
16  65  56  61   4   4   0 0.00  0.0    0 14.0 24 360   M    M   4        30 350
17  67  53  60   3   5   0 0.00  0.0    0 11.9 17 100   M    M   7        24  90
18  68  60  64   7   1   0 0.29  0.0    0  7.6 18  80   M    M   9 1      24  60
19  64  53  59   2   6   0 2.24  0.0    0 17.8 26  20   M    M  10 1      32  30
20  55  51  53  -3  12   0    T  0.0    0 13.7 24 360   M    M  10 1      30 360
21  61  51  56   0   9   0 0.00  0.0    0  9.5 16  30   M    M   9        20  30
22  73  60  67  11   0   2 0.00  0.0    0 10.4 25 210   M    M   4 1      32 220
23  66  50  58   2   7   0 0.34  0.0    0 15.0 32 350   M    M   9 123    39 350
24  54  44  49  -7  16   0 0.00  0.0    0 10.9 20 280   M    M   1        25 280
25  63  43  53  -3  12   0 0.00  0.0    0 11.2 21 170   M    M   1        25 170
================================================================================
SM 1655 1383       121  20  3.45     0.0 270.2          M      162
================================================================================
AV 66.2 55.3                              10.8 FASTST   M    M   6    MAX(MPH)
                                 MISC ---->  # 32 350               # 39  350
================================================================================
NOTES:
# LAST OF SEVERAL OCCURRENCES

COLUMN 17 PEAK WIND IN M.P.H.

PRELIMINARY LOCAL CLIMATOLOGICAL DATA (WS FORM: F-6) , PAGE 2

                                          STATION:  GALVESTON
                                          MONTH:    DECEMBER
                                          YEAR:     2014
                                          LATITUDE:   29 16 N
                                          LONGITUDE:  94 52 W

[TEMPERATURE DATA]      [PRECIPITATION DATA]       SYMBOLS USED IN COLUMN 16

AVERAGE MONTHLY: 60.8   TOTAL FOR MONTH:   3.45    1 = FOG OR MIST
DPTR FM NORMAL:   3.0   DPTR FM NORMAL:    0.49    2 = FOG REDUCING VISIBILITY
HIGHEST:    76 ON  6    GRTST 24HR  2.37 ON 18-19      TO 1/4 MILE OR LESS
LOWEST:     43 ON 25                               3 = THUNDER
                        SNOW, ICE PELLETS, HAIL    4 = ICE PELLETS
                        TOTAL MONTH:   0.0 INCH    5 = HAIL
                        GRTST 24HR     0.0         6 = FREEZING RAIN OR DRIZZLE
                        GRTST DEPTH:   0           7 = DUSTSTORM OR SANDSTORM:
                                                       VSBY 1/2 MILE OR LESS
                                                   8 = SMOKE OR HAZE
[NO. OF DAYS WITH]      [WEATHER - DAYS WITH]      9 = BLOWING SNOW
                                                   X = TORNADO
MAX 32 OR BELOW:   0    0.01 INCH OR MORE:   5
MAX 90 OR ABOVE:   0    0.10 INCH OR MORE:   5
MIN 32 OR BELOW:   0    0.50 INCH OR MORE:   1
MIN  0 OR BELOW:   0    1.00 INCH OR MORE:   1

[HDD (BASE 65) ]
TOTAL THIS MO.   121    CLEAR  (SCALE 0-3)   5
DPTR FM NORMAL   -79    PTCLDY (SCALE 4-7)   9
TOTAL FM JUL 1   272    CLOUDY (SCALE 8-10) 11
DPTR FM NORMAL   -31

[CDD (BASE 65) ]
TOTAL THIS MO.    20
DPTR FM NORMAL     6    [PRESSURE DATA]
TOTAL FM JAN 1  3258    HIGHEST SLP M ON M
DPTR FM NORMAL   -45    LOWEST  SLP 29.58 ON 23

[REMARKS]
