000
CXUS54 KMAF 271100
CF6GNC
PRELIMINARY LOCAL CLIMATOLOGICAL DATA (WS FORM: F-6)

                                          STATION:   Gaines County Airport
                                          MONTH:     MAY
                                          YEAR:      2016
                                          LATITUDE:   32 40 N
                                          LONGITUDE: 102 39 W

  TEMPERATURE IN F:       :PCPN:    SNOW:  WIND      :SUNSHINE: SKY     :PK WND
================================================================================
1   2   3   4   5  6A  6B    7    8   9   10  11  12  13   14  15   16   17  18
                                     12Z  AVG MX 2MIN
DY MAX MIN AVG DEP HDD CDD  WTR  SNW DPTH SPD SPD DIR MIN PSBL S-S WX    SPD DR
================================================================================

 1  61  46  54   M  11   0 0.00  0.0    0 16.0 23  40   M    M   9        32  40
 2  68  42  55   M  10   0 0.00  0.0    0  5.5 14  10   M    M   2        18  10
 3  80  42  61   M   4   0 0.00  0.0    0  5.1 14  50   M    M   1        16 200
 4  83  44  64   M   1   0 0.00  0.0    0  3.7  8 360   M    M   0         M  M
 5  87  46  67   M   0   2 0.00  0.0    0  4.9 15 160   M    M   0        21 160
 6  89  51  70   M   0   5 0.00  0.0    0 15.2 31 150   M    M   0        43 150
 7  93  59  76   M   0  11 0.00  0.0    0 12.9 22 220   M    M   1        29 230
 8  88  55  72   M   0   7 0.00  0.0    0  9.6 28 240   M    M   0        37 230
 9  85  51  68   M   0   3 0.00  0.0    0 12.8 24 270   M    M   0        33 260
10  92  54  73   M   0   8 0.00  0.0    0 11.7 21 240   M    M   0        32 240
11  91  57  74   M   0   9 0.00  0.0    0  6.1 13 220   M    M   0        10 280
12  78  61  70   M   0   5 0.00  0.0    0 11.4 21  60   M    M   6        27  60
13  90  58  74   M   0   9 0.00  0.0    0  7.5 16 190   M    M   3        21 170
14  74  55  65   M   0   0 0.00  0.0    0 12.3 25 120   M    M   4        32  90
15  64  51  58   M   7   0 0.05  0.0    0 10.7 15 110   M    M   9        18  90
16  92  54  73   M   0   8 0.00  0.0    0  9.1 20 250   M    M   2 12     29 240
17  73  49  61   M   4   0 0.20    M    0 14.4 22  30   M    M   8        31  30
18  55  48  52   M  13   0 0.56    M    0  9.1 15  50   M    M  10 1      18  40
19  68  51  60   M   5   0 0.01  0.0    0  3.4  8 120   M    M   7 1       M  M
20  87  51  69   M   0   4 0.00  0.0    0  6.2 14 180   M    M   3 12     17 190
21  90  64  77   M   0  12 0.19  0.0    0 13.0 22 220   M    M   4        39 220
22  91  69  80   M   0  15 0.00  0.0    0  9.4 17 150   M    M   4        22 240
23  93  69  81   M   0  16 0.00  0.0    0 11.1 16 180   M    M   2        22 180
24  93  68  81   M   0  16 0.00  0.0    0 10.7 16 250   M    M   2 1      24 230
25  95  64  80   M   0  15 0.00  0.0    0  9.7 16 280   M    M   1 12     27 280
26  92  66  79   M   0  14 0.00  0.0    0 12.6 24 250   M    M   0 1      38 240
================================================================================
SM 2152 1425        55 159  1.01     0.0 254.1          M       78
================================================================================
AV 82.8 54.8                               9.8 FASTST   M    M   3    MAX(MPH)
                                 MISC ---->    31   M                 43    M
================================================================================
NOTES:
# LAST OF SEVERAL OCCURRENCES

COLUMN 17 PEAK WIND IN M.P.H.

PRELIMINARY LOCAL CLIMATOLOGICAL DATA (WS FORM: F-6) , PAGE 2

                                          STATION:  Gaines County Airport
                                          MONTH:    MAY
                                          YEAR:     2016
                                          LATITUDE:   32 40 N
                                          LONGITUDE: 102 39 W

[TEMPERATURE DATA]      [PRECIPITATION DATA]       SYMBOLS USED IN COLUMN 16

AVERAGE MONTHLY: 68.8   TOTAL FOR MONTH:   1.01    1 = FOG OR MIST
DPTR FM NORMAL:     M   DPTR FM NORMAL:       M    2 = FOG REDUCING VISIBILITY
HIGHEST:    95 ON 25    GRTST 24HR  0.56 ON 18-18      TO 1/4 MILE OR LESS
LOWEST:     42 ON  3, 2                            3 = THUNDER
                        SNOW, ICE PELLETS, HAIL    4 = ICE PELLETS
                        TOTAL MONTH:   0.0 INCH    5 = HAIL
                        GRTST 24HR     0.0         6 = FREEZING RAIN OR DRIZZLE
                        GRTST DEPTH:   0           7 = DUSTSTORM OR SANDSTORM:
                                                       VSBY 1/2 MILE OR LESS
                                                   8 = SMOKE OR HAZE
[NO. OF DAYS WITH]      [WEATHER - DAYS WITH]      9 = BLOWING SNOW
                                                   X = TORNADO
MAX 32 OR BELOW:   0    0.01 INCH OR MORE:   5
MAX 90 OR ABOVE:  11    0.10 INCH OR MORE:   3
MIN 32 OR BELOW:   0    0.50 INCH OR MORE:   1
MIN  0 OR BELOW:   0    1.00 INCH OR MORE:   0

[HDD (BASE 65) ]
TOTAL THIS MO.    55    CLEAR  (SCALE 0-3)  16
DPTR FM NORMAL     M    PTCLDY (SCALE 4-7)   7
TOTAL FM JUL 1  2690    CLOUDY (SCALE 8-10)  3
DPTR FM NORMAL     M

[CDD (BASE 65) ]
TOTAL THIS MO.   159
DPTR FM NORMAL     M    [PRESSURE DATA]
TOTAL FM JAN 1   205    HIGHEST SLP M ON M
DPTR FM NORMAL     M    LOWEST  SLP M ON M

[REMARKS]
