000
CXUS52 KJAX 250800
CF6GNV
PRELIMINARY LOCAL CLIMATOLOGICAL DATA (WS FORM: F-6)

                                          STATION:   GAINESVILLE FL
                                          MONTH:     JULY
                                          YEAR:      2017
                                          LATITUDE:   29 40 N
                                          LONGITUDE:  82 16 W

  TEMPERATURE IN F:       :PCPN:    SNOW:  WIND      :SUNSHINE: SKY     :PK WND
================================================================================
1   2   3   4   5  6A  6B    7    8   9   10  11  12  13   14  15   16   17  18
                                     12Z  AVG MX 2MIN
DY MAX MIN AVG DEP HDD CDD  WTR  SNW DPTH SPD SPD DIR MIN PSBL S-S WX    SPD DR
================================================================================

 1  92  73  83   2   0  18 0.00  0.0    0  4.2 14 140   M    M   3        18 160
 2  93  75  84   3   0  19 0.00  0.0    0  5.4 14 190   M    M   2 3      17 260
 3  93  73  83   2   0  18    T  0.0    0  3.8 21 250   M    M   2 3      26 250
 4  95  73  84   3   0  19 0.17  0.0    0  4.6 20 360   M    M   1 13     24 360
 5  95  72  84   3   0  19 0.00  0.0    0  2.9 15 280   M    M   1 3      20 230
 6  93  74  84   3   0  19 0.41  0.0    0  2.8 22 280   M    M   2 138    28 250
 7  94  72  83   2   0  18    T  0.0    0  3.2 16 220   M    M   1 3      21 220
 8  89  71  80  -1   0  15 0.39  0.0    0  2.4 30 190   M    M   2 13     38 190
 9  92  73  83   2   0  18 0.38  0.0    0  3.7 25 190   M    M   2 13     33 190
10  91  72  82   1   0  17    T  0.0    0  4.5 20 170   M    M   1 3      25 160
11  91  70  81   0   0  16 0.36  0.0    0  3.5 20 240   M    M   3 138    27 250
12  92  70  81   0   0  16 0.35  0.0    0  3.6 30 110   M    M   2 13     35 110
13  89  72  81   0   0  16 0.76  0.0    0  2.1 17  20   M    M   2 13     22 160
14  92  74  83   2   0  18    T  0.0    0  5.2 20 100   M    M   3 1      24 110
15  92  73  83   2   0  18 0.00  0.0    0  2.9 16 270   M    M   1        20 260
16  94  73  84   3   0  19 0.03  0.0    0  2.7 17  20   M    M   3 13     22 330
17  91  71  81   0   0  16 3.05  0.0    0  2.8 26  50   M    M   1 1238   34  50
18  93  70  82   1   0  17 0.35  0.0    0  3.1 22 140   M    M   2 1      26 140
19  92  72  82   1   0  17 2.47  0.0    0  3.5 21  50   M    M   2 13     25  50
20  93  69  81   0   0  16 2.68  0.0    0  2.7 22 160   M    M   2 123    27 160
21  92  69  81   0   0  16 0.00  0.0    0  2.6 14 220   M    M   0        18 210
22  87  73  80  -1   0  15 1.05  0.0    0  3.3 24 250   M    M   2 13     31 240
23  83  73  78  -3   0  13 1.38  0.0    0  6.0 16 250   M    M   4 13     20 190
24  90  74  82   1   0  17 0.10  0.0    0  7.4 18 220   M    M   1 3      24 220
================================================================================
SM 2198 1731         0 410 13.93     0.0  88.9          M       45
================================================================================
AV 91.6 72.1                               3.7 FASTST   M    M   2    MAX(MPH)
                                 MISC ---->  # 30 190               # 38  190
================================================================================
NOTES:
# LAST OF SEVERAL OCCURRENCES

COLUMN 17 PEAK WIND IN M.P.H.

PRELIMINARY LOCAL CLIMATOLOGICAL DATA (WS FORM: F-6) , PAGE 2

                                          STATION:  GAINESVILLE FL
                                          MONTH:    JULY
                                          YEAR:     2017
                                          LATITUDE:   29 40 N
                                          LONGITUDE:  82 16 W

[TEMPERATURE DATA]      [PRECIPITATION DATA]       SYMBOLS USED IN COLUMN 16

AVERAGE MONTHLY: 81.9   TOTAL FOR MONTH:  13.93    1 = FOG OR MIST
DPTR FM NORMAL:   0.9   DPTR FM NORMAL:    9.14    2 = FOG REDUCING VISIBILITY
HIGHEST:    95 ON  5, 4 GRTST 24HR  3.05 ON 17-17      TO 1/4 MILE OR LESS
LOWEST:     69 ON 21,20                            3 = THUNDER
                        SNOW, ICE PELLETS, HAIL    4 = ICE PELLETS
                        TOTAL MONTH:   0.0 INCH    5 = HAIL
                        GRTST 24HR     0.0         6 = FREEZING RAIN OR DRIZZLE
                        GRTST DEPTH:   0           7 = DUSTSTORM OR SANDSTORM:
                                                       VSBY 1/2 MILE OR LESS
                                                   8 = SMOKE OR HAZE
[NO. OF DAYS WITH]      [WEATHER - DAYS WITH]      9 = BLOWING SNOW
                                                   X = TORNADO
MAX 32 OR BELOW:   0    0.01 INCH OR MORE:  15
MAX 90 OR ABOVE:  20    0.10 INCH OR MORE:  14
MIN 32 OR BELOW:   0    0.50 INCH OR MORE:   6
MIN  0 OR BELOW:   0    1.00 INCH OR MORE:   5

[HDD (BASE 65) ]
TOTAL THIS MO.     0    CLEAR  (SCALE 0-3)  22
DPTR FM NORMAL     0    PTCLDY (SCALE 4-7)   2
TOTAL FM JUL 1     0    CLOUDY (SCALE 8-10)  0
DPTR FM NORMAL     0

[CDD (BASE 65) ]
TOTAL THIS MO.   410
DPTR FM NORMAL    26    [PRESSURE DATA]
TOTAL FM JAN 1  1523    HIGHEST SLP M ON M
DPTR FM NORMAL   190    LOWEST  SLP 29.93 ON 23

[REMARKS]
