000
CXUS54 KOUN 300700
CF6GOK
PRELIMINARY LOCAL CLIMATOLOGICAL DATA (WS FORM: F-6)

                                          STATION:   GUTHRIE MUNICIPAL
                                          MONTH:     MAY
                                          YEAR:      2016
                                          LATITUDE:   35 50 N
                                          LONGITUDE:  97 25 W

  TEMPERATURE IN F:       :PCPN:    SNOW:  WIND      :SUNSHINE: SKY     :PK WND
================================================================================
1   2   3   4   5  6A  6B    7    8   9   10  11  12  13   14  15   16   17  18
                                     12Z  AVG MX 2MIN
DY MAX MIN AVG DEP HDD CDD  WTR  SNW DPTH SPD SPD DIR MIN PSBL S-S WX    SPD DR
================================================================================

 1  63  46  55 -11  10   0 0.04  0.0    0  7.5 15 320   M    M   4        22 340
 2  64  45  55 -11  10   0 0.00  0.0    0  4.8 12 340   M    M   6        21 340
 3  72  40  56 -10   9   0 0.00  0.0    0  4.1 12 190   M    M   1 8      15 180
 4  79  46  63  -3   2   0 0.00  0.0    0  5.8 16 330   M    M   0 8      25 330
 5  81  43  62  -5   3   0 0.00  0.0    0  3.4  8  30   M    M   0        13  50
 6  84  48  66  -1   0   1 0.00  0.0    0  7.8 16 170   M    M   0        24 170
 7  83  59  71   4   0   6 0.00  0.0    0 11.1 21 170   M    M   0 3      30 180
 8  75  65  70   3   0   5 0.02  0.0    0 14.2 23 180   M    M   2 3      32 180
 9  82  61  72   4   0   7 0.01  0.0    0 15.5 30 180   M    M   2 3      39 180
10  91  51  71   3   0   6 0.00  0.0    0  8.0 21 170   M    M   0 8      28 170
11  83  69  76   8   0  11 0.00  0.0    0  9.4 24 190   M    M   3        33 190
12  78  54  66  -2   0   1 0.00  0.0    0  5.6 15  10   M    M   1        25  10
13  86  53  70   1   0   5 0.25  0.0    0 10.9 23  20   M    M   1 13     38  20
14  65  49  57 -12   8   0 0.00  0.0    0  8.0 18  50   M    M   4        27  50
15  68  51  60  -9   5   0 0.02  0.0    0  5.8 15  90   M    M  10        22 120
16  72  56  64  -6   1   0 0.25  0.0    0  6.9 12 150   M    M   8 13     18 150
17  64  55  60 -10   5   0 0.46  0.0    0  8.8 35 290   M    M  10 13     45 300
18  68  51  60 -10   5   0 0.00  0.0    0  8.1 18  70   M    M   6        22  80
19  61  49  55 -15  10   0 0.20  0.0    0  4.6 12 110   M    M   8 1      22 190
20  73  54  64  -7   1   0 0.00  0.0    0  4.3 12 120   M    M   9 1      17 120
21  83  62  73   2   0   8 0.00  0.0    0  8.3 16 170   M    M   8        24 100
22  83  66  75   4   0  10 0.00  0.0    0 12.3 20 150   M    M   5        28 130
23  80  67  74   3   0   9 0.02  0.0    0 14.1 26 150   M    M   7 3      34 150
24  90  70  80   8   0  15 0.09  0.0    0 12.0 28 160   M    M   3 13     36 150
25  90  67  79   7   0  14 0.00  0.0    0 13.4 25 180   M    M   2 138    42 150
26  89  73  81   9   0  16    T  0.0    0 16.4 31 170   M    M   3 138    45 160
27  84  64  74   2   0   9 0.08  0.0    0  9.0 29 120   M    M   1 13     36 120
28  85  61  73   0   0   8 0.00  0.0    0  5.4 13 210   M    M   0        24 210
29  90  64  77   4   0  12 0.45  0.0    0  6.1 15 280   M    M   1 138    25 100
================================================================================
SM 2266 1639        69 143  1.89     0.0 251.6          M      105
================================================================================
AV 78.1 56.5                               8.7 FASTST   M    M   4    MAX(MPH)
                                 MISC ---->  # 35 290               # 45  300
================================================================================
NOTES:
# LAST OF SEVERAL OCCURRENCES

COLUMN 17 PEAK WIND IN M.P.H.

PRELIMINARY LOCAL CLIMATOLOGICAL DATA (WS FORM: F-6) , PAGE 2

                                          STATION:  GUTHRIE MUNICIPAL
                                          MONTH:    MAY
                                          YEAR:     2016
                                          LATITUDE:   35 50 N
                                          LONGITUDE:  97 25 W

[TEMPERATURE DATA]      [PRECIPITATION DATA]       SYMBOLS USED IN COLUMN 16

AVERAGE MONTHLY: 67.3   TOTAL FOR MONTH:   1.89    1 = FOG OR MIST
DPTR FM NORMAL:  -1.9   DPTR FM NORMAL:   -2.39    2 = FOG REDUCING VISIBILITY
HIGHEST:    91 ON 10    GRTST 24HR  0.66 ON 16-17      TO 1/4 MILE OR LESS
LOWEST:     40 ON  3                               3 = THUNDER
                        SNOW, ICE PELLETS, HAIL    4 = ICE PELLETS
                        TOTAL MONTH:   0.0 INCH    5 = HAIL
                        GRTST 24HR     0.0         6 = FREEZING RAIN OR DRIZZLE
                        GRTST DEPTH:   0           7 = DUSTSTORM OR SANDSTORM:
                                                       VSBY 1/2 MILE OR LESS
                                                   8 = SMOKE OR HAZE
[NO. OF DAYS WITH]      [WEATHER - DAYS WITH]      9 = BLOWING SNOW
                                                   X = TORNADO
MAX 32 OR BELOW:   0    0.01 INCH OR MORE:  12
MAX 90 OR ABOVE:   4    0.10 INCH OR MORE:   5
MIN 32 OR BELOW:   0    0.50 INCH OR MORE:   0
MIN  0 OR BELOW:   0    1.00 INCH OR MORE:   0

[HDD (BASE 65) ]
TOTAL THIS MO.    69    CLEAR  (SCALE 0-3)  15
DPTR FM NORMAL    35    PTCLDY (SCALE 4-7)  10
TOTAL FM JUL 1  2901    CLOUDY (SCALE 8-10)  4
DPTR FM NORMAL  -660

[CDD (BASE 65) ]
TOTAL THIS MO.   143
DPTR FM NORMAL   -15    [PRESSURE DATA]
TOTAL FM JAN 1   206    HIGHEST SLP M ON M
DPTR FM NORMAL   -24    LOWEST  SLP 29.48 ON  9

[REMARKS]
