000
CXUS55 KMSO 290800
CF6GPI
PRELIMINARY LOCAL CLIMATOLOGICAL DATA (WS FORM: F-6)

                                          STATION:   KALISPELL MT
                                          MONTH:     MARCH
                                          YEAR:      2015
                                          LATITUDE:   48 17 N
                                          LONGITUDE: 114 16 W

  TEMPERATURE IN F:       :PCPN:    SNOW:  WIND      :SUNSHINE: SKY     :PK WND
================================================================================
1   2   3   4   5  6A  6B    7    8   9   10  11  12  13   14  15   16   17  18
                                     12Z  AVG MX 2MIN
DY MAX MIN AVG DEP HDD CDD  WTR  SNW DPTH SPD SPD DIR MIN PSBL S-S WX    SPD DR
================================================================================

 1  36  11  24  -6  41   0 0.00  0.0    0  4.1 14  50   M    M   1        19  40
 2  33  14  24  -6  41   0 0.01    T    0 11.0 26  40   M    M   9 18     33  40
 3  28   9  19 -12  46   0 0.00  0.0    0  6.8 17  30   M    M   3        22  30
 4  36   4  20 -11  45   0 0.00  0.0    0  4.3 16 170   M    M   0        20 170
 5  44  13  29  -3  36   0 0.00  0.0    0  1.5  8 210   M    M   1 8      11 210
 6  55  17  36   4  29   0 0.00  0.0    0  2.9 15 160   M    M   1 18     18 170
 7  58  24  41   9  24   0 0.00  0.0    0  2.2  8 200   M    M   2        13 190
 8  56  19  38   6  27   0 0.00  0.0    0  3.1  9 150   M    M   1        11 150
 9  61  23  42   9  23   0 0.00  0.0    0  5.8 21 160   M    M   0        25 150
10  63  20  42   9  23   0 0.00  0.0    0  3.7 16 160   M    M   0        21 160
11  50  30  40   6  25   0 0.00  0.0    0  2.5  9  20   M    M   6 8      11  20
12  60  28  44  10  21   0 0.03  0.0    0  4.9 15 260   M    M   8        19 240
13  62  23  43   9  22   0 0.00  0.0    0  2.2  8 290   M    M   0        11  70
14  51  30  41   6  24   0 0.02  0.0    0  4.7 18 140   M    M   7        22 140
15  50  42  46  11  19   0 0.59  0.0    0  4.5 15 160   M    M  10 1      20 170
16  46  36  41   5  24   0 0.11  0.0    0 13.2 23  10   M    M   8 1      29  10
17  39  33  36   0  29   0 0.43    T    0  6.7 21  20   M    M   8 1      25  20
18  46  33  40   4  25   0 0.08  0.0    0  4.9 12 160   M    M   9 1      14 150
19  56  28  42   5  23   0 0.00  0.0    0  4.8 18 160   M    M   8        23 170
20  61  30  46   9  19   0 0.00  0.0    0  2.8  9 150   M    M   5        13 170
21  57  35  46   9  19   0    T  0.0    0  6.3 29 220   M    M   5 8      35 220
22  58  25  42   4  23   0 0.00  0.0    0  5.0 14 160   M    M   4        21 150
23  47  34  41   3  24   0 0.07  0.0    0  4.6 14 160   M    M   9 1      17 170
24  50  35  43   5  22   0 0.06  0.0    0  6.4 16 160   M    M   9 1      20 190
25  45  35  40   2  25   0 0.08  0.0    0  7.7 15 140   M    M  10        22 220
26  48  33  41   2  24   0 0.09  0.0    0  0.8  7  30   M    M  10 12      8 190
27  67  29  48   9  17   0 0.00  0.0    0  3.8 16 170   M    M   4 12     20 170
28  54  35  45   6  20   0 0.09  0.0    0  9.6 29 230   M    M   8 13     36 230
================================================================================
SM 1417  728       740   0  1.66    T    140.8          M      146
================================================================================
AV 50.6 26.0                               5.0 FASTST   M    M   5    MAX(MPH)
                                 MISC ---->  # 29 220               # 36  230
================================================================================
NOTES:
# LAST OF SEVERAL OCCURRENCES

COLUMN 17 PEAK WIND IN M.P.H.

PRELIMINARY LOCAL CLIMATOLOGICAL DATA (WS FORM: F-6) , PAGE 2

                                          STATION:  KALISPELL MT
                                          MONTH:    MARCH
                                          YEAR:     2015
                                          LATITUDE:   48 17 N
                                          LONGITUDE: 114 16 W

[TEMPERATURE DATA]      [PRECIPITATION DATA]       SYMBOLS USED IN COLUMN 16

AVERAGE MONTHLY: 38.3   TOTAL FOR MONTH:   1.66    1 = FOG OR MIST
DPTR FM NORMAL:   3.4   DPTR FM NORMAL:    0.68    2 = FOG REDUCING VISIBILITY
HIGHEST:    67 ON 27    GRTST 24HR  0.59 ON 15-15      TO 1/4 MILE OR LESS
LOWEST:      4 ON  4                               3 = THUNDER
                        SNOW, ICE PELLETS, HAIL    4 = ICE PELLETS
                        TOTAL MONTH:    T          5 = HAIL
                        GRTST 24HR    T  ON 17-17  6 = FREEZING RAIN OR DRIZZLE
                        GRTST DEPTH:   0           7 = DUSTSTORM OR SANDSTORM:
                                                       VSBY 1/2 MILE OR LESS
                                                   8 = SMOKE OR HAZE
[NO. OF DAYS WITH]      [WEATHER - DAYS WITH]      9 = BLOWING SNOW
                                                   X = TORNADO
MAX 32 OR BELOW:   1    0.01 INCH OR MORE:  12
MAX 90 OR ABOVE:   0    0.10 INCH OR MORE:   3
MIN 32 OR BELOW:  18    0.50 INCH OR MORE:   1
MIN  0 OR BELOW:   0    1.00 INCH OR MORE:   0

[HDD (BASE 65) ]
TOTAL THIS MO.   740    CLEAR  (SCALE 0-3)  10
DPTR FM NORMAL  -104    PTCLDY (SCALE 4-7)  10
TOTAL FM JUL 1  6190    CLOUDY (SCALE 8-10)  8
DPTR FM NORMAL  -506

[CDD (BASE 65) ]
TOTAL THIS MO.     0
DPTR FM NORMAL     0    [PRESSURE DATA]
TOTAL FM JAN 1     0    HIGHEST SLP M ON M
DPTR FM NORMAL     0    LOWEST  SLP 29.77 ON M

[REMARKS]
