000
CXUS55 KMSO 210800
CF6GPI
PRELIMINARY LOCAL CLIMATOLOGICAL DATA (WS FORM: F-6)

                                          STATION:   KALISPELL MT
                                          MONTH:     APRIL
                                          YEAR:      2014
                                          LATITUDE:   48 17 N
                                          LONGITUDE: 114 16 W

  TEMPERATURE IN F:       :PCPN:    SNOW:  WIND      :SUNSHINE: SKY     :PK WND
================================================================================
1   2   3   4   5  6A  6B    7    8   9   10  11  12  13   14  15   16   17  18
                                     12Z  AVG MX 2MIN
DY MAX MIN AVG DEP HDD CDD  WTR  SNW DPTH SPD SPD DIR MIN PSBL S-S WX    SPD DR
================================================================================

 1  54  28  41   1  24   0 0.00  0.0    0  7.7 16  30   M    M   2        19  40
 2  53  27  40  -1  25   0 0.00  0.0    0  5.1 17 300   M    M   5        26 280
 3  55  25  40  -1  25   0 0.00  0.0    0  5.6 17 160   M    M   5        22 150
 4  52  37  45   4  20   0    T  0.0    0  9.6 21 270   M    M   9        27 280
 5  53  32  43   2  22   0    T  0.0    0  8.5 22 220   M    M  10        29 220
 6  57  31  44   2  21   0 0.08  0.0    0 11.3 22 290   M    M   7 1      37 250
 7  66  27  47   5  18   0 0.00  0.0    0  4.7 29 260   M    M   6 1      36 250
 8  71  27  49   7  16   0 0.00  0.0    0  7.6 22 240   M    M   2        32 250
 9  59  36  48   6  17   0 0.01  0.0    0 11.0 25 210   M    M   4        37 200
10  61  27  44   2  21   0 0.00  0.0    0  6.8 18 210   M    M   0        27 210
11  59  31  45   2  20   0    T  0.0    0  5.7 22 250   M    M   7        29 260
12  43  27  35  -8  30   0 0.04    T    0 15.0 29  30   M    M   4 1      38  30
13  49  20  35  -8  30   0 0.00  0.0    0  6.2 17  30   M    M   0        20 180
14  60  19  40  -3  25   0 0.00  0.0    0  6.0 18 160   M    M   1        23 170
15  50  31  41  -3  24   0 0.06  0.0    0  4.2 26 260   M    M   8 1      37 280
16  51  27  39  -5  26   0    T  0.0    0  7.1 20 160   M    M   9 12     25 160
17  50  41  46   2  19   0 0.15  0.0    0  9.1 16 160   M    M  10        21 150
18  49  37  43  -1  22   0 0.02  0.0    0 11.5 28 230   M    M   9        35 220
19  63  22  43  -1  22   0 0.00  0.0    0  7.0 28 290   M    M   3        33 290
20  58  30  44  -1  21   0 0.01  0.0    0  9.2 21 220   M    M   6        30 220
================================================================================
SM 1113  582       448   0  0.37    T    158.9          M      107
================================================================================
AV 55.7 29.1                               7.9 FASTST   M    M   5    MAX(MPH)
                                 MISC ---->  # 29 260               # 38   30
================================================================================
NOTES:
# LAST OF SEVERAL OCCURRENCES

COLUMN 17 PEAK WIND IN M.P.H.

PRELIMINARY LOCAL CLIMATOLOGICAL DATA (WS FORM: F-6) , PAGE 2

                                          STATION:  KALISPELL MT
                                          MONTH:    APRIL
                                          YEAR:     2014
                                          LATITUDE:   48 17 N
                                          LONGITUDE: 114 16 W

[TEMPERATURE DATA]      [PRECIPITATION DATA]       SYMBOLS USED IN COLUMN 16

AVERAGE MONTHLY: 42.4   TOTAL FOR MONTH:   0.37    1 = FOG OR MIST
DPTR FM NORMAL:  -0.2   DPTR FM NORMAL:   -0.44    2 = FOG REDUCING VISIBILITY
HIGHEST:    71 ON  8    GRTST 24HR  0.16 ON 17-18      TO 1/4 MILE OR LESS
LOWEST:     19 ON 14                               3 = THUNDER
                        SNOW, ICE PELLETS, HAIL    4 = ICE PELLETS
                        TOTAL MONTH:    T          5 = HAIL
                        GRTST 24HR    T  ON 12-12  6 = FREEZING RAIN OR DRIZZLE
                        GRTST DEPTH:   0           7 = DUSTSTORM OR SANDSTORM:
                                                       VSBY 1/2 MILE OR LESS
                                                   8 = SMOKE OR HAZE
[NO. OF DAYS WITH]      [WEATHER - DAYS WITH]      9 = BLOWING SNOW
                                                   X = TORNADO
MAX 32 OR BELOW:   0    0.01 INCH OR MORE:   7
MAX 90 OR ABOVE:   0    0.10 INCH OR MORE:   1
MIN 32 OR BELOW:  16    0.50 INCH OR MORE:   0
MIN  0 OR BELOW:   0    1.00 INCH OR MORE:   0

[HDD (BASE 65) ]
TOTAL THIS MO.   448    CLEAR  (SCALE 0-3)   5
DPTR FM NORMAL    -2    PTCLDY (SCALE 4-7)  10
TOTAL FM JUL 1  7337    CLOUDY (SCALE 8-10)  5
DPTR FM NORMAL   116

[CDD (BASE 65) ]
TOTAL THIS MO.     0
DPTR FM NORMAL     0    [PRESSURE DATA]
TOTAL FM JAN 1     0    HIGHEST SLP M ON M
DPTR FM NORMAL     0    LOWEST  SLP 29.70 ON  1

[REMARKS]
