000
CXUS53 KGRB 300733
CF6GRB
PRELIMINARY LOCAL CLIMATOLOGICAL DATA (WS FORM: F-6)

                                          STATION:   GREEN BAY WI
                                          MONTH:     MARCH
                                          YEAR:      2017
                                          LATITUDE:   44 28 N
                                          LONGITUDE:  88  8 W

  TEMPERATURE IN F:       :PCPN:    SNOW:  WIND      :SUNSHINE: SKY     :PK WND
================================================================================
1   2   3   4   5  6A  6B    7    8   9   10  11  12  13   14  15   16   17  18
                                     12Z  AVG MX 2MIN
DY MAX MIN AVG DEP HDD CDD  WTR  SNW DPTH SPD SPD DIR MIN PSBL S-S WX    SPD DR
================================================================================

 1  36  19  28   3  37   0 0.51  5.9    T 14.0 26  10   M    M  10 12     33  20
 2  30  14  22  -3  43   0    T    T    6  8.9 23 260   M    M   6        27 250
 3  22   6  14 -12  51   0 0.00  0.0    5  6.8 14 280   M    M   0        16 260
 4  32   6  19  -7  46   0 0.00  0.0    5  9.0 21 140   M    M   3        26 140
 5  42  31  37  11  28   0    T  0.0    5 11.6 24 150   M    M   7        29 160
 6  55  42  49  22  16   0 0.04  0.0    0 11.7 23 160   M    M  10 13     29 160
 7  59  35  47  20  18   0 0.14    T    0 20.3 31 250   M    M   7 13     45 210
 8  40  29  35   8  30   0    T    T    0 25.6 43 280   M    M   4 8      57 280
 9  35  26  31   3  34   0 0.00  0.0    0  9.0 18 280   M    M   0        24 290
10  26  13  20  -8  45   0 0.00  0.0    0 14.2 22 320   M    M   1        28 320
11  28  10  19 -10  46   0 0.00  0.0    0 10.4 18 320   M    M   0        25 290
12  27  14  21  -8  44   0 0.03  0.5    1  5.6 15  30   M    M   3 1      18  20
13  25  14  20 -10  45   0 0.05  0.7    1 18.3 30  40   M    M   7 1      37  40
14  29  10  20 -10  45   0    T    T    1 10.7 18 320   M    M   3        24 320
15  37  16  27  -3  38   0 0.00  0.0    T  9.4 16 270   M    M   0        25 330
16  39  21  30  -1  35   0 0.00  0.0    T  6.0 14 180   M    M   0        16 220
17  37  31  34   3  31   0 0.19  1.8    1  7.4 14 130   M    M   9 18     17 130
18  43  30  37   5  28   0 0.02    T    T 11.4 23 300   M    M   9        27 310
19  43  27  35   3  30   0    T  0.0    0  7.1 20 150   M    M   6 3      23 150
20  55  33  44  12  21   0 0.00  0.0    0  6.7 17  20   M    M   2        21 360
21  44  23  34   1  31   0 0.00  0.0    0 12.1 22 350   M    M   3 1      27 360
22  36  18  27  -6  38   0 0.00  0.0    0  6.4 16 140   M    M   0        21  50
23  40  24  32  -2  33   0    T  0.0    0  9.7 21 130   M    M   9        27 150
24  41  35  38   4  27   0 0.55  0.0    0  9.9 23  30   M    M  10 1      28  40
25  38  35  37   2  28   0 0.13  0.0    0 16.8 24  50   M    M  10 1      30  40
26  39  35  37   2  28   0 0.29  0.0    0  8.5 15  40   M    M  10 1      17  30
27  44  37  41   6  24   0 0.00  0.0    0  4.0  9  60   M    M  10        11  50
28  50  31  41   5  24   0 0.00  0.0    0  5.9 14  40   M    M   1 1      16  40
29  42  32  37   1  28   0 0.01    T    0 10.2 17  40   M    M   4        21  20
================================================================================
SM 1114  697       972   0  1.96     8.9 307.6          M      144
================================================================================
AV 38.4 24.0                              10.6 FASTST   M    M   5    MAX(MPH)
                                 MISC ---->  # 43 280               # 57  280
================================================================================
NOTES:
# LAST OF SEVERAL OCCURRENCES

COLUMN 17 PEAK WIND IN M.P.H.

PRELIMINARY LOCAL CLIMATOLOGICAL DATA (WS FORM: F-6) , PAGE 2

                                          STATION:  GREEN BAY WI
                                          MONTH:    MARCH
                                          YEAR:     2017
                                          LATITUDE:   44 28 N
                                          LONGITUDE:  88  8 W

[TEMPERATURE DATA]      [PRECIPITATION DATA]       SYMBOLS USED IN COLUMN 16

AVERAGE MONTHLY: 31.2   TOTAL FOR MONTH:   1.96    1 = FOG OR MIST
DPTR FM NORMAL:   0.8   DPTR FM NORMAL:    0.25    2 = FOG REDUCING VISIBILITY
HIGHEST:    59 ON  7    GRTST 24HR  0.55 ON 24-24      TO 1/4 MILE OR LESS
LOWEST:      6 ON  4, 3                            3 = THUNDER
                        SNOW, ICE PELLETS, HAIL    4 = ICE PELLETS
                        TOTAL MONTH:   8.9 INCHES  5 = HAIL
                        GRTST 24HR   5.9 ON   M    6 = FREEZING RAIN OR DRIZZLE
                        GRTST DEPTH:   6 ON  2     7 = DUSTSTORM OR SANDSTORM:
                                                       VSBY 1/2 MILE OR LESS
                                                   8 = SMOKE OR HAZE
[NO. OF DAYS WITH]      [WEATHER - DAYS WITH]      9 = BLOWING SNOW
                                                   X = TORNADO
MAX 32 OR BELOW:   8    0.01 INCH OR MORE:  11
MAX 90 OR ABOVE:   0    0.10 INCH OR MORE:   6
MIN 32 OR BELOW:  22    0.50 INCH OR MORE:   2
MIN  0 OR BELOW:   0    1.00 INCH OR MORE:   0

[HDD (BASE 65) ]
TOTAL THIS MO.   972    CLEAR  (SCALE 0-3)  12
DPTR FM NORMAL   -32    PTCLDY (SCALE 4-7)   8
TOTAL FM JUL 1  5545    CLOUDY (SCALE 8-10)  9
DPTR FM NORMAL -1299

[CDD (BASE 65) ]
TOTAL THIS MO.     0
DPTR FM NORMAL     0    [PRESSURE DATA]
TOTAL FM JAN 1     0    HIGHEST SLP M ON M
DPTR FM NORMAL     0    LOWEST  SLP 29.28 ON  7

[REMARKS]
