000
CXUS53 KGRB 290716
CF6GRB
PRELIMINARY LOCAL CLIMATOLOGICAL DATA (WS FORM: F-6)

                                          STATION:   GREEN BAY WI
                                          MONTH:     JULY
                                          YEAR:      2015
                                          LATITUDE:   44 28 N
                                          LONGITUDE:  88  8 W

  TEMPERATURE IN F:       :PCPN:    SNOW:  WIND      :SUNSHINE: SKY     :PK WND
================================================================================
1   2   3   4   5  6A  6B    7    8   9   10  11  12  13   14  15   16   17  18
                                     12Z  AVG MX 2MIN
DY MAX MIN AVG DEP HDD CDD  WTR  SNW DPTH SPD SPD DIR MIN PSBL S-S WX    SPD DR
================================================================================

 1  71  48  60  -8   5   0 0.00  0.0    0  5.5 12  50   M    M   4        18  40
 2  74  47  61  -8   4   0 0.00  0.0    0  4.4 13  50   M    M   0        17 110
 3  76  51  64  -5   1   0 0.00  0.0    0  4.3 13 250   M    M   1 18     18 250
 4  83  59  71   2   0   6 0.00  0.0    0  3.5 14 120   M    M   1 18     16 140
 5  83  61  72   3   0   7 0.00  0.0    0  7.6 16 180   M    M   0 18     21 190
 6  80  61  71   2   0   6 0.04  0.0    0 10.3 17 340   M    M   6 18     30 350
 7  72  52  62  -7   3   0 0.00  0.0    0  9.7 20 360   M    M   6 18     24 360
 8  73  49  61  -8   4   0 0.00  0.0    0  3.4 14 140   M    M   0 1      17 140
 9  80  52  66  -3   0   1 0.00  0.0    0  3.1 10 170   M    M   1        14 310
10  84  56  70   1   0   5 0.00  0.0    0  4.7 13 210   M    M   1 18     17 230
11  83  59  71   2   0   6    T  0.0    0  5.1 15 210   M    M   1 18     20 220
12  83  62  73   4   0   8 0.00  0.0    0  5.3 15 150   M    M   3 18     16 150
13  84  65  75   6   0  10 1.33  0.0    0  7.3 36 280   M    M   4 138    48 270
14  77  54  66  -3   0   1    T  0.0    0 11.2 22 350   M    M   4        27  20
15  75  50  63  -6   2   0 0.00  0.0    0  4.7 12  50   M    M   0        14  50
16  78  52  65  -4   0   0 0.12  0.0    0  7.6 16 150   M    M   4 1      22 150
17  87  63  75   6   0  10    T  0.0    0  5.6 14 270   M    M   5 18     17 270
18  87  67  77   8   0  12 0.30  0.0    0  6.7 31 300   M    M   1 13     38 280
19  82  66  74   5   0   9 0.00  0.0    0 10.0 18 290   M    M   0        25 300
20  84  59  72   3   0   7 0.00  0.0    0  9.4 21 290   M    M   2        26 290
21  79  56  68  -1   0   3 0.00  0.0    0  8.3 17 300   M    M   1        23 310
22  82  55  69   0   0   4    T  0.0    0  3.0 15 140   M    M   4 1      17 140
23  85  61  73   4   0   8 0.00  0.0    0  5.2 10 250   M    M   3 1      13 330
24  83  61  72   3   0   7 0.00  0.0    0  7.1 20 210   M    M   0 1      26 210
25  87  64  76   7   0  11 0.00  0.0    0  4.3 13  60   M    M   2 18     17 360
26  87  60  74   5   0   9 0.00  0.0    0  2.5  9 250   M    M   0 1      16 130
27  87  59  73   4   0   8 0.00  0.0    0  3.5 13 160   M    M   0 1      16 160
28  88  59  74   5   0   9 0.00  0.0    0  7.0 17 140   M    M   0 18     23 190
================================================================================
SM 2274 1608        19 147  1.79     0.0 170.3          M       54
================================================================================
AV 81.2 57.4                               6.1 FASTST   M    M   2    MAX(MPH)
                                 MISC ---->  # 36 280               # 48  270
================================================================================
NOTES:
# LAST OF SEVERAL OCCURRENCES

COLUMN 17 PEAK WIND IN M.P.H.

PRELIMINARY LOCAL CLIMATOLOGICAL DATA (WS FORM: F-6) , PAGE 2

                                          STATION:  GREEN BAY WI
                                          MONTH:    JULY
                                          YEAR:     2015
                                          LATITUDE:   44 28 N
                                          LONGITUDE:  88  8 W

[TEMPERATURE DATA]      [PRECIPITATION DATA]       SYMBOLS USED IN COLUMN 16

AVERAGE MONTHLY: 69.3   TOTAL FOR MONTH:   1.79    1 = FOG OR MIST
DPTR FM NORMAL:   0.4   DPTR FM NORMAL:   -1.39    2 = FOG REDUCING VISIBILITY
HIGHEST:    88 ON 28    GRTST 24HR  1.33 ON 13-13      TO 1/4 MILE OR LESS
LOWEST:     47 ON  2                               3 = THUNDER
                        SNOW, ICE PELLETS, HAIL    4 = ICE PELLETS
                        TOTAL MONTH:   0.0 INCH    5 = HAIL
                        GRTST 24HR     0.0         6 = FREEZING RAIN OR DRIZZLE
                        GRTST DEPTH:   0           7 = DUSTSTORM OR SANDSTORM:
                                                       VSBY 1/2 MILE OR LESS
                                                   8 = SMOKE OR HAZE
[NO. OF DAYS WITH]      [WEATHER - DAYS WITH]      9 = BLOWING SNOW
                                                   X = TORNADO
MAX 32 OR BELOW:   0    0.01 INCH OR MORE:   4
MAX 90 OR ABOVE:   0    0.10 INCH OR MORE:   3
MIN 32 OR BELOW:   0    0.50 INCH OR MORE:   1
MIN  0 OR BELOW:   0    1.00 INCH OR MORE:   1

[HDD (BASE 65) ]
TOTAL THIS MO.    19    CLEAR  (SCALE 0-3)  20
DPTR FM NORMAL    -9    PTCLDY (SCALE 4-7)   8
TOTAL FM JUL 1    19    CLOUDY (SCALE 8-10)  0
DPTR FM NORMAL    -9

[CDD (BASE 65) ]
TOTAL THIS MO.   147
DPTR FM NORMAL     7    [PRESSURE DATA]
TOTAL FM JAN 1   242    HIGHEST SLP M ON M
DPTR FM NORMAL     1    LOWEST  SLP 29.48 ON 13

[REMARKS]
