000
CXUS53 KIWX 260800
CF6GSH
PRELIMINARY LOCAL CLIMATOLOGICAL DATA (WS FORM: F-6)

                                          STATION:   GOSHEN
                                          MONTH:     SEPTEMBER
                                          YEAR:      2016
                                          LATITUDE:   41 31 N
                                          LONGITUDE:  85 47 W

  TEMPERATURE IN F:       :PCPN:    SNOW:  WIND      :SUNSHINE: SKY     :PK WND
================================================================================
1   2   3   4   5  6A  6B    7    8   9   10  11  12  13   14  15   16   17  18
                                     12Z  AVG MX 2MIN
DY MAX MIN AVG DEP HDD CDD  WTR  SNW DPTH SPD SPD DIR MIN PSBL S-S WX    SPD DR
================================================================================

 1  73  57  65  -3   0   0 0.00  0.0    0  8.4 20  10   M    M   2        25  10
 2  76  53  65  -3   0   0 0.00  0.0    0  7.8 17  40   M    M   1        20  80
 3  79  50  65  -3   0   0 0.00  0.0    0  5.1 10 110   M    M   0 1      14 120
 4  81  51  66  -1   0   1 0.00  0.0    0  5.8 14 160   M    M   0 1      17 150
 5  88  57  73   6   0   8 0.00  0.0    0  7.6 16 160   M    M   1        22 210
 6  90  71  81  14   0  16 0.00  0.0    0  8.6 17 220   M    M   1        22 210
 7  91  73  82  16   0  17 0.00  0.0    M 11.5 20 210   M    M   0        27 200
 8  81  67  74   8   0   9 0.18  0.0    0  8.1 16 270   M    M   6 12     23 220
 9  82  66  74   8   0   9 1.07  0.0    0  6.3 30 120   M    M   8 1238   41 120
10  73  58  66   1   0   1 0.09  0.0    0 10.5 26 300   M    M   7 13     34 290
11  75  52  64  -1   1   0 0.00  0.0    0  2.0  9 250   M    M   1 1      12 270
12  77  52  65   0   0   0 0.00  0.0    0  5.6 16 200   M    M   0        23 210
13  83  54  69   5   0   4 0.00  0.0    0  7.0 16 220   M    M   0        20 220
14  75  59  67   3   0   2 0.00  0.0    0  6.9 15  30   M    M   4 1      19  30
15  76  56  66   3   0   1 0.00  0.0    0  6.4 13  50   M    M   0        17  70
16  83  56  70   7   0   5    T  0.0    0  8.2 17 170   M    M   0        21 170
17  79  63  71   8   0   6 0.25  0.0    0  7.8 17 260   M    M   6 1      23 280
18  79  56  68   6   0   3 0.00  0.0    0  3.3 13 280   M    M   1 1      16 290
19  84  51  68   6   0   3 0.00  0.0    0  4.3 14 180   M    M   1 12     19 210
20  82  60  71  10   0   6 0.00  0.0    0  3.2 10  60   M    M   3        13  30
21  85  59  72  11   0   7 0.00  0.0    0  3.8 15 210   M    M   1 18     19 240
22  85  60  73  13   0   8 0.00  0.0    0  3.6 13 230   M    M   0 18     18 250
23  78  63  71  11   0   6    T  0.0    0  5.1 15  50   M    M   3 18     20  50
24  77  61  69   9   0   4 0.00  0.0    0  7.0 13  70   M    M   6        18  70
25  83  57  70  11   0   5 0.05  0.0    0  8.3 14 170   M    M   3 3      17 140
================================================================================
SM 2015 1462         1 121  1.64     0.0 162.2          M       55
================================================================================
AV 80.6 58.5                               6.5 FASTST   M    M   2    MAX(MPH)
                                 MISC ---->  # 30 120               # 41  120
================================================================================
NOTES:
# LAST OF SEVERAL OCCURRENCES

COLUMN 17 PEAK WIND IN M.P.H.

PRELIMINARY LOCAL CLIMATOLOGICAL DATA (WS FORM: F-6) , PAGE 2

                                          STATION:  GOSHEN
                                          MONTH:    SEPTEMBER
                                          YEAR:     2016
                                          LATITUDE:   41 31 N
                                          LONGITUDE:  85 47 W

[TEMPERATURE DATA]      [PRECIPITATION DATA]       SYMBOLS USED IN COLUMN 16

AVERAGE MONTHLY: 69.5   TOTAL FOR MONTH:   1.64    1 = FOG OR MIST
DPTR FM NORMAL:   5.5   DPTR FM NORMAL:   -1.02    2 = FOG REDUCING VISIBILITY
HIGHEST:    91 ON  7    GRTST 24HR  1.16 ON  9-10      TO 1/4 MILE OR LESS
LOWEST:     50 ON  3                               3 = THUNDER
                        SNOW, ICE PELLETS, HAIL    4 = ICE PELLETS
                        TOTAL MONTH:   0.0 INCH    5 = HAIL
                        GRTST 24HR     0.0         6 = FREEZING RAIN OR DRIZZLE
                        GRTST DEPTH:   0           7 = DUSTSTORM OR SANDSTORM:
                                                       VSBY 1/2 MILE OR LESS
                                                   8 = SMOKE OR HAZE
[NO. OF DAYS WITH]      [WEATHER - DAYS WITH]      9 = BLOWING SNOW
                                                   X = TORNADO
MAX 32 OR BELOW:   0    0.01 INCH OR MORE:   5
MAX 90 OR ABOVE:   2    0.10 INCH OR MORE:   3
MIN 32 OR BELOW:   0    0.50 INCH OR MORE:   1
MIN  0 OR BELOW:   0    1.00 INCH OR MORE:   1

[HDD (BASE 65) ]
TOTAL THIS MO.     1    CLEAR  (SCALE 0-3)  17
DPTR FM NORMAL   -80    PTCLDY (SCALE 4-7)   7
TOTAL FM JUL 1     7    CLOUDY (SCALE 8-10)  1
DPTR FM NORMAL   -93

[CDD (BASE 65) ]
TOTAL THIS MO.   121
DPTR FM NORMAL    64    [PRESSURE DATA]
TOTAL FM JAN 1   983    HIGHEST SLP M ON M
DPTR FM NORMAL   336    LOWEST  SLP 29.76 ON 10

[REMARKS]
