000
CXGM50 PGUM 010005
CF6GSN
PRELIMINARY LOCAL CLIMATOLOGICAL DATA (WS FORM: F-6)

                                          STATION:   SAIPAN/ISLEY_(CGS) MP
                                          MONTH:     MAY
                                          YEAR:      2016
                                          LATITUDE:   15  7 N
                                          LONGITUDE: 145-44 E

  TEMPERATURE IN F:       :PCPN:    SNOW:  WIND      :SUNSHINE: SKY     :PK WND
================================================================================
1   2   3   4   5  6A  6B    7    8   9   10  11  12  13   14  15   16   17  18
                                     12Z  AVG MX 2MIN
DY MAX MIN AVG DEP HDD CDD  WTR  SNW DPTH SPD SPD DIR MIN PSBL S-S WX    SPD DR
================================================================================

 1  88  77  83   M   0  18    T  0.0    0 11.5 18 110   M    M   6        24  90
 2  88  76  82   M   0  17    T  0.0    0 13.6 20  70   M    M   6        26  80
 3  89  77  83   M   0  18    T  0.0    0 16.1 24  80   M    M   5        29  80
 4  88  77  83   M   0  18 0.05  0.0    0 15.7 23  70   M    M   4 1      29  60
 5  90  77  84   M   0  19 0.04  0.0    0 15.0 20  90   M    M   6        27  90
 6  87  77  82   M   0  17 0.02  0.0    0 18.1 24  80   M    M   7        29  80
 7  89  76  83   M   0  18 0.03  0.0    0 19.2 24  80   M    M   7 18     32  90
 8  88  77  83   M   0  18 0.32  0.0    0 17.8 23  70   M    M   6 1      31  80
 9  87  77  82   M   0  17 0.13  0.0    0 17.6 23  80   M    M   6 1      28  70
10  88  78  83   M   0  18    T  0.0    0 18.2 24  70   M    M   6        31  70
11  87  77  82   M   0  17 0.01  0.0    0 14.2 21  80   M    M   7 1      25  80
12  88  77  83   M   0  18 0.51  0.0    0 17.5 24  80   M    M   7        30  80
13  87  78  83   M   0  18    T  0.0    0 18.2 24  70   M    M   6        29 100
14  85  77  81   M   0  16 0.59  0.0    0 13.1 25  80   M    M   8 18     32  80
15  85  78  82   M   0  17    T  0.0    0  6.6 12  90   M    M   6        18  80
16  86  77  82   M   0  17 0.00  0.0    0  6.5 10 100   M    M   6        18 100
17  88  77  83   M   0  18 0.00  0.0    0  8.1 14 110   M    M   5        17  70
18  86  77  82   M   0  17 0.01  0.0    0 10.4 20 110   M    M   5        25  90
19  88  75  82   M   0  17 0.00  0.0    0 12.2 21  70   M    M   5        25  70
20  88  80  84   M   0  19 0.00  0.0    0 13.1 20  80   M    M   5        24  80
21  89  80  85   M   0  20 0.00  0.0    0 13.2 21  80   M    M   5        24  80
22  88  79  84   M   0  19    T  0.0    0 11.2 16 100   M    M   6        23 150
23  88  78  83   M   0  18 0.00  0.0    0  6.7 14  90   M    M   7        17 180
24  88  77  83   M   0  18    T  0.0    0  5.9 14 100   M    M   6        18 100
25  89  78  84   M   0  19    T  0.0    0  9.7 17  60   M    M   5        24  90
26  89  80  85   M   0  20 0.00  0.0    0  9.3 15 120   M    M   7        22 120
27  90  80  85   M   0  20 0.00  0.0    0  7.3 14 110   M    M   6        23 110
28  89  79  84   M   0  19    T  0.0    0  6.1 12 180   M    M   6        20 160
29  89  80  85   M   0  20 0.00  0.0    0  9.0 14 160   M    M   5        24 150
30  89  80  85   M   0  20 0.00  0.0    0  6.9 12 150   M    M   5        18 170
31  89  77  83   M   0  18    T  0.0    0  5.0 12 150   M    M   7        17 150
================================================================================
SM 2727 2410         0 563  1.71     0.0 373.0          M      184
================================================================================
AV 88.0 77.7                              12.0 FASTST   M    M   6    MAX(MPH)
                                 MISC ---->  # 25  80               # 32   90
================================================================================
NOTES:
# LAST OF SEVERAL OCCURRENCES

COLUMN 17 PEAK WIND IN M.P.H.

PRELIMINARY LOCAL CLIMATOLOGICAL DATA (WS FORM: F-6) , PAGE 2

                                          STATION:  SAIPAN/ISLEY_(CGS) MP
                                          MONTH:    MAY
                                          YEAR:     2016
                                          LATITUDE:   15  7 N
                                          LONGITUDE: 145-44 E

[TEMPERATURE DATA]      [PRECIPITATION DATA]       SYMBOLS USED IN COLUMN 16

AVERAGE MONTHLY: 82.9   TOTAL FOR MONTH:   1.71    1 = FOG OR MIST
DPTR FM NORMAL:     M   DPTR FM NORMAL:   -1.06    2 = FOG REDUCING VISIBILITY
HIGHEST:    90 ON 27, 5 GRTST 24HR  0.59 ON 13-14      TO 1/4 MILE OR LESS
LOWEST:     75 ON 19                               3 = THUNDER
                        SNOW, ICE PELLETS, HAIL    4 = ICE PELLETS
                        TOTAL MONTH:   0.0 INCH    5 = HAIL
                        GRTST 24HR     0.0         6 = FREEZING RAIN OR DRIZZLE
                        GRTST DEPTH:   0           7 = DUSTSTORM OR SANDSTORM:
                                                       VSBY 1/2 MILE OR LESS
                                                   8 = SMOKE OR HAZE
[NO. OF DAYS WITH]      [WEATHER - DAYS WITH]      9 = BLOWING SNOW
                                                   X = TORNADO
MAX 32 OR BELOW:   0    0.01 INCH OR MORE:  10
MAX 90 OR ABOVE:   2    0.10 INCH OR MORE:   4
MIN 32 OR BELOW:   0    0.50 INCH OR MORE:   2
MIN  0 OR BELOW:   0    1.00 INCH OR MORE:   0

[HDD (BASE 65) ]
TOTAL THIS MO.     0    CLEAR  (SCALE 0-3)   0
DPTR FM NORMAL     M    PTCLDY (SCALE 4-7)  31
TOTAL FM JUL 1     0    CLOUDY (SCALE 8-10)  0
DPTR FM NORMAL     M

[CDD (BASE 65) ]
TOTAL THIS MO.   563
DPTR FM NORMAL     M    [PRESSURE DATA]
TOTAL FM JAN 1  2359    HIGHEST SLP M ON M
DPTR FM NORMAL     M    LOWEST  SLP 29.67 ON 31

[REMARKS]
#FINAL-05-16#
