000
CXUS52 KGSP 240817
CF6GSP
PRELIMINARY LOCAL CLIMATOLOGICAL DATA (WS FORM: F-6)

                                          STATION:   GREENVILLE-SPARTANBURG SC
                                          MONTH:     MARCH
                                          YEAR:      2017
                                          LATITUDE:   34 54 N
                                          LONGITUDE:  82 13 W

  TEMPERATURE IN F:       :PCPN:    SNOW:  WIND      :SUNSHINE: SKY     :PK WND
================================================================================
1   2   3   4   5  6A  6B    7    8   9   10  11  12  13   14  15   16   17  18
                                     12Z  AVG MX 2MIN
DY MAX MIN AVG DEP HDD CDD  WTR  SNW DPTH SPD SPD DIR MIN PSBL S-S WX    SPD DR
================================================================================

 1  77  56  67  18   0   2 0.88    T    0 12.5 37 260   M    M   5 135    51 250
 2  61  40  51   2  14   0 0.00  0.0    0  7.0 20 350   M    M   0        30 350
 3  58  33  46  -4  19   0 0.00  0.0    0  6.2 15  20   M    M   0        20  50
 4  58  28  43  -7  22   0 0.00  0.0    0  4.2 14 200   M    M   0        19 200
 5  63  34  49  -1  16   0 0.00  0.0    0  6.1 16  30   M    M   0        20  30
 6  63  43  53   3  12   0 0.06  0.0    0  3.3  9 180   M    M   8 1      14 180
 7  73  50  62  12   3   0 0.08  0.0    0 11.5 25 200   M    M   7 1      33 210
 8  72  46  59   8   6   0    T  0.0    0  7.3 21  10   M    M   3        28 360
 9  74  38  56   5   9   0 0.00  0.0    0  5.6 20 210   M    M   0        25 210
10  72  44  58   7   7   0 0.30  0.0    0 10.8 22 200   M    M   2 13     30  10
11  53  37  45  -7  20   0 0.04  0.0    0  4.5 12  20   M    M   6        17 300
12  44  31  38 -14  27   0 0.40  0.5    T  5.3 14  90   M    M   7 1      17  50
13  44  28  36 -16  29   0 0.18  0.0    0  8.1 15  40   M    M   6 18     21  40
14  52  30  41 -11  24   0 0.06  0.0    0  8.4 21 350   M    M   8 12     30 360
15  42  24  33 -20  32   0 0.00  0.0    0  9.0 23 350   M    M   0        29 330
16  53  23  38 -15  27   0 0.00  0.0    0  5.4 15 250   M    M   0        19 260
17  63  28  46  -7  19   0 0.00  0.0    0  6.2 18 220   M    M   6        26 210
18  73  50  62   9   3   0 0.01  0.0    0 10.9 21 260   M    M   4        30 260
19  58  38  48  -6  17   0 0.00  0.0    0  7.3 17  10   M    M   0        23 360
20  72  32  52  -2  13   0 0.00  0.0    0  4.6 14 210   M    M   0        21 200
21  86  50  68  14   0   3 3.90    T    0  5.0 29  70   M    M   1 1358   37 170
22  67  49  58   4   7   0    T  0.0    0  7.4 18 340   M    M   1 1      28 350
23  61  40  51  -4  14   0 0.00  0.0    0  7.0 21  80   M    M   2        25  90
================================================================================
SM 1439  872       340   5  5.91     0.5 163.6          M       66
================================================================================
AV 62.6 37.9                               7.1 FASTST   M    M   3    MAX(MPH)
                                 MISC ---->  # 37 260               # 51  250
================================================================================
NOTES:
# LAST OF SEVERAL OCCURRENCES

COLUMN 17 PEAK WIND IN M.P.H.

PRELIMINARY LOCAL CLIMATOLOGICAL DATA (WS FORM: F-6) , PAGE 2

                                          STATION:  GREENVILLE-SPARTANBURG SC
                                          MONTH:    MARCH
                                          YEAR:     2017
                                          LATITUDE:   34 54 N
                                          LONGITUDE:  82 13 W

[TEMPERATURE DATA]      [PRECIPITATION DATA]       SYMBOLS USED IN COLUMN 16

AVERAGE MONTHLY: 50.2   TOTAL FOR MONTH:   5.91    1 = FOG OR MIST
DPTR FM NORMAL:  -1.6   DPTR FM NORMAL:    2.53    2 = FOG REDUCING VISIBILITY
HIGHEST:    86 ON 21    GRTST 24HR  3.90 ON 21-21      TO 1/4 MILE OR LESS
LOWEST:     23 ON 16                               3 = THUNDER
                        SNOW, ICE PELLETS, HAIL    4 = ICE PELLETS
                        TOTAL MONTH:   0.5 INCH    5 = HAIL
                        GRTST 24HR   0.5 ON 12-12  6 = FREEZING RAIN OR DRIZZLE
                        GRTST DEPTH:   T           7 = DUSTSTORM OR SANDSTORM:
                                                       VSBY 1/2 MILE OR LESS
                                                   8 = SMOKE OR HAZE
[NO. OF DAYS WITH]      [WEATHER - DAYS WITH]      9 = BLOWING SNOW
                                                   X = TORNADO
MAX 32 OR BELOW:   0    0.01 INCH OR MORE:  10
MAX 90 OR ABOVE:   0    0.10 INCH OR MORE:   5
MIN 32 OR BELOW:   8    0.50 INCH OR MORE:   2
MIN  0 OR BELOW:   0    1.00 INCH OR MORE:   1

[HDD (BASE 65) ]
TOTAL THIS MO.   340    CLEAR  (SCALE 0-3)  13
DPTR FM NORMAL    32    PTCLDY (SCALE 4-7)   9
TOTAL FM JUL 1  2066    CLOUDY (SCALE 8-10)  1
DPTR FM NORMAL  -691

[CDD (BASE 65) ]
TOTAL THIS MO.     5
DPTR FM NORMAL     5    [PRESSURE DATA]
TOTAL FM JAN 1    11    HIGHEST SLP M ON M
DPTR FM NORMAL    11    LOWEST  SLP 29.72 ON 14

[REMARKS]
