000
CXGM50 PGUM 231850
CF6GUM
PRELIMINARY LOCAL CLIMATOLOGICAL DATA (WS FORM: F-6)

                                          STATION:   GUAM INTERNATIONAL AIRPORT
                                          MONTH:     MAY
                                          YEAR:      2016
                                          LATITUDE:   13 29 N
                                          LONGITUDE: 144-48 E

  TEMPERATURE IN F:       :PCPN:    SNOW:  WIND      :SUNSHINE: SKY     :PK WND
================================================================================
1   2   3   4   5  6A  6B    7    8   9   10  11  12  13   14  15   16   17  18
                                     12Z  AVG MX 2MIN
DY MAX MIN AVG DEP HDD CDD  WTR  SNW DPTH SPD SPD DIR MIN PSBL S-S WX    SPD DR
================================================================================

 1  89  80  85   3   0  20 0.03  0.0    0  9.7 17 100   M    M   4        22 110
 2  92  76  84   2   0  19 0.06  0.0    0 10.7 21  50   M    M   3        23  50
 3  88  78  83   1   0  18 0.19  0.0    0 11.5 22  90   M    M   4 1      28  80
 4  90  79  85   3   0  20    T  0.0    0 10.5 18  70   M    M   2        23  80
 5  89  76  83   1   0  18 0.12  0.0    0 10.3 18  90   M    M   3        25  90
 6  87  81  84   2   0  19 0.02  0.0    0 13.3 23  70   M    M   5        29  70
 7  89  78  84   2   0  19 0.11  0.0    0 15.3 25  70   M    M   6 1      32  80
 8  90  79  85   3   0  20    T  0.0    0 14.0 23  70   M    M   5        30  80
 9  91  82  87   5   0  22    T  0.0    0 16.0 26  80   M    M   4        32  50
10  89  79  84   2   0  19 0.20  0.0    0 13.2 24  70   M    M   4 1      31  80
11  89  79  84   2   0  19    T  0.0    0 11.3 20  80   M    M   4        25  80
12  90  81  86   4   0  21 0.01  0.0    0 13.6 24  80   M    M   4        29  80
13  90  82  86   4   0  21 0.00  0.0    0 15.4 24  80   M    M   3        30  80
14  90  79  85   3   0  20    T  0.0    0  8.0 16  80   M    M   2        21  80
15  90  80  85   3   0  20 0.00  0.0    0  9.1 16  80   M    M   3        22 100
16  91  79  85   2   0  20    T  0.0    0  8.0 15  90   M    M   1        21 110
17  91  80  86   3   0  21 0.00  0.0    0  8.8 15  90   M    M   1        20 110
18  90  81  86   3   0  21 0.00  0.0    0 10.7 20  70   M    M   2        25  80
19  91  80  86   3   0  21 0.19  0.0    0 11.7 22  80   M    M   4        26  80
20  89  80  85   2   0  20 0.15  0.0    0  8.7 17  70   M    M   3        23  80
21  90  82  86   3   0  21 0.00  0.0    0 11.4 21  80   M    M   3        26  80
22  89  81  85   2   0  20 0.00  0.0    0 10.2 20  80   M    M   3        26  80
23  90  80  85   2   0  20 0.00  0.0    0  6.1 13  90   M    M   2        16 100
================================================================================
SM 2064 1832         0 459  1.08     0.0 257.5          M       75
================================================================================
AV 89.7 79.7                              11.2 FASTST   M    M   3    MAX(MPH)
                                 MISC ---->  # 26  80               # 32   80
================================================================================
NOTES:
# LAST OF SEVERAL OCCURRENCES

COLUMN 17 PEAK WIND IN M.P.H.

PRELIMINARY LOCAL CLIMATOLOGICAL DATA (WS FORM: F-6) , PAGE 2

                                          STATION:  GUAM INTERNATIONAL AIRPORT
                                          MONTH:    MAY
                                          YEAR:     2016
                                          LATITUDE:   13 29 N
                                          LONGITUDE: 144-48 E

[TEMPERATURE DATA]      [PRECIPITATION DATA]       SYMBOLS USED IN COLUMN 16

AVERAGE MONTHLY: 84.7   TOTAL FOR MONTH:   1.08    1 = FOG OR MIST
DPTR FM NORMAL:   2.3   DPTR FM NORMAL:   -2.01    2 = FOG REDUCING VISIBILITY
HIGHEST:    92 ON  2    GRTST 24HR  0.34 ON 19-20      TO 1/4 MILE OR LESS
LOWEST:     76 ON  5, 2                            3 = THUNDER
                        SNOW, ICE PELLETS, HAIL    4 = ICE PELLETS
                        TOTAL MONTH:   0.0 INCH    5 = HAIL
                        GRTST 24HR     0.0         6 = FREEZING RAIN OR DRIZZLE
                        GRTST DEPTH:   0           7 = DUSTSTORM OR SANDSTORM:
                                                       VSBY 1/2 MILE OR LESS
                                                   8 = SMOKE OR HAZE
[NO. OF DAYS WITH]      [WEATHER - DAYS WITH]      9 = BLOWING SNOW
                                                   X = TORNADO
MAX 32 OR BELOW:   0    0.01 INCH OR MORE:  10
MAX 90 OR ABOVE:  14    0.10 INCH OR MORE:   6
MIN 32 OR BELOW:   0    0.50 INCH OR MORE:   0
MIN  0 OR BELOW:   0    1.00 INCH OR MORE:   0

[HDD (BASE 65) ]
TOTAL THIS MO.     0    CLEAR  (SCALE 0-3)  10
DPTR FM NORMAL     0    PTCLDY (SCALE 4-7)  13
TOTAL FM JUL 1     0    CLOUDY (SCALE 8-10)  0
DPTR FM NORMAL     0

[CDD (BASE 65) ]
TOTAL THIS MO.   459
DPTR FM NORMAL    57    [PRESSURE DATA]
TOTAL FM JAN 1  2519    HIGHEST SLP M ON M
DPTR FM NORMAL   233    LOWEST  SLP 29.78 ON 15

[REMARKS]
