000
CXUS52 KFFC 261110
CF6GVL
PRELIMINARY LOCAL CLIMATOLOGICAL DATA (WS FORM: F-6)

                                          STATION:   GAINESVILLE
                                          MONTH:     MAY
                                          YEAR:      2015
                                          LATITUDE:   34 16 N
                                          LONGITUDE:  83 50 W

  TEMPERATURE IN F:       :PCPN:    SNOW:  WIND      :SUNSHINE: SKY     :PK WND
================================================================================
1   2   3   4   5  6A  6B    7    8   9   10  11  12  13   14  15   16   17  18
                                     12Z  AVG MX 2MIN
DY MAX MIN AVG DEP HDD CDD  WTR  SNW DPTH SPD SPD DIR MIN PSBL S-S WX    SPD DR
================================================================================

 1  72  47  60  -4   5   0 0.00    M    M  7.7 15 330   M    M   1        26 320
 2  75  47  61  -4   4   0 0.00  0.0    M  3.8 14 270   M    M   0        17 270
 3  79  50  65   0   0   0 0.00  0.0    M  3.2 12 260   M    M   2        16 170
 4  79  54  67   2   0   2 0.00  0.0    M  3.7 12 260   M    M   2        14 270
 5  80  57  69   4   0   4 0.00  0.0    M  3.7 14 140   M    M   1        18 140
 6  81  56  69   3   0   4 0.00  0.0    M  3.4 14  70   M    M   0        20 130
 7  83  57  70   4   0   5 0.00  0.0    M  3.8 17 100   M    M   0        21  90
 8  86  61  74   8   0   9    T  0.0    M  4.2 17 360   M    M   3        23 360
 9  84  67  76  10   0  11 0.00  0.0    M  5.2 14  80   M    M   3        17  80
10  87  64  76   9   0  11 0.00  0.0    M  4.0 13 250   M    M   2        19 240
11  88  66  77  10   0  12    T  0.0    M  4.8 20 240   M    M   1 3      24 240
12  84  67  76   9   0  11    T  0.0    M  8.4 16 310   M    M   1        24 250
13  86  61  74   7   0   9 0.00  0.0    M  4.8 10 330   M    M   0        15 300
14  80  62  71   3   0   6 0.00  0.0    M  9.4 17  90   M    M   1        24  60
15  79  64  72   4   0   7 0.00    M    M  4.7 10 140   M    M   6        14 120
16  83  63  73   5   0   8 0.00    M    M  4.0 12 120   M    M   4        19 120
17  82  65  74   6   0   9    T    M    M  3.3 10 300   M    M   6 1      14  10
18  84  66  75   6   0  10 0.62    M    M  5.0 21 280   M    M   6 1238   28 300
19  83  66  75   6   0  10    T    M    M  7.5 16 280   M    M   2        20 240
20  87  64  76   7   0  11    T    M    M  5.2 15 260   M    M   1        19 250
21  79  57  68  -2   0   3 0.00    M    M 13.3 23 290   M    M   3        30 290
22  77  52  65  -5   0   0 0.00    M    M  4.8 13 320   M    M   0        15 160
23  80  56  68  -2   0   3 0.00    M    M  6.3 15 100   M    M   0        20 100
24  81  58  70   0   0   5 0.00    M    M  6.5 13 100   M    M   3        18 100
25  80  61  71   0   0   6 0.52    M    M  6.3 13 180   M    M   7 13     18 230
================================================================================
SM 2039 1488         9 156  1.14     0.0 137.0          M       55
================================================================================
AV 81.6 59.5                               5.5 FASTST   M    M   2    MAX(MPH)
                                 MISC ---->  # 23 290               # 30  290
================================================================================
NOTES:
# LAST OF SEVERAL OCCURRENCES

COLUMN 17 PEAK WIND IN M.P.H.

PRELIMINARY LOCAL CLIMATOLOGICAL DATA (WS FORM: F-6) , PAGE 2

                                          STATION:  GAINESVILLE
                                          MONTH:    MAY
                                          YEAR:     2015
                                          LATITUDE:   34 16 N
                                          LONGITUDE:  83 50 W

[TEMPERATURE DATA]      [PRECIPITATION DATA]       SYMBOLS USED IN COLUMN 16

AVERAGE MONTHLY: 70.5   TOTAL FOR MONTH:   1.14    1 = FOG OR MIST
DPTR FM NORMAL:   3.1   DPTR FM NORMAL:   -2.05    2 = FOG REDUCING VISIBILITY
HIGHEST:    88 ON 11    GRTST 24HR  0.62 ON 18-18      TO 1/4 MILE OR LESS
LOWEST:     47 ON  2, 1                            3 = THUNDER
                        SNOW, ICE PELLETS, HAIL    4 = ICE PELLETS
                        TOTAL MONTH:   0.0 INCH    5 = HAIL
                        GRTST 24HR     0.0         6 = FREEZING RAIN OR DRIZZLE
                        GRTST DEPTH:  M  ON   M    7 = DUSTSTORM OR SANDSTORM:
                                                       VSBY 1/2 MILE OR LESS
                                                   8 = SMOKE OR HAZE
[NO. OF DAYS WITH]      [WEATHER - DAYS WITH]      9 = BLOWING SNOW
                                                   X = TORNADO
MAX 32 OR BELOW:   0    0.01 INCH OR MORE:   2
MAX 90 OR ABOVE:   0    0.10 INCH OR MORE:   2
MIN 32 OR BELOW:   0    0.50 INCH OR MORE:   2
MIN  0 OR BELOW:   0    1.00 INCH OR MORE:   0

[HDD (BASE 65) ]
TOTAL THIS MO.     9    CLEAR  (SCALE 0-3)  19
DPTR FM NORMAL   -28    PTCLDY (SCALE 4-7)   6
TOTAL FM JUL 1  3034    CLOUDY (SCALE 8-10)  0
DPTR FM NORMAL   -28

[CDD (BASE 65) ]
TOTAL THIS MO.   156
DPTR FM NORMAL    62    [PRESSURE DATA]
TOTAL FM JAN 1   202    HIGHEST SLP M ON M
DPTR FM NORMAL    69    LOWEST  SLP 29.85 ON M

[REMARKS]
