000
CXUS52 KFFC 231110
CF6GVL
PRELIMINARY LOCAL CLIMATOLOGICAL DATA (WS FORM: F-6)

                                          STATION:   GAINESVILLE
                                          MONTH:     SEPTEMBER
                                          YEAR:      2014
                                          LATITUDE:   34 16 N
                                          LONGITUDE:  83 50 W

  TEMPERATURE IN F:       :PCPN:    SNOW:  WIND      :SUNSHINE: SKY     :PK WND
================================================================================
1   2   3   4   5  6A  6B    7    8   9   10  11  12  13   14  15   16   17  18
                                     12Z  AVG MX 2MIN
DY MAX MIN AVG DEP HDD CDD  WTR  SNW DPTH SPD SPD DIR MIN PSBL S-S WX    SPD DR
================================================================================

 1  90  70  80   4   0  15 0.00    M    M  4.1 15 160   M    M   0 3      22 160
 2  91  71  81   5   0  16 0.03    M    M  3.7 17 270   M    M   1 3      22 270
 3  92  70  81   5   0  16 2.03    M    M  4.8 25 150   M    M   3 138    32 150
 4  85  70  78   2   0  13 0.74  0.0    M  3.2 14  10   M    M   7 12     23  10
 5  88  71  80   5   0  15 0.00  0.0    M  3.8 10 160   M    M   4 12     14 150
 6  89  71  80   5   0  15 0.00  0.0    M  3.4 13 330   M    M   2 1      18 300
 7  87  70  79   4   0  14    T  0.0    M  5.5 16 100   M    M   2 3      20 100
 8  80  68  74   0   0   9 0.29  0.0    M  6.9 13  90   M    M   9 1      16  50
 9  82  67  75   1   0  10 0.00    M    M  4.6 10 100   M    M   6        13  90
10  83  67  75   1   0  10 0.00    M    M  5.7 10 140   M    M   7        14  80
11  88  69  79   5   0  14 0.07    M    M  5.6 15 240   M    M   4        19 250
12  86  72  79   6   0  14    T    M    M  4.6 12 250   M    M   2        15 230
13  86  72  79   6   0  14 0.21  0.0    M  4.5 18 310   M    M   4 18     22 300
14  72  63  68  -5   0   3 0.50  0.0    M  8.5 15  80   M    M   9 1      20  70
15  73  63  68  -4   0   3    T  0.0    M  3.5  8  80   M    M  10 1      11  60
16  85  69  77   5   0  12 0.25  0.0    M  5.2 15 330   M    M   5 18     21 360
17  81  65  73   2   0   8 0.00  0.0    M  5.3 13 300   M    M   1 1      17 280
18  81  65  73   2   0   8 0.00  0.0    0  3.4  9 170   M    M   5 1      13 190
19  80  66  73   2   0   8 0.00    M    M  9.0 15  60   M    M   3        20  90
20  81  65  73   3   0   8 0.00    M    M  7.2 15  90   M    M   3        23  60
21  85  60  73   3   0   8    T    M    M  7.5 17 250   M    M   1        23 250
22  80  62  71   1   0   6 0.00  0.0    0  4.7 12 320   M    M   4        14 320
================================================================================
SM 1845 1486         0 239  4.12     0.0 114.7          M       92
================================================================================
AV 83.9 67.5                               5.2 FASTST   M    M   4    MAX(MPH)
                                 MISC ---->  # 25 150               # 32  150
================================================================================
NOTES:
# LAST OF SEVERAL OCCURRENCES

COLUMN 17 PEAK WIND IN M.P.H.

PRELIMINARY LOCAL CLIMATOLOGICAL DATA (WS FORM: F-6) , PAGE 2

                                          STATION:  GAINESVILLE
                                          MONTH:    SEPTEMBER
                                          YEAR:     2014
                                          LATITUDE:   34 16 N
                                          LONGITUDE:  83 50 W

[TEMPERATURE DATA]      [PRECIPITATION DATA]       SYMBOLS USED IN COLUMN 16

AVERAGE MONTHLY: 75.7   TOTAL FOR MONTH:   4.12    1 = FOG OR MIST
DPTR FM NORMAL:   2.5   DPTR FM NORMAL:    0.70    2 = FOG REDUCING VISIBILITY
HIGHEST:    92 ON  3    GRTST 24HR  2.76 ON  3- 4      TO 1/4 MILE OR LESS
LOWEST:     60 ON 21                               3 = THUNDER
                        SNOW, ICE PELLETS, HAIL    4 = ICE PELLETS
                        TOTAL MONTH:   0.0 INCH    5 = HAIL
                        GRTST 24HR     0.0         6 = FREEZING RAIN OR DRIZZLE
                        GRTST DEPTH:   0           7 = DUSTSTORM OR SANDSTORM:
                                                       VSBY 1/2 MILE OR LESS
                                                   8 = SMOKE OR HAZE
[NO. OF DAYS WITH]      [WEATHER - DAYS WITH]      9 = BLOWING SNOW
                                                   X = TORNADO
MAX 32 OR BELOW:   0    0.01 INCH OR MORE:   8
MAX 90 OR ABOVE:   3    0.10 INCH OR MORE:   6
MIN 32 OR BELOW:   0    0.50 INCH OR MORE:   3
MIN  0 OR BELOW:   0    1.00 INCH OR MORE:   1

[HDD (BASE 65) ]
TOTAL THIS MO.     0    CLEAR  (SCALE 0-3)   8
DPTR FM NORMAL    -2    PTCLDY (SCALE 4-7)  11
TOTAL FM JUL 1     0    CLOUDY (SCALE 8-10)  3
DPTR FM NORMAL    -2

[CDD (BASE 65) ]
TOTAL THIS MO.   239
DPTR FM NORMAL    56    [PRESSURE DATA]
TOTAL FM JAN 1  1586    HIGHEST SLP M ON M
DPTR FM NORMAL    77    LOWEST  SLP 29.85 ON 17

[REMARKS]
