000
CXUS54 KJAN 311200
CF6GWO
PRELIMINARY LOCAL CLIMATOLOGICAL DATA (WS FORM: F-6)

                                          STATION:   GREENWOOD
                                          MONTH:     JANUARY
                                          YEAR:      2015
                                          LATITUDE:   33 30 N
                                          LONGITUDE:  90  5 W

  TEMPERATURE IN F:       :PCPN:    SNOW:  WIND      :SUNSHINE: SKY     :PK WND
================================================================================
1   2   3   4   5  6A  6B    7    8   9   10  11  12  13   14  15   16   17  18
                                     12Z  AVG MX 2MIN
DY MAX MIN AVG DEP HDD CDD  WTR  SNW DPTH SPD SPD DIR MIN PSBL S-S WX    SPD DR
================================================================================

 1  43  34  39  -5  26   0 0.68    M    0  3.9 13 100   M    M   8 1      17  90
 2  56  42  49   6  16   0 1.09  0.0    0  5.6 18  90   M    M  10 1      21  90
 3  69  55  62  19   3   0 0.77  0.0    0 11.8 24 170   M    M  10 13     33 210
 4  56  30  43   0  22   0    T  0.0    0  7.7 18 360   M    M   6        24 330
 5  44  26  35  -8  30   0 0.00  0.0    0  5.6 16  20   M    M   0        21 360
 6  53  24  39  -4  26   0 0.00  0.0    0  4.3 13 360   M    M   0        16 360
 7  40  17  29 -14  36   0 0.00    M    0 12.4 24 350   M    M   1        33 360
 8  28  10  19 -24  46   0 0.00  0.0    0  4.2 15  20   M    M   0        19  20
 9  41  19  30 -13  35   0    T    M    0  5.1 15 340   M    M   0        19 330
10  42  19  31 -12  34   0 0.00  0.0    0  3.9 16  80   M    M   2        20  80
11  54  35  45   2  20   0 0.13  0.0    M  5.9 15 150   M    M   9 1      20 150
12  56  40  48   5  17   0 0.27  0.0    0  8.1 17 170   M    M  10 12     23 360
13  40  32  36  -7  29   0 0.00  0.0    0 10.0 16  30   M    M  10 18     23  20
14  41  30  36  -7  29   0    T    M    M  3.7 10 360   M    M   6        12 360
15  43  26  35  -8  30   0 0.02    M    0  1.5  8 340   M    M   6 14      9 350
16  53  22  38  -5  27   0 0.00  0.0    0  1.6  8 270   M    M   0        11 260
17  62  27  45   2  20   0 0.00  0.0    0  6.5 15 170   M    M   1        19 220
18  62  31  47   4  18   0 0.00  0.0    0  3.3 12 230   M    M   0 1      14 230
19  66  33  50   7  15   0 0.00  0.0    0  6.8 20 220   M    M   0        27 210
20  65  36  51   8  14   0 0.00  0.0    0  4.2 12 210   M    M   0        15 200
21  63  30  47   4  18   0 0.00  0.0    0  4.0 12 350   M    M   0        14 360
22  49  39  44   1  21   0 1.07  0.0    0 11.2 25  20   M    M   9 1      31  30
23  41  37  39  -4  26   0 0.32    M    0  9.1 18  40   M    M  10 1      24  40
24  53  28  41  -3  24   0 0.00  0.0    0  5.8 15 220   M    M   1 12     20 220
25  59  38  49   5  16   0 0.09  0.0    0 10.6 24 260   M    M   4 3      33 280
26  50  37  44   0  21   0 0.00  0.0    0  8.0 16 340   M    M   6        23 320
27  61  33  47   3  18   0 0.00  0.0    0  4.6 15  20   M    M   0        19  20
28  66  33  50   6  15   0 0.00  0.0    0  7.0 13 180   M    M   0        16 180
29  69  45  57  13   8   0 0.00  0.0    0 12.7 22 350   M    M   2        31 360
30  55  30  43  -1  22   0 0.00  0.0    0  5.6 14  10   M    M   1        20  20
================================================================================
SM 1580  938       682   0  4.44     0.0 194.7          M      112
================================================================================
AV 52.7 31.3                               6.5 FASTST   M    M   4    MAX(MPH)
                                 MISC ---->  # 25  20               # 33  210
================================================================================
NOTES:
# LAST OF SEVERAL OCCURRENCES

COLUMN 17 PEAK WIND IN M.P.H.

PRELIMINARY LOCAL CLIMATOLOGICAL DATA (WS FORM: F-6) , PAGE 2

                                          STATION:  GREENWOOD
                                          MONTH:    JANUARY
                                          YEAR:     2015
                                          LATITUDE:   33 30 N
                                          LONGITUDE:  90  5 W

[TEMPERATURE DATA]      [PRECIPITATION DATA]       SYMBOLS USED IN COLUMN 16

AVERAGE MONTHLY: 42.0   TOTAL FOR MONTH:   4.44    1 = FOG OR MIST
DPTR FM NORMAL:  -1.3   DPTR FM NORMAL:    0.08    2 = FOG REDUCING VISIBILITY
HIGHEST:    69 ON 29, 3 GRTST 24HR  1.75 ON  1- 2      TO 1/4 MILE OR LESS
LOWEST:     10 ON  8                               3 = THUNDER
                        SNOW, ICE PELLETS, HAIL    4 = ICE PELLETS
                        TOTAL MONTH:   0.0 INCH    5 = HAIL
                        GRTST 24HR     0.0         6 = FREEZING RAIN OR DRIZZLE
                        GRTST DEPTH:   0           7 = DUSTSTORM OR SANDSTORM:
                                                       VSBY 1/2 MILE OR LESS
                                                   8 = SMOKE OR HAZE
[NO. OF DAYS WITH]      [WEATHER - DAYS WITH]      9 = BLOWING SNOW
                                                   X = TORNADO
MAX 32 OR BELOW:   1    0.01 INCH OR MORE:   9
MAX 90 OR ABOVE:   0    0.10 INCH OR MORE:   7
MIN 32 OR BELOW:  16    0.50 INCH OR MORE:   4
MIN  0 OR BELOW:   0    1.00 INCH OR MORE:   2

[HDD (BASE 65) ]
TOTAL THIS MO.   682    CLEAR  (SCALE 0-3)  17
DPTR FM NORMAL    28    PTCLDY (SCALE 4-7)   5
TOTAL FM JUL 1  1782    CLOUDY (SCALE 8-10)  8
DPTR FM NORMAL    62

[CDD (BASE 65) ]
TOTAL THIS MO.     0
DPTR FM NORMAL     0    [PRESSURE DATA]
TOTAL FM JAN 1     0    HIGHEST SLP M ON M
DPTR FM NORMAL     0    LOWEST  SLP 29.74 ON 25

[REMARKS]
