000
CXUS55 KBOU 271112
CF6GXY
PRELIMINARY LOCAL CLIMATOLOGICAL DATA (WS FORM: F-6)

                                          STATION:   GREELEY  CO
                                          MONTH:     AUGUST
                                          YEAR:      2014
                                          LATITUDE:   40 25 N
                                          LONGITUDE: 104 38 W

  TEMPERATURE IN F:       :PCPN:    SNOW:  WIND      :SUNSHINE: SKY     :PK WND
================================================================================
1   2   3   4   5  6A  6B    7    8   9   10  11  12  13   14  15   16   17  18
                                     12Z  AVG MX 2MIN
DY MAX MIN AVG DEP HDD CDD  WTR  SNW DPTH SPD SPD DIR MIN PSBL S-S WX    SPD DR
================================================================================

 1  82  61  72   M   0   7    M    M    M  3.9  8 230   M    M   0         M  M
 2  88  52  70   M   0   5    M    M    M  3.4  7 200   M    M   0         M  M
 3  90  54  72   M   0   7    M    M    M  4.1  8 100   M    M   0         M  M
 4  88  55  72   M   0   7    M    M    M  5.2 18 350   M    M   0        24 350
 5  88  57  73   M   0   8    M    M    M  4.6 14 240   M    M   1        25 240
 6  88  55  72   M   0   7    M    M    M  5.1 17  60   M    M   0         M  M
 7  79  55  67   M   0   2    M    M    M  3.7 12 170   M    M   0 3       M  M
 8  84  52  68   M   0   3    M    M    M  3.7 16 190   M    M   0        20 190
 9  88  55  72   M   0   7    M    M    M  4.4 15 210   M    M   1 3      17  10
10  82  54  68   M   0   3    M    M    M  3.6  8  40   M    M   1        16  20
11  88  52  70   M   0   5    M    M    M  2.4  7 230   M    M   0         M  M
12  93  52  73   M   0   8    M    M    M  3.8  9 120   M    M   0         M  M
13  93  54  74   M   0   9    M    M    M  5.0 10 160   M    M   0         M  M
14  88  63  76   M   0  11    M    M    M  6.1 16 340   M    M   3        20 320
15  90  57  74   M   0   9    M    M    M  5.7 20 280   M    M   1 3      30 280
16  93  54  74   M   0   9    M    M    M  5.7 18 360   M    M   0        17 300
17  95  52  74   M   0   9    M    M    M  5.0 14 220   M    M   0        17 220
18  91  52  72   M   0   7    M    M    M  4.8  9  80   M    M   0        18  80
19  91  54  73   M   0   8    M    M    M  4.7 20 340   M    M   0        30 340
20  90  59  75   M   0  10    M    M    M  5.1  9  30   M    M   0 3       M  M
21  90  55  73   M   0   8    M    M    M  4.6 12 350   M    M   2         M  M
22  75  61  68   M   0   3    M    M    M  5.5 16 120   M    M   5         M  M
23  82  55  69   M   0   4    M    M    M   M  17 280   M    M   3 3      30 280
24  82  48  65   M   0   0    M    M    M  4.4  9  50   M    M   0         M  M
25  81  55  68   M   0   3    M    M    M  8.3 20  10   M    M   2        27  10
26  81  55  68   M   0   3    M    M    M  4.5 14 280   M    M   4        16 170
================================================================================
SM 2260 1428         0 162    M     M    117.3          M       23
================================================================================
AV 86.9 54.9                               4.7 FASTST   M    M   1    MAX(MPH)
                                 MISC ---->    20   M                 30    M
================================================================================
NOTES:
# LAST OF SEVERAL OCCURRENCES

COLUMN 17 PEAK WIND IN M.P.H.

PRELIMINARY LOCAL CLIMATOLOGICAL DATA (WS FORM: F-6) , PAGE 2

                                          STATION:  GREELEY  CO
                                          MONTH:    AUGUST
                                          YEAR:     2014
                                          LATITUDE:   40 25 N
                                          LONGITUDE: 104 38 W

[TEMPERATURE DATA]      [PRECIPITATION DATA]       SYMBOLS USED IN COLUMN 16

AVERAGE MONTHLY: 70.9   TOTAL FOR MONTH:      M    1 = FOG OR MIST
DPTR FM NORMAL:     M   DPTR FM NORMAL:       M    2 = FOG REDUCING VISIBILITY
HIGHEST:    95 ON 17    GRTST 24HR    M  ON   M        TO 1/4 MILE OR LESS
LOWEST:     48 ON 24                               3 = THUNDER
                        SNOW, ICE PELLETS, HAIL    4 = ICE PELLETS
                        TOTAL MONTH:    M          5 = HAIL
                        GRTST 24HR    M  ON   M    6 = FREEZING RAIN OR DRIZZLE
                        GRTST DEPTH:  M  ON   M    7 = DUSTSTORM OR SANDSTORM:
                                                       VSBY 1/2 MILE OR LESS
                                                   8 = SMOKE OR HAZE
[NO. OF DAYS WITH]      [WEATHER - DAYS WITH]      9 = BLOWING SNOW
                                                   X = TORNADO
MAX 32 OR BELOW:   0    0.01 INCH OR MORE:   0
MAX 90 OR ABOVE:  10    0.10 INCH OR MORE:   0
MIN 32 OR BELOW:   0    0.50 INCH OR MORE:   0
MIN  0 OR BELOW:   0    1.00 INCH OR MORE:   0

[HDD (BASE 65) ]
TOTAL THIS MO.     0    CLEAR  (SCALE 0-3)  22
DPTR FM NORMAL     M    PTCLDY (SCALE 4-7)   4
TOTAL FM JUL 1     6    CLOUDY (SCALE 8-10)  0
DPTR FM NORMAL     M

[CDD (BASE 65) ]
TOTAL THIS MO.   162
DPTR FM NORMAL     M    [PRESSURE DATA]
TOTAL FM JAN 1   409    HIGHEST SLP M ON M
DPTR FM NORMAL     M    LOWEST  SLP M ON M

[REMARKS]
