000
CXUS54 KEWX 290910
CF6GYB
PRELIMINARY LOCAL CLIMATOLOGICAL DATA (WS FORM: F-6)

                                          STATION:   Giddings-Lee County Airport
                                          MONTH:     MAY
                                          YEAR:      2017
                                          LATITUDE:   30 10 N
                                          LONGITUDE:  96 59 W

  TEMPERATURE IN F:       :PCPN:    SNOW:  WIND      :SUNSHINE: SKY     :PK WND
================================================================================
1   2   3   4   5  6A  6B    7    8   9   10  11  12  13   14  15   16   17  18
                                     12Z  AVG MX 2MIN
DY MAX MIN AVG DEP HDD CDD  WTR  SNW DPTH SPD SPD DIR MIN PSBL S-S WX    SPD DR
================================================================================

 1  86  48  67   M   0   2 0.00    M    M  7.4 17 220   M    M   0        24 220
 2  87  57  72   M   0   7 0.00    M    M  6.2 12 150   M    M   0        18 150
 3  89  61  75   M   0  10 0.04    M    M  9.5 18  10   M    M   6 18     28  10
 4  75  52  64   M   1   0 0.00    M    M  8.6 17  10   M    M   0        30  10
 5  79  52  66   M   0   1 0.00    M    M  5.7 14 340   M    M   0        21 340
 6  84  49  67   M   0   2 0.00    M    M  2.3  9 200   M    M   0         M  M
 7  84  54  69   M   0   4 0.00    M    M  4.9 12 130   M    M   1 1      18 130
 8  83  60  72   M   0   7 0.00    M    M  5.2 10 140   M    M   5        17 150
 9  81  63  72   M   0   7 0.02    M    M  5.8 15 140   M    M   6        21 150
10  82  68  75   M   0  10 0.00    M    M  7.2 13 160   M    M   7 1      20 170
11  87  70  79   M   0  14 0.00    M    M  7.2 17 180   M    M   7 1      22 190
12  83  60  72   M   0   7 0.01    M    M  9.1 18 320   M    M   1        23 330
13  84  57  71   M   0   6 0.00    M    M  3.7  8  30   M    M   0         M  M
14  88  60  74   M   0   9 0.00    M    M  4.5 10 150   M    M   2 12      M  M
15  88  62  75   M   0  10 0.00    M    M  5.4 12 140   M    M   3 1       M  M
16  86  66  76   M   0  11 0.00    M    M  8.9 15 150   M    M   7        23 190
17  75  71  73   M   0   8 0.14    M    M  4.5 12 180   M    M   9 1      20 160
18  88  74  81   M   0  16 0.00    M    M  7.8 15 160   M    M   8 1      24 170
19  90  72  81   M   0  16 0.00    M    M 10.1 17 150   M    M   4        23 150
20  81  66  74   M   0   9 0.15    M    M  4.1 10 340   M    M   6        16 170
21  78  62  70   M   0   5 0.03    M    M  6.6 14  30   M    M   7        17  30
22  75  61  68   M   0   3 0.04    M    M  5.5 10  70   M    M   9        16  70
23  83  57  70   M   0   5 0.40    M    M  5.1 12 310   M    M   5 1      18  20
24  83  55  69   M   0   4 0.00    M    M  6.0 14 320   M    M   0        22 320
25  90  58  74   M   0   9 0.00    M    M 10.1 21 210   M    M   1        25 210
26  90  75  83   M   0  18 0.00    M    M  9.0 13 180   M    M   9        20 190
27  93  76  85   M   0  20 0.00    M    M  9.7 14 200   M    M   7 18     20 190
28  92  69  81   M   0  16 0.00    M    M  6.7 10 100   M    M   6 18     18 180
================================================================================
SM 2364 1735         1 236  0.83    M    186.8          M      116
================================================================================
AV 84.4 62.0                               6.7 FASTST   M    M   4    MAX(MPH)
                                 MISC ---->  # 21 210               # 30   10
================================================================================
NOTES:
# LAST OF SEVERAL OCCURRENCES

COLUMN 17 PEAK WIND IN M.P.H.

PRELIMINARY LOCAL CLIMATOLOGICAL DATA (WS FORM: F-6) , PAGE 2

                                          STATION:  Giddings-Lee County Airport
                                          MONTH:    MAY
                                          YEAR:     2017
                                          LATITUDE:   30 10 N
                                          LONGITUDE:  96 59 W

[TEMPERATURE DATA]      [PRECIPITATION DATA]       SYMBOLS USED IN COLUMN 16

AVERAGE MONTHLY: 73.2   TOTAL FOR MONTH:   0.83    1 = FOG OR MIST
DPTR FM NORMAL:     M   DPTR FM NORMAL:       M    2 = FOG REDUCING VISIBILITY
HIGHEST:    93 ON 27    GRTST 24HR  0.40 ON 23-23      TO 1/4 MILE OR LESS
LOWEST:     48 ON  1                               3 = THUNDER
                        SNOW, ICE PELLETS, HAIL    4 = ICE PELLETS
                        TOTAL MONTH:    M          5 = HAIL
                        GRTST 24HR    M  ON   M    6 = FREEZING RAIN OR DRIZZLE
                        GRTST DEPTH:  M  ON   M    7 = DUSTSTORM OR SANDSTORM:
                                                       VSBY 1/2 MILE OR LESS
                                                   8 = SMOKE OR HAZE
[NO. OF DAYS WITH]      [WEATHER - DAYS WITH]      9 = BLOWING SNOW
                                                   X = TORNADO
MAX 32 OR BELOW:   0    0.01 INCH OR MORE:   8
MAX 90 OR ABOVE:   5    0.10 INCH OR MORE:   3
MIN 32 OR BELOW:   0    0.50 INCH OR MORE:   0
MIN  0 OR BELOW:   0    1.00 INCH OR MORE:   0

[HDD (BASE 65) ]
TOTAL THIS MO.     1    CLEAR  (SCALE 0-3)  12
DPTR FM NORMAL     M    PTCLDY (SCALE 4-7)  13
TOTAL FM JUL 1   952    CLOUDY (SCALE 8-10)  3
DPTR FM NORMAL     M

[CDD (BASE 65) ]
TOTAL THIS MO.   236
DPTR FM NORMAL     M    [PRESSURE DATA]
TOTAL FM JAN 1   608    HIGHEST SLP M ON M
DPTR FM NORMAL     M    LOWEST  SLP M ON M

[REMARKS]
