000
CXUS54 KFWD 290730
CF6GYI
PRELIMINARY LOCAL CLIMATOLOGICAL DATA (WS FORM: F-6)

                                          STATION:   SHERMAN DENISON
                                          MONTH:     JULY
                                          YEAR:      2016
                                          LATITUDE:   33 42 N
                                          LONGITUDE:  96 40 W

  TEMPERATURE IN F:       :PCPN:    SNOW:  WIND      :SUNSHINE: SKY     :PK WND
================================================================================
1   2   3   4   5  6A  6B    7    8   9   10  11  12  13   14  15   16   17  18
                                     12Z  AVG MX 2MIN
DY MAX MIN AVG DEP HDD CDD  WTR  SNW DPTH SPD SPD DIR MIN PSBL S-S WX    SPD DR
================================================================================

 1  98  74  86   5   0  21 0.00  0.0    0  7.4 10 150   M    M   1         M  M
 2  98  78  88   7   0  23 0.00  0.0    0 11.9 16 190   M    M   1        23 180
 3  98  82  90   9   0  25 0.00  0.0    0 16.3 23 180   M    M   2        29 180
 4  94  75  85   4   0  20 0.00  0.0    0  8.6 17 210   M    M   5 3      25 180
 5  98  76  87   5   0  22    M  0.0    0 10.6 18 190   M    M   1 3      21 150
 6  98  79  89   7   0  24 0.00  0.0    0 17.7 23 190   M    M   0        30 190
 7  99  79  89   7   0  24 0.00  0.0    0 19.4 24 190   M    M   0        32 180
 8  98  78  88   6   0  23 0.00  0.0    0 12.6 18 190   M    M   1        24 190
 9  92  69  81  -1   0  16 0.98  0.0    0  8.2 35  30   M    M   3 3      48  50
10  94  71  83   1   0  18 0.00  0.0    0  9.5 14 150   M    M   2 8      20 150
11  96  76  86   4   0  21 0.00  0.0    0 15.0 24 170   M    M   2 8      29 170
12  95  77  86   4   0  21 0.00  0.0    0 17.5 24 170   M    M   0        35 160
13  98  78  88   6   0  23 0.00  0.0    0 16.0 27 190   M    M   0        31 190
14  98  77  88   6   0  23 0.00  0.0    0  9.8 16  50   M    M   0 3      33  50
15  89  72  81  -2   0  16 0.01  0.0    0  6.6 18  10   M    M   3 3      27  10
16  96  73  85   2   0  20 0.00  0.0    0  7.9 14 150   M    M   1        22 200
17  96  78  87   4   0  22 0.00  0.0    0 11.3 15 150   M    M   0        21 170
18  96  77  87   4   0  22 0.00  0.0    0  8.4 12 190   M    M   0        17 150
19  97  78  88   5   0  23 0.00  0.0    0  7.1 12 130   M    M   1         M  M
20  98  77  88   5   0  23 0.00  0.0    0  7.9 13 160   M    M   1        17 160
21  99  78  89   6   0  24 0.00  0.0    0  8.7 13 190   M    M   1        20 220
22 100  77  89   6   0  24 0.00  0.0    0  8.3 13 190   M    M   0        16 170
23 100  79  90   7   0  25 0.00  0.0    0  8.6 13 180   M    M   1        18 180
24 100  79  90   7   0  25 0.00  0.0    0  7.9 12 150   M    M   1         M  M
25  97  77  87   4   0  22 0.00  0.0    0  5.7 13 150   M    M   0 3       M  M
26  97  74  86   3   0  21 0.33  0.0    0  3.8 12  60   M    M   2 3       M  M
27  86  75  81  -2   0  16 0.00  0.0    0  3.3 10 130   M    M   3 138     M  M
28  96  76  86   3   0  21 0.00  0.0    0  6.7 15 140   M    M   2        23 140
================================================================================
SM 2701 2139         0 608  1.32     0.0 282.7          M       34
================================================================================
AV 96.5 76.4                              10.1 FASTST   M    M   1    MAX(MPH)
                                 MISC ---->  # 35  30                 48    M
================================================================================
NOTES:
# LAST OF SEVERAL OCCURRENCES

COLUMN 17 PEAK WIND IN M.P.H.

PRELIMINARY LOCAL CLIMATOLOGICAL DATA (WS FORM: F-6) , PAGE 2

                                          STATION:  SHERMAN DENISON
                                          MONTH:    JULY
                                          YEAR:     2016
                                          LATITUDE:   33 42 N
                                          LONGITUDE:  96 40 W

[TEMPERATURE DATA]      [PRECIPITATION DATA]       SYMBOLS USED IN COLUMN 16

AVERAGE MONTHLY: 86.4   TOTAL FOR MONTH:   1.32    1 = FOG OR MIST
DPTR FM NORMAL:   4.1   DPTR FM NORMAL:   -1.11    2 = FOG REDUCING VISIBILITY
HIGHEST:   100 ON 24,23 GRTST 24HR  0.98 ON  9- 9      TO 1/4 MILE OR LESS
LOWEST:     69 ON  9                               3 = THUNDER
                        SNOW, ICE PELLETS, HAIL    4 = ICE PELLETS
                        TOTAL MONTH:   0.0 INCH    5 = HAIL
                        GRTST 24HR     0.0         6 = FREEZING RAIN OR DRIZZLE
                        GRTST DEPTH:   0           7 = DUSTSTORM OR SANDSTORM:
                                                       VSBY 1/2 MILE OR LESS
                                                   8 = SMOKE OR HAZE
[NO. OF DAYS WITH]      [WEATHER - DAYS WITH]      9 = BLOWING SNOW
                                                   X = TORNADO
MAX 32 OR BELOW:   0    0.01 INCH OR MORE:   3
MAX 90 OR ABOVE:  26    0.10 INCH OR MORE:   2
MIN 32 OR BELOW:   0    0.50 INCH OR MORE:   1
MIN  0 OR BELOW:   0    1.00 INCH OR MORE:   0

[HDD (BASE 65) ]
TOTAL THIS MO.     0    CLEAR  (SCALE 0-3)  27
DPTR FM NORMAL     0    PTCLDY (SCALE 4-7)   1
TOTAL FM JUL 1     0    CLOUDY (SCALE 8-10)  0
DPTR FM NORMAL     0

[CDD (BASE 65) ]
TOTAL THIS MO.   608
DPTR FM NORMAL   122    [PRESSURE DATA]
TOTAL FM JAN 1  1261    HIGHEST SLP M ON M
DPTR FM NORMAL   112    LOWEST  SLP M ON M

[REMARKS]
