000
CXUS54 KJAN 191000
CF6HBG
PRELIMINARY LOCAL CLIMATOLOGICAL DATA (WS FORM: F-6)

                                          STATION:   HATTIESBURG
                                          MONTH:     AUGUST
                                          YEAR:      2017
                                          LATITUDE:   31 16 N
                                          LONGITUDE:  89 15 W

  TEMPERATURE IN F:       :PCPN:    SNOW:  WIND      :SUNSHINE: SKY     :PK WND
================================================================================
1   2   3   4   5  6A  6B    7    8   9   10  11  12  13   14  15   16   17  18
                                     12Z  AVG MX 2MIN
DY MAX MIN AVG DEP HDD CDD  WTR  SNW DPTH SPD SPD DIR MIN PSBL S-S WX    SPD DR
================================================================================

 1  89  66  78  -4   0  13 0.00  0.0    0  2.4 12  60   M    M   1        15  70
 2  87  69  78  -4   0  13    T  0.0    0  1.6  7  20   M    M   1         8  20
 3  83  72  78  -4   0  13 0.04  0.0    0  3.9 12 140   M    M   6 1      15 150
 4  90  73  82   0   0  17 0.02  0.0    0  3.5 21 150   M    M   6 1      26 140
 5  91  73  82   0   0  17 0.00  0.0    0  3.7 13 140   M    M   4 123    19 220
 6  87  75  81  -1   0  16 0.48  0.0    0  5.6 15 230   M    M   5 13     20 180
 7  91  74  83   1   0  18 0.59  0.0    0  4.6 21 320   M    M   4 13     26 310
 8  85  73  79  -3   0  14 1.55  0.0    0  1.9 18 290   M    M   5 13     22 300
 9  93  74  84   2   0  19 0.80  0.0    0  3.6 14 350   M    M   5 138    16 340
10  90  72  81  -1   0  16 1.23  0.0    0  1.9 17 260   M    M   6 13     23 260
11  90  73  82   0   0  17 1.47  0.0    0  3.4 21 180   M    M   7 123    24 250
12  91  73  82   0   0  17 0.00  0.0    0  1.6 10 310   M    M   2        13 280
13  93  74  84   2   0  19 0.01  0.0    0  2.5 17 280   M    M   2 1      24 270
14  93  73  83   1   0  18 0.01  0.0    0  4.4 16 190   M    M   1 3      22 190
15  92  75  84   2   0  19    T  0.0    0  3.7 17 170   M    M   1 3      20 170
16  91  71  81  -1   0  16 0.23  0.0    0  3.6 18 250   M    M   3 13     23 220
17  92  71  82   0   0  17 0.00  0.0    0  3.3 12 230   M    M   1        16 240
18  94  75  85   3   0  20 0.07  0.0    0  3.7 20 360   M    M   2 38     25  10
================================================================================
SM 1622 1306         0 299  6.50     0.0  58.9          M       62
================================================================================
AV 90.1 72.6                               3.3 FASTST   M    M   3    MAX(MPH)
                                 MISC ---->  # 21 150               # 26  140
================================================================================
NOTES:
# LAST OF SEVERAL OCCURRENCES

COLUMN 17 PEAK WIND IN M.P.H.

PRELIMINARY LOCAL CLIMATOLOGICAL DATA (WS FORM: F-6) , PAGE 2

                                          STATION:  HATTIESBURG
                                          MONTH:    AUGUST
                                          YEAR:     2017
                                          LATITUDE:   31 16 N
                                          LONGITUDE:  89 15 W

[TEMPERATURE DATA]      [PRECIPITATION DATA]       SYMBOLS USED IN COLUMN 16

AVERAGE MONTHLY: 81.3   TOTAL FOR MONTH:   6.50    1 = FOG OR MIST
DPTR FM NORMAL:  -0.7   DPTR FM NORMAL:    3.81    2 = FOG REDUCING VISIBILITY
HIGHEST:    94 ON 18    GRTST 24HR  1.55 ON  8- 8      TO 1/4 MILE OR LESS
LOWEST:     66 ON  1                               3 = THUNDER
                        SNOW, ICE PELLETS, HAIL    4 = ICE PELLETS
                        TOTAL MONTH:   0.0 INCH    5 = HAIL
                        GRTST 24HR     0.0         6 = FREEZING RAIN OR DRIZZLE
                        GRTST DEPTH:   0           7 = DUSTSTORM OR SANDSTORM:
                                                       VSBY 1/2 MILE OR LESS
                                                   8 = SMOKE OR HAZE
[NO. OF DAYS WITH]      [WEATHER - DAYS WITH]      9 = BLOWING SNOW
                                                   X = TORNADO
MAX 32 OR BELOW:   0    0.01 INCH OR MORE:  12
MAX 90 OR ABOVE:  13    0.10 INCH OR MORE:   7
MIN 32 OR BELOW:   0    0.50 INCH OR MORE:   5
MIN  0 OR BELOW:   0    1.00 INCH OR MORE:   3

[HDD (BASE 65) ]
TOTAL THIS MO.     0    CLEAR  (SCALE 0-3)   9
DPTR FM NORMAL     0    PTCLDY (SCALE 4-7)   9
TOTAL FM JUL 1     0    CLOUDY (SCALE 8-10)  0
DPTR FM NORMAL     0

[CDD (BASE 65) ]
TOTAL THIS MO.   299
DPTR FM NORMAL    -7    [PRESSURE DATA]
TOTAL FM JAN 1  1742    HIGHEST SLP M ON M
DPTR FM NORMAL    76    LOWEST  SLP 29.83 ON 14

[REMARKS]
