000
CXUS54 KJAN 011200
CF6HBG
PRELIMINARY LOCAL CLIMATOLOGICAL DATA (WS FORM: F-6)

                                          STATION:   HATTIESBURG
                                          MONTH:     APRIL
                                          YEAR:      2016
                                          LATITUDE:   31 16 N
                                          LONGITUDE:  89 15 W

  TEMPERATURE IN F:       :PCPN:    SNOW:  WIND      :SUNSHINE: SKY     :PK WND
================================================================================
1   2   3   4   5  6A  6B    7    8   9   10  11  12  13   14  15   16   17  18
                                     12Z  AVG MX 2MIN
DY MAX MIN AVG DEP HDD CDD  WTR  SNW DPTH SPD SPD DIR MIN PSBL S-S WX    SPD DR
================================================================================

 1  74  55  65   3   0   0 0.35  0.0    0  6.2 14 350   M    M   8 13     20 330
 2  69  44  57  -5   8   0 0.00  0.0    0  8.8 22 310   M    M   0 8      29 300
 3  76  39  58  -4   7   0 0.00  0.0    0  1.8 10 310   M    M   0        15 300
 4  80  45  63   0   2   0 0.00  0.0    0  3.0 13 290   M    M   0        19 270
 5  82  48  65   2   0   0 0.00  0.0    0  2.2 10 120   M    M   0        14  70
 6  78  52  65   2   0   0 0.00  0.0    0  7.0 23 180   M    M   2        31 210
 7  81  53  67   4   0   2 0.00  0.0    0  5.0 14 240   M    M   0        18 250
 8  74  50  62  -1   3   0 0.00  0.0    0  7.9 20 310   M    M   0        26 320
 9  78  42  60  -4   5   0 0.00  0.0    0  2.7 13 340   M    M   0        17 340
10  81  54  68   4   0   3 0.00  0.0    0  8.7 24 160   M    M   1        32 190
11  79  54  67   3   0   2 0.43  0.0    0 11.6 23  70   M    M   6 13     31 180
12  72  62  67   3   0   2 0.50  0.0    0  4.7 13 320   M    M   9 13     15 320
13  68  59  64   0   1   0 0.23  0.0    0  4.0 12 130   M    M   8 1      15 140
14  80  63  72   7   0   7 3.33  0.0    0  4.9 12 140   M    M   9 123    16 230
15  67  61  64  -1   1   0    T  0.0    0  7.7 14  70   M    M  10        18 100
16  70  61  66   1   0   1    T  0.0    0  7.3 15  60   M    M  10 1      23  80
17  81  58  70   4   0   5 0.00  0.0    0  7.8 18 100   M    M   2        23 130
18  82  54  68   2   0   3 0.00  0.0    0  5.3 16 130   M    M   0        21 130
19  77  51  64  -2   1   0 0.00  0.0    0  1.8 15 160   M    M   1 1      19 140
20  84  60  72   6   0   7 0.00  0.0    0  5.0 17 130   M    M   2 128    22 130
21  84  64  74   7   0   9 0.04  0.0    0  5.6 16 180   M    M   8 1      21 170
22  82  62  72   5   0   7 0.00  0.0    0  5.4 20 340   M    M   4        26 340
23  82  54  68   1   0   3 0.00  0.0    0  3.7 14  40   M    M   0        20 360
24  84  52  68   0   0   3 0.00  0.0    0  3.8 14 140   M    M   0        19 190
25  86  63  75   7   0  10 0.00  0.0    0  4.6 14 180   M    M   3        19 140
26  88  62  75   7   0  10 0.00  0.0    0  5.8 18 150   M    M   4 12     23 150
27  81  64  73   5   0   8 0.11  0.0    0  4.6 29 140   M    M   5 123    37 150
28  85  66  76   7   0  11 0.06  0.0    0  6.4 20 180   M    M   4 1      23 200
29  89  67  78   9   0  13 0.00  0.0    0  8.5 25 150   M    M   3        30 150
30  82  64  73   4   0   8 0.95  0.0    0  8.1 37 140   M    M   6 13     47 130
================================================================================
SM 2376 1683        28 114  6.00     0.0 169.9          M      105
================================================================================
AV 79.2 56.1                               5.7 FASTST   M    M   4    MAX(MPH)
                                 MISC ---->  # 37 140               # 47  130
================================================================================
NOTES:
# LAST OF SEVERAL OCCURRENCES

COLUMN 17 PEAK WIND IN M.P.H.

PRELIMINARY LOCAL CLIMATOLOGICAL DATA (WS FORM: F-6) , PAGE 2

                                          STATION:  HATTIESBURG
                                          MONTH:    APRIL
                                          YEAR:     2016
                                          LATITUDE:   31 16 N
                                          LONGITUDE:  89 15 W

[TEMPERATURE DATA]      [PRECIPITATION DATA]       SYMBOLS USED IN COLUMN 16

AVERAGE MONTHLY: 67.6   TOTAL FOR MONTH:   6.00    1 = FOG OR MIST
DPTR FM NORMAL:   2.3   DPTR FM NORMAL:    1.07    2 = FOG REDUCING VISIBILITY
HIGHEST:    89 ON 29    GRTST 24HR  3.33 ON 14-14      TO 1/4 MILE OR LESS
LOWEST:     39 ON  3                               3 = THUNDER
                        SNOW, ICE PELLETS, HAIL    4 = ICE PELLETS
                        TOTAL MONTH:   0.0 INCH    5 = HAIL
                        GRTST 24HR     0.0         6 = FREEZING RAIN OR DRIZZLE
                        GRTST DEPTH:   0           7 = DUSTSTORM OR SANDSTORM:
                                                       VSBY 1/2 MILE OR LESS
                                                   8 = SMOKE OR HAZE
[NO. OF DAYS WITH]      [WEATHER - DAYS WITH]      9 = BLOWING SNOW
                                                   X = TORNADO
MAX 32 OR BELOW:   0    0.01 INCH OR MORE:   9
MAX 90 OR ABOVE:   0    0.10 INCH OR MORE:   7
MIN 32 OR BELOW:   0    0.50 INCH OR MORE:   3
MIN  0 OR BELOW:   0    1.00 INCH OR MORE:   1

[HDD (BASE 65) ]
TOTAL THIS MO.    28    CLEAR  (SCALE 0-3)  16
DPTR FM NORMAL   -55    PTCLDY (SCALE 4-7)  10
TOTAL FM JUL 1  1379    CLOUDY (SCALE 8-10)  4
DPTR FM NORMAL  -599

[CDD (BASE 65) ]
TOTAL THIS MO.   114
DPTR FM NORMAL    22    [PRESSURE DATA]
TOTAL FM JAN 1   205    HIGHEST SLP 30.28 ON 18
DPTR FM NORMAL    65    LOWEST  SLP 29.71 ON 27

[REMARKS]
