000
CXUS54 KEWX 270910
CF6HDO
PRELIMINARY LOCAL CLIMATOLOGICAL DATA (WS FORM: F-6)

                                          STATION:   HONDO
                                          MONTH:     FEBRUARY
                                          YEAR:      2015
                                          LATITUDE:   29 21 N
                                          LONGITUDE:  99 10 W

  TEMPERATURE IN F:       :PCPN:    SNOW:  WIND      :SUNSHINE: SKY     :PK WND
================================================================================
1   2   3   4   5  6A  6B    7    8   9   10  11  12  13   14  15   16   17  18
                                     12Z  AVG MX 2MIN
DY MAX MIN AVG DEP HDD CDD  WTR  SNW DPTH SPD SPD DIR MIN PSBL S-S WX    SPD DR
================================================================================

 1  80  48  64  12   1   0 0.00    M    M 10.8 29  10   M    M   6 12     33  20
 2  51  37  44  -9  21   0 0.00    M    M  8.0 24  20   M    M   2        30  20
 3  47  40  44  -9  21   0 0.24    M    M  5.4 13 160   M    M   8 1      19 180
 4  52  43  48  -5  17   0    T    M    M  4.0 13  40   M    M   8 1      15  40
 5  50  41  46  -7  19   0    T    M    M  8.6 23  10   M    M  10        27 360
 6  54  43  49  -4  16   0 0.00    M    M  4.4 12 220   M    M  10        14 210
 7  67  44  56   3   9   0 0.00    M    M  7.0 15 230   M    M   6        19 220
 8  75  44  60   6   5   0 0.00    M    M  4.9 16  60   M    M   5 12     27 330
 9  82  41  62   8   3   0 0.00    M    M  5.0 12 330   M    M   0        13 320
10  82  41  62   8   3   0 0.00    M    M  8.0 17 180   M    M   0        20 180
11  75  41  58   4   7   0 0.00    M    M  7.9 16 120   M    M   0        20 140
12  68  48  58   4   7   0 0.00    M    M 11.9 22  30   M    M   3        27  30
13  69  45  57   3   8   0 0.00    M    M  4.0 10 190   M    M   3        15 210
14  72  42  57   2   8   0 0.00    M    M  5.0 12 230   M    M   2 1      21  30
15  72  55  64   9   1   0 0.02    M    M  6.6 18 160   M    M   6 1      25 310
16  65  37  51  -4  14   0 0.05    M    M 12.3 33 360   M    M   7 1      40 360
17  59  32  46  -9  19   0 0.00    M    M  7.7 22  10   M    M   7        25 360
18  65  27  46 -10  19   0 0.00    M    M  7.8 17 170   M    M   0        22 180
19  71  32  52  -4  13   0 0.00    M    M 10.3 22 170   M    M   0        28 170
20  79  51  65   9   0   0 0.00    M    M 10.2 18 170   M    M   5        24 200
21  81  58  70  14   0   5 0.00    M    M  5.9 12  90   M    M   2 1      16 200
22  69  41  55  -1  10   0 0.00    M    M 15.1 31  30   M    M  10 18     38  20
23  41  32  37 -20  28   0 0.01    M    M 13.5 24  20   M    M  10 1      29  30
24  40  31  36 -21  29   0 0.00    M    M  5.2 12  10   M    M  10 1      13  10
25  68  33  51  -6  14   0 0.00    M    M  8.6 22 340   M    M   3        31 330
26  65  34  50  -7  15   0 0.00  0.0    0 12.9 28  30   M    M   1        34  30
================================================================================
SM 1699 1061       307   5  0.32     0.0 211.0          M      124
================================================================================
AV 65.3 40.8                               8.1 FASTST   M    M   5    MAX(MPH)
                                 MISC ---->  # 33 360               # 40  360
================================================================================
NOTES:
# LAST OF SEVERAL OCCURRENCES

COLUMN 17 PEAK WIND IN M.P.H.

PRELIMINARY LOCAL CLIMATOLOGICAL DATA (WS FORM: F-6) , PAGE 2

                                          STATION:  HONDO
                                          MONTH:    FEBRUARY
                                          YEAR:     2015
                                          LATITUDE:   29 21 N
                                          LONGITUDE:  99 10 W

[TEMPERATURE DATA]      [PRECIPITATION DATA]       SYMBOLS USED IN COLUMN 16

AVERAGE MONTHLY: 53.1   TOTAL FOR MONTH:   0.32    1 = FOG OR MIST
DPTR FM NORMAL:  -1.6   DPTR FM NORMAL:   -1.04    2 = FOG REDUCING VISIBILITY
HIGHEST:    82 ON 10, 9 GRTST 24HR  0.24 ON  3- 3      TO 1/4 MILE OR LESS
LOWEST:     27 ON 18                               3 = THUNDER
                        SNOW, ICE PELLETS, HAIL    4 = ICE PELLETS
                        TOTAL MONTH:   0.0 INCH    5 = HAIL
                        GRTST 24HR     0.0         6 = FREEZING RAIN OR DRIZZLE
                        GRTST DEPTH:   0           7 = DUSTSTORM OR SANDSTORM:
                                                       VSBY 1/2 MILE OR LESS
                                                   8 = SMOKE OR HAZE
[NO. OF DAYS WITH]      [WEATHER - DAYS WITH]      9 = BLOWING SNOW
                                                   X = TORNADO
MAX 32 OR BELOW:   0    0.01 INCH OR MORE:   4
MAX 90 OR ABOVE:   0    0.10 INCH OR MORE:   1
MIN 32 OR BELOW:   5    0.50 INCH OR MORE:   0
MIN  0 OR BELOW:   0    1.00 INCH OR MORE:   0

[HDD (BASE 65) ]
TOTAL THIS MO.   307    CLEAR  (SCALE 0-3)  10
DPTR FM NORMAL    26    PTCLDY (SCALE 4-7)  10
TOTAL FM JUL 1  1534    CLOUDY (SCALE 8-10)  6
DPTR FM NORMAL   174

[CDD (BASE 65) ]
TOTAL THIS MO.     5
DPTR FM NORMAL    -3    [PRESSURE DATA]
TOTAL FM JAN 1     5    HIGHEST SLP M ON M
DPTR FM NORMAL    -8    LOWEST  SLP 29.74 ON 20

[REMARKS]
