000
CXUS51 KLWX 250620
CF6HGR
PRELIMINARY LOCAL CLIMATOLOGICAL DATA (WS FORM: F-6)

                                          STATION:   HAGERSTOWN MD
                                          MONTH:     JULY
                                          YEAR:      2014
                                          LATITUDE:   39 42 N
                                          LONGITUDE:  77 43 W

  TEMPERATURE IN F:       :PCPN:    SNOW:  WIND      :SUNSHINE: SKY     :PK WND
================================================================================
1   2   3   4   5  6A  6B    7    8   9   10  11  12  13   14  15   16   17  18
                                     12Z  AVG MX 2MIN
DY MAX MIN AVG DEP HDD CDD  WTR  SNW DPTH SPD SPD DIR MIN PSBL S-S WX    SPD DR
================================================================================

 1  91  72  82   7   0  17 1.54    M    M  6.9 32  30   M    M   2 13     39  30
 2  90  73  82   7   0  17    T    M    M  4.9 17 300   M    M   2 13     20 310
 3  89  71  80   5   0  15 0.05    M    M  4.5 16 170   M    M   3 3      21 200
 4  76  61  69  -6   0   4 0.00    M    M 12.7 25 330   M    M   4        32 320
 5  80  57  69  -6   0   4 0.00    M    M  4.4 14 340   M    M   0        17 340
 6  83  61  72  -3   0   7 0.00    M    M  4.6 10 200   M    M   2        16 190
 7  91  73  82   6   0  17 0.00    M    M  9.5 20 180   M    M   4        25 220
 8  89  69  79   3   0  14 0.16    M    M  9.9 36 260   M    M   2 18     53 280
 9  88  68  78   2   0  13 0.00    M    M  6.4 16 280   M    M   2        21 290
10  86  64  75  -1   0  10 0.07    M    M  5.5 38  30   M    M   2 13     44  30
11  84  63  74  -2   0   9 0.00    M    M  3.9 12  40   M    M   3        15  30
12  86  68  77   1   0  12 1.09    M    M  6.6 23 150   M    M   3 138    30 170
13  87  69  78   2   0  13 0.79    M    M  9.9 28 260   M    M   3 13     39 260
14  82  70  76   0   0  11 1.51    M    M  4.0 17 340   M    M   3 13     21 350
15  81  69  75  -1   0  10 0.02    M    M  4.2 12 280   M    M   5 1      14 270
16  78  62  70  -6   0   5 0.00    M    M  6.9 16 290   M    M   1        21 310
17  78  61  70  -6   0   5 0.00    M    M  5.1 13 290   M    M   3        17 300
18  79  57  68  -8   0   3 0.00    M    M  3.1  8 180   M    M   3        11 160
19  78  65  72  -4   0   7 0.02    M    M  4.2 12 150   M    M   8 1      15 160
20  79  65  72  -4   0   7 0.00    M    M  3.1  8 150   M    M   8        10 160
21  82  69  76   1   0  11    T    M    M  5.9 13 160   M    M   7 1      16 170
22  86  70  78   3   0  13 0.00    M    M  7.4 15 180   M    M   5 1      18 130
23  92  71  82   7   0  17    T    M    M  6.0 22 300   M    M   1 3      28 320
24  79  64  72  -3   0   7 0.04    M    M  7.1 14 320   M    M   4 1      18 310
================================================================================
SM 2014 1592         0 248  5.29    M    146.7          M       80
================================================================================
AV 83.9 66.3                               6.1 FASTST   M    M   3    MAX(MPH)
                                 MISC ---->  # 38  30               # 53  280
================================================================================
NOTES:
# LAST OF SEVERAL OCCURRENCES

COLUMN 17 PEAK WIND IN M.P.H.

PRELIMINARY LOCAL CLIMATOLOGICAL DATA (WS FORM: F-6) , PAGE 2

                                          STATION:  HAGERSTOWN MD
                                          MONTH:    JULY
                                          YEAR:     2014
                                          LATITUDE:   39 42 N
                                          LONGITUDE:  77 43 W

[TEMPERATURE DATA]      [PRECIPITATION DATA]       SYMBOLS USED IN COLUMN 16

AVERAGE MONTHLY: 75.1   TOTAL FOR MONTH:   5.29    1 = FOG OR MIST
DPTR FM NORMAL:  -0.5   DPTR FM NORMAL:    2.70    2 = FOG REDUCING VISIBILITY
HIGHEST:    92 ON 23    GRTST 24HR  1.54 ON  1- 1      TO 1/4 MILE OR LESS
LOWEST:     57 ON 18, 5                            3 = THUNDER
                        SNOW, ICE PELLETS, HAIL    4 = ICE PELLETS
                        TOTAL MONTH:    M          5 = HAIL
                        GRTST 24HR    M  ON   M    6 = FREEZING RAIN OR DRIZZLE
                        GRTST DEPTH:  M  ON   M    7 = DUSTSTORM OR SANDSTORM:
                                                       VSBY 1/2 MILE OR LESS
                                                   8 = SMOKE OR HAZE
[NO. OF DAYS WITH]      [WEATHER - DAYS WITH]      9 = BLOWING SNOW
                                                   X = TORNADO
MAX 32 OR BELOW:   0    0.01 INCH OR MORE:  10
MAX 90 OR ABOVE:   4    0.10 INCH OR MORE:   5
MIN 32 OR BELOW:   0    0.50 INCH OR MORE:   4
MIN  0 OR BELOW:   0    1.00 INCH OR MORE:   3

[HDD (BASE 65) ]
TOTAL THIS MO.     0    CLEAR  (SCALE 0-3)  13
DPTR FM NORMAL     0    PTCLDY (SCALE 4-7)   9
TOTAL FM JUL 1     0    CLOUDY (SCALE 8-10)  2
DPTR FM NORMAL     0

[CDD (BASE 65) ]
TOTAL THIS MO.   248
DPTR FM NORMAL    -4    [PRESSURE DATA]
TOTAL FM JAN 1   575    HIGHEST SLP M ON M
DPTR FM NORMAL    38    LOWEST  SLP 29.72 ON M

[REMARKS]
