000
CXUS51 KLWX 290620
CF6HGR
PRELIMINARY LOCAL CLIMATOLOGICAL DATA (WS FORM: F-6)

                                          STATION:   HAGERSTOWN MD
                                          MONTH:     APRIL
                                          YEAR:      2016
                                          LATITUDE:   39 42 N
                                          LONGITUDE:  77 43 W

  TEMPERATURE IN F:       :PCPN:    SNOW:  WIND      :SUNSHINE: SKY     :PK WND
================================================================================
1   2   3   4   5  6A  6B    7    8   9   10  11  12  13   14  15   16   17  18
                                     12Z  AVG MX 2MIN
DY MAX MIN AVG DEP HDD CDD  WTR  SNW DPTH SPD SPD DIR MIN PSBL S-S WX    SPD DR
================================================================================

 1  79  57  68  20   0   3    T    M    M 11.5 26 270   M    M   2        34 270
 2  61  37  49   1  16   0 0.03    M    M 14.3 39 270   M    M   6        54 290
 3  48  30  39  -9  26   0    T    M    M 16.7 44 300   M    M   2        52 300
 4  65  35  50   1  15   0 0.01    M    M  9.7 23 310   M    M   7        29 320
 5  45  26  36 -13  29   0 0.00    M    M  9.1 21  10   M    M   3        30  10
 6  56  26  41  -9  24   0 0.00    M    M 12.2 28 180   M    M   0        34 160
 7  57  41  49  -1  16   0 0.32    M    M 12.0 26 280   M    M   8 1      35 270
 8  50  38  44  -6  21   0 0.00    M    M 12.0 26 270   M    M   7        35 280
 9  46  29  38 -13  27   0 0.01    M    M 14.6 30 310   M    M   7 18     37 310
10  50  23  37 -14  28   0 0.00    M    M  8.1 21 170   M    M   4        25 180
11  72  44  58   7   7   0 0.05    M    M 14.2 25 180   M    M   7        31 180
12  67  41  54   2  11   0 0.02    M    M 13.5 28 310   M    M   4        36 320
13  57  34  46  -6  19   0 0.00    M    M  5.0 12  20   M    M   0        14  40
14  63  35  49  -3  16   0 0.00    M    M  3.8 10  80   M    M   0        22 360
15  65  41  53   0  12   0 0.00    M    M  4.9 13 140   M    M   0 8      18 180
16  72  42  57   4   8   0 0.00    M    M  3.6 10  50   M    M   0        14 350
17  77  46  62   9   3   0 0.00    M    M  3.6 10  70   M    M   0        13  80
18  85  47  66  12   0   1 0.00    M    M  3.9 13 360   M    M   0        18  10
19  81  53  67  13   0   2 0.00    M    M  8.6 23 320   M    M   0        28 340
20  70  44  57   3   8   0 0.00    M    M  5.2 13 170   M    M   0        18 170
21  72  52  62   7   3   0    T    M    M  7.8 17 170   M    M   3        22 170
22  72  57  65  10   0   0 0.28    M    M  5.4 14 180   M    M   5 13     18 160
23  70  50  60   5   5   0 0.89    M    M  8.8 18  40   M    M   6 12     23 320
24  67  42  55  -1  10   0 0.00    M    M  4.5 13  30   M    M   0        15  20
25  80  46  63   7   2   0 0.00    M    M  4.1 15 170   M    M   1        19 170
26  81  61  71  15   0   6    T    M    M 10.3 24 270   M    M   2        33 260
27  66  49  58   2   7   0 0.02    M    M  6.1 15 360   M    M  10 18     19 360
28  54  46  50  -7  15   0 0.20    M    M  7.1 13  70   M    M  10 18     17 120
================================================================================
SM 1828 1172       328  12  1.83    M    240.6          M       94
================================================================================
AV 65.3 41.9                               8.6 FASTST   M    M   3    MAX(MPH)
                                 MISC ---->  # 44 300               # 54  290
================================================================================
NOTES:
# LAST OF SEVERAL OCCURRENCES

COLUMN 17 PEAK WIND IN M.P.H.

PRELIMINARY LOCAL CLIMATOLOGICAL DATA (WS FORM: F-6) , PAGE 2

                                          STATION:  HAGERSTOWN MD
                                          MONTH:    APRIL
                                          YEAR:     2016
                                          LATITUDE:   39 42 N
                                          LONGITUDE:  77 43 W

[TEMPERATURE DATA]      [PRECIPITATION DATA]       SYMBOLS USED IN COLUMN 16

AVERAGE MONTHLY: 53.6   TOTAL FOR MONTH:   1.83    1 = FOG OR MIST
DPTR FM NORMAL:   1.1   DPTR FM NORMAL:   -1.52    2 = FOG REDUCING VISIBILITY
HIGHEST:    85 ON 18    GRTST 24HR  1.17 ON 22-23      TO 1/4 MILE OR LESS
LOWEST:     23 ON 10                               3 = THUNDER
                        SNOW, ICE PELLETS, HAIL    4 = ICE PELLETS
                        TOTAL MONTH:    M          5 = HAIL
                        GRTST 24HR    M  ON   M    6 = FREEZING RAIN OR DRIZZLE
                        GRTST DEPTH:  M  ON   M    7 = DUSTSTORM OR SANDSTORM:
                                                       VSBY 1/2 MILE OR LESS
                                                   8 = SMOKE OR HAZE
[NO. OF DAYS WITH]      [WEATHER - DAYS WITH]      9 = BLOWING SNOW
                                                   X = TORNADO
MAX 32 OR BELOW:   0    0.01 INCH OR MORE:  10
MAX 90 OR ABOVE:   0    0.10 INCH OR MORE:   4
MIN 32 OR BELOW:   5    0.50 INCH OR MORE:   1
MIN  0 OR BELOW:   0    1.00 INCH OR MORE:   0

[HDD (BASE 65) ]
TOTAL THIS MO.   328    CLEAR  (SCALE 0-3)  15
DPTR FM NORMAL   -36    PTCLDY (SCALE 4-7)  11
TOTAL FM JUL 1  4017    CLOUDY (SCALE 8-10)  2
DPTR FM NORMAL  -979

[CDD (BASE 65) ]
TOTAL THIS MO.    12
DPTR FM NORMAL     2    [PRESSURE DATA]
TOTAL FM JAN 1    16    HIGHEST SLP M ON M
DPTR FM NORMAL     5    LOWEST  SLP 29.39 ON  2

[REMARKS]
