000
CXUS55 KLOX 231655
CF6HHR
PRELIMINARY LOCAL CLIMATOLOGICAL DATA (WS FORM: F-6)

                                          STATION:   HAWTHORNE AIRPORT CA
                                          MONTH:     OCTOBER
                                          YEAR:      2017
                                          LATITUDE:   33 55 N
                                          LONGITUDE: 118 20 W

  TEMPERATURE IN F:       :PCPN:    SNOW:  WIND      :SUNSHINE: SKY     :PK WND
================================================================================
1   2   3   4   5  6A  6B    7    8   9   10  11  12  13   14  15   16   17  18
                                     12Z  AVG MX 2MIN
DY MAX MIN AVG DEP HDD CDD  WTR  SNW DPTH SPD SPD DIR MIN PSBL S-S WX    SPD DR
================================================================================

 1  76  66  71   2   0   6 0.00  0.0    0  6.0 15 260   M    M   5 8      19 250
 2  76  64  70   1   0   5 0.00  0.0    0  4.9 16 260   M    M   4 8      22 260
 3  74  64  69   0   0   4 0.00  0.0    0  5.1 15 260   M    M   5 8      20 260
 4  76  61  69   1   0   4 0.00  0.0    0  3.6 16 270   M    M   0 8      20 260
 5  80  60  70   2   0   5 0.00  0.0    0  3.4 13 260   M    M   0 8      17 250
 6  90  60  75   7   0  10 0.00  0.0    0  2.3 13 260   M    M   0        16 270
 7  91  61  76   8   0  11 0.00  0.0    0  3.1 13 250   M    M   0        16 270
 8  77  63  70   2   0   5 0.00  0.0    0  6.2 12 140   M    M   5 1      16 130
 9  85  65  75   7   0  10 0.00  0.0    0  3.9 12 260   M    M   3 8      14  90
10  82  59  71   3   0   6 0.00  0.0    0  4.1 15 260   M    M   0 18     19 260
11  72  63  68   0   0   3 0.00  0.0    0  5.0 14 250   M    M   2        21 260
12  72  63  68   0   0   3 0.00  0.0    0  4.1 15 260   M    M   3 8      20 260
13  73  61  67  -1   0   2 0.00  0.0    0  3.7 14 250   M    M   2 18     19 250
14  82  60  71   4   0   6 0.00  0.0    0  2.2 13 260   M    M   0 18     18 260
15  95  61  78  11   0  13 0.00  0.0    0  3.6 14 270   M    M   0 8      15 250
16  92  64  78  11   0  13 0.00  0.0    0  3.0 16 260   M    M   0 8      20 260
17  91  65  78  11   0  13 0.00  0.0    0  2.6 18 260   M    M   0 8      24 260
18  82  67  75   8   0  10 0.00  0.0    0  4.1 14 260   M    M   0        17 260
19  74  65  70   3   0   5 0.00  0.0    0  3.8 15 260   M    M   4        20 270
20  71  64  68   1   0   3 0.00  0.0    0  6.4 18 250   M    M   1 8      25 250
21  76  61  69   2   0   4 0.00  0.0    0  2.1 14 250   M    M   1 8      18 260
22  90  61  76  10   0  11 0.00  0.0    0  2.2 12 260   M    M   0        14 260
================================================================================
SM 1777 1378         0 152  0.00     0.0  85.4          M       35
================================================================================
AV 80.8 62.6                               3.9 FASTST   M    M   2    MAX(MPH)
                                 MISC ---->  # 18 250               # 25  250
================================================================================
NOTES:
# LAST OF SEVERAL OCCURRENCES

COLUMN 17 PEAK WIND IN M.P.H.

PRELIMINARY LOCAL CLIMATOLOGICAL DATA (WS FORM: F-6) , PAGE 2

                                          STATION:  HAWTHORNE AIRPORT CA
                                          MONTH:    OCTOBER
                                          YEAR:     2017
                                          LATITUDE:   33 55 N
                                          LONGITUDE: 118 20 W

[TEMPERATURE DATA]      [PRECIPITATION DATA]       SYMBOLS USED IN COLUMN 16

AVERAGE MONTHLY: 71.7   TOTAL FOR MONTH:   0.00    1 = FOG OR MIST
DPTR FM NORMAL:   4.0   DPTR FM NORMAL:   -0.47    2 = FOG REDUCING VISIBILITY
HIGHEST:    95 ON 15    GRTST 24HR  0.00 ON 22-22      TO 1/4 MILE OR LESS
LOWEST:     59 ON 10                               3 = THUNDER
                        SNOW, ICE PELLETS, HAIL    4 = ICE PELLETS
                        TOTAL MONTH:   0.0 INCH    5 = HAIL
                        GRTST 24HR     0.0         6 = FREEZING RAIN OR DRIZZLE
                        GRTST DEPTH:   0           7 = DUSTSTORM OR SANDSTORM:
                                                       VSBY 1/2 MILE OR LESS
                                                   8 = SMOKE OR HAZE
[NO. OF DAYS WITH]      [WEATHER - DAYS WITH]      9 = BLOWING SNOW
                                                   X = TORNADO
MAX 32 OR BELOW:   0    0.01 INCH OR MORE:   0
MAX 90 OR ABOVE:   6    0.10 INCH OR MORE:   0
MIN 32 OR BELOW:   0    0.50 INCH OR MORE:   0
MIN  0 OR BELOW:   0    1.00 INCH OR MORE:   0

[HDD (BASE 65) ]
TOTAL THIS MO.     0    CLEAR  (SCALE 0-3)  17
DPTR FM NORMAL   -10    PTCLDY (SCALE 4-7)   5
TOTAL FM JUL 1     0    CLOUDY (SCALE 8-10)  0
DPTR FM NORMAL   -13

[CDD (BASE 65) ]
TOTAL THIS MO.   152
DPTR FM NORMAL    80    [PRESSURE DATA]
TOTAL FM JAN 1  1101    HIGHEST SLP M ON M
DPTR FM NORMAL   349    LOWEST  SLP 29.66 ON  8

[REMARKS]
