000
CXUS54 KJAN 211414
CF6HKS
PRELIMINARY LOCAL CLIMATOLOGICAL DATA (WS FORM: F-6)

                                          STATION:   JACKSON HAWKINS
                                          MONTH:     JANUARY
                                          YEAR:      2017
                                          LATITUDE:   32 20 N
                                          LONGITUDE:  90 14 W

  TEMPERATURE IN F:       :PCPN:    SNOW:  WIND      :SUNSHINE: SKY     :PK WND
================================================================================
1   2   3   4   5  6A  6B    7    8   9   10  11  12  13   14  15   16   17  18
                                     12Z  AVG MX 2MIN
DY MAX MIN AVG DEP HDD CDD  WTR  SNW DPTH SPD SPD DIR MIN PSBL S-S WX    SPD DR
================================================================================

 1  68  62  65  18   0   0    T  0.0    0  3.6 12 150   M    M   9 12     14 130
 2  67  59  63  16   2   0 1.72  0.0    0  7.6 24 230   M    M   7 13     32 270
 3  73  55  64  17   1   0 0.00  0.0    0  7.0 16 250   M    M   1        21 270
 4  57  35  46   0  19   0 0.00  0.0    0  6.2 15 350   M    M   6        25 350
 5  49  34  42  -4  23   0 0.02  0.0    0  4.6 12 350   M    M   9 1      16 350
 6  36  23  30 -16  35   0 0.47    M    0  8.9 16 340   M    M  10 134    24  30
 7  32  18  25 -21  40   0 0.00  0.0    M  7.8 18 310   M    M   1        24 310
 8  38  17  28 -18  37   0 0.00  0.0    M  4.0 10  80   M    M   0        14  90
 9  57  26  42  -4  23   0 0.00  0.0    0  8.4 18 160   M    M   4        27 160
10  70  51  61  15   4   0 0.00  0.0    0 14.3 26 180   M    M   8        37 170
11  76  62  69  23   0   4 0.00  0.0    0 13.5 25 170   M    M   9        36 160
12  79  62  71  25   0   6 0.00  0.0    0  8.9 16 180   M    M   8        22 170
13  75  61  68  22   0   3 0.00  0.0    0  4.5 13 170   M    M   9 1      15 160
14  76  52  64  18   1   0 0.00  0.0    0  1.7 12 180   M    M   1 128    17 160
15  77  49  63  17   2   0 0.00  0.0    M  4.6 16 160   M    M   2 18     20 140
16  76  58  67  21   0   2    T  0.0    0 11.0 20 160   M    M   6        28 150
17  79  61  70  24   0   5 0.00  0.0    0  7.1 17 220   M    M   6        23 170
18  75  57  66  20   0   1 0.22  0.0    0  3.5 13 170   M    M   8 13     17 170
19  68  53  61  15   4   0 1.48  0.0    0  5.8 18 300   M    M   9 123    23 300
20  76  54  65  19   0   0 0.00  0.0    0  8.0 20 210   M    M   4 12     28 200
================================================================================
SM 1304  949       191  21  3.91     0.0 141.0          M      117
================================================================================
AV 65.2 47.5                               7.1 FASTST   M    M   6    MAX(MPH)
                                 MISC ---->  # 26 180               # 37  170
================================================================================
NOTES:
# LAST OF SEVERAL OCCURRENCES

COLUMN 17 PEAK WIND IN M.P.H.

PRELIMINARY LOCAL CLIMATOLOGICAL DATA (WS FORM: F-6) , PAGE 2

                                          STATION:  JACKSON HAWKINS
                                          MONTH:    JANUARY
                                          YEAR:     2017
                                          LATITUDE:   32 20 N
                                          LONGITUDE:  90 14 W

[TEMPERATURE DATA]      [PRECIPITATION DATA]       SYMBOLS USED IN COLUMN 16

AVERAGE MONTHLY: 56.3   TOTAL FOR MONTH:   3.91    1 = FOG OR MIST
DPTR FM NORMAL:  10.2   DPTR FM NORMAL:    0.76    2 = FOG REDUCING VISIBILITY
HIGHEST:    79 ON 17,12 GRTST 24HR  1.72 ON  2- 2      TO 1/4 MILE OR LESS
LOWEST:     17 ON  8                               3 = THUNDER
                        SNOW, ICE PELLETS, HAIL    4 = ICE PELLETS
                        TOTAL MONTH:   0.0 INCH    5 = HAIL
                        GRTST 24HR     0.0         6 = FREEZING RAIN OR DRIZZLE
                        GRTST DEPTH:   0           7 = DUSTSTORM OR SANDSTORM:
                                                       VSBY 1/2 MILE OR LESS
                                                   8 = SMOKE OR HAZE
[NO. OF DAYS WITH]      [WEATHER - DAYS WITH]      9 = BLOWING SNOW
                                                   X = TORNADO
MAX 32 OR BELOW:   1    0.01 INCH OR MORE:   5
MAX 90 OR ABOVE:   0    0.10 INCH OR MORE:   4
MIN 32 OR BELOW:   4    0.50 INCH OR MORE:   2
MIN  0 OR BELOW:   0    1.00 INCH OR MORE:   2

[HDD (BASE 65) ]
TOTAL THIS MO.   191    CLEAR  (SCALE 0-3)   5
DPTR FM NORMAL  -188    PTCLDY (SCALE 4-7)   9
TOTAL FM JUL 1   795    CLOUDY (SCALE 8-10)  6
DPTR FM NORMAL  -462

[CDD (BASE 65) ]
TOTAL THIS MO.    21
DPTR FM NORMAL    21    [PRESSURE DATA]
TOTAL FM JAN 1    21    HIGHEST SLP M ON M
DPTR FM NORMAL    21    LOWEST  SLP 29.72 ON M

[REMARKS]
