000
CXUS53 KGLD 310800
CF6HLC
PRELIMINARY LOCAL CLIMATOLOGICAL DATA (WS FORM: F-6)

                                          STATION:   HILL CITY KS
                                          MONTH:     MAY
                                          YEAR:      2016
                                          LATITUDE:   39 22 N
                                          LONGITUDE:  99 50 W

  TEMPERATURE IN F:       :PCPN:    SNOW:  WIND      :SUNSHINE: SKY     :PK WND
================================================================================
1   2   3   4   5  6A  6B    7    8   9   10  11  12  13   14  15   16   17  18
                                     12Z  AVG MX 2MIN
DY MAX MIN AVG DEP HDD CDD  WTR  SNW DPTH SPD SPD DIR MIN PSBL S-S WX    SPD DR
================================================================================

 1  52  37  45 -12  20   0    T    M    M 12.8 26 350   M    M   9 1      33 350
 2  67  37  52  -6  13   0 0.00    M    M  6.3 18 300   M    M   2        24 310
 3  70  43  57  -1   8   0    T    M    M  6.4 20 320   M    M   3        28 320
 4  78  46  62   4   3   0 0.00    M    M  7.8 16 340   M    M   0        22 340
 5  83  39  61   2   4   0 0.00    M    M  6.4 15 170   M    M   0        20 160
 6  89  55  72  13   0   7 0.00    M    M 11.1 24 170   M    M   0        31 180
 7  83  56  70  11   0   5 0.01    M    M 10.1 30 150   M    M   1 3      39 150
 8  78  47  63   3   2   0 0.45    M    M  7.6 26 260   M    M   1 138    35 270
 9  76  48  62   2   3   0    T    M    M  5.5 14 360   M    M   6 13     18 360
10  84  48  66   6   0   1 0.00    M    M 11.1 28 360   M    M   1 13     35 360
11  73  48  61   0   4   0 0.53    M    M 12.7 37 360   M    M   5 13     45 360
12  76  44  60  -1   5   0 0.00    M    M  5.7 16 270   M    M   1        19 270
13  78  45  62   0   3   0 0.00    M    M 14.9 30  10   M    M   0        40  10
14  61  37  49 -13  16   0 0.00    M    M  5.9 15 360   M    M   8        20 360
15  56  45  51 -11  14   0 0.04    M    M  9.1 17 130   M    M  10        22 170
16  49  45  47 -16  18   0 1.17    M    M 12.5 21  50   M    M  10 13     26  50
17  66  45  56  -7   9   0 0.01    M    M  9.7 18  50   M    M   7 1      23  50
18  70  42  56  -7   9   0 0.00    M    M  5.8 16 170   M    M   2 1      21 170
19  65  48  57  -7   8   0 0.00    M    M 10.9 22 180   M    M   8        28 160
20  65  53  59  -5   6   0 0.00    M    M 10.7 18 150   M    M  10        24 130
21  73  55  64   0   1   0 0.00    M    M 15.8 28 130   M    M  10 1      33 130
22  84  63  74   9   0   9 0.00    M    M 17.9 43 170   M    M   6 1      57 180
23  81  57  69   4   0   4 0.27    M    M  8.0 26 200   M    M   4 13     37 210
24  81  58  70   5   0   5 2.03    M    M 12.8 32 150   M    M   6 13     43 160
25  77  56  67   1   0   2 0.00    M    M  8.6 24  10   M    M   8        30  10
26  77  51  64  -2   1   0 0.25    M    M 10.7 30 280   M    M   4 138    42 270
27  68  57  63  -3   2   0 0.01    M    M  9.1 21 340   M    M   9 1      25 340
28  80  50  65  -2   0   0 0.03    M    M  5.8 15 310   M    M   2 1      18 310
29  88  52  70   3   0   5    T    M    M  9.1 29 210   M    M   1 3      39 210
30  86  51  69   2   0   4 0.33    M    M 10.2 46 340   M    M   1 13     62 350
================================================================================
SM 2214 1458       149  42  5.13    M    291.0          M      135
================================================================================
AV 73.8 48.6                               9.7 FASTST   M    M   5    MAX(MPH)
                                 MISC ---->  # 46 340               # 62  350
================================================================================
NOTES:
# LAST OF SEVERAL OCCURRENCES

COLUMN 17 PEAK WIND IN M.P.H.

PRELIMINARY LOCAL CLIMATOLOGICAL DATA (WS FORM: F-6) , PAGE 2

                                          STATION:  HILL CITY KS
                                          MONTH:    MAY
                                          YEAR:     2016
                                          LATITUDE:   39 22 N
                                          LONGITUDE:  99 50 W

[TEMPERATURE DATA]      [PRECIPITATION DATA]       SYMBOLS USED IN COLUMN 16

AVERAGE MONTHLY: 61.2   TOTAL FOR MONTH:   5.13    1 = FOG OR MIST
DPTR FM NORMAL:  -1.2   DPTR FM NORMAL:    1.47    2 = FOG REDUCING VISIBILITY
HIGHEST:    89 ON  6    GRTST 24HR  2.28 ON 23-24      TO 1/4 MILE OR LESS
LOWEST:     37 ON 14, 2                            3 = THUNDER
                        SNOW, ICE PELLETS, HAIL    4 = ICE PELLETS
                        TOTAL MONTH:    M          5 = HAIL
                        GRTST 24HR    M  ON   M    6 = FREEZING RAIN OR DRIZZLE
                        GRTST DEPTH:  M  ON   M    7 = DUSTSTORM OR SANDSTORM:
                                                       VSBY 1/2 MILE OR LESS
                                                   8 = SMOKE OR HAZE
[NO. OF DAYS WITH]      [WEATHER - DAYS WITH]      9 = BLOWING SNOW
                                                   X = TORNADO
MAX 32 OR BELOW:   0    0.01 INCH OR MORE:  12
MAX 90 OR ABOVE:   0    0.10 INCH OR MORE:   7
MIN 32 OR BELOW:   0    0.50 INCH OR MORE:   3
MIN  0 OR BELOW:   0    1.00 INCH OR MORE:   2

[HDD (BASE 65) ]
TOTAL THIS MO.   149    CLEAR  (SCALE 0-3)  14
DPTR FM NORMAL     3    PTCLDY (SCALE 4-7)  10
TOTAL FM JUL 1  4477    CLOUDY (SCALE 8-10)  6
DPTR FM NORMAL -1046

[CDD (BASE 65) ]
TOTAL THIS MO.    42
DPTR FM NORMAL   -23    [PRESSURE DATA]
TOTAL FM JAN 1    50    HIGHEST SLP M ON M
DPTR FM NORMAL   -22    LOWEST  SLP 29.49 ON  9

[REMARKS]
