000
CXUS53 KGLD 270800
CF6HLC
PRELIMINARY LOCAL CLIMATOLOGICAL DATA (WS FORM: F-6)

                                          STATION:   HILL CITY KS
                                          MONTH:     SEPTEMBER
                                          YEAR:      2016
                                          LATITUDE:   39 22 N
                                          LONGITUDE:  99 50 W

  TEMPERATURE IN F:       :PCPN:    SNOW:  WIND      :SUNSHINE: SKY     :PK WND
================================================================================
1   2   3   4   5  6A  6B    7    8   9   10  11  12  13   14  15   16   17  18
                                     12Z  AVG MX 2MIN
DY MAX MIN AVG DEP HDD CDD  WTR  SNW DPTH SPD SPD DIR MIN PSBL S-S WX    SPD DR
================================================================================

 1  81  54  68  -5   0   3 0.00    M    M  5.6 14 120   M    M   0 12     18 110
 2  81  55  68  -5   0   3 0.00    M    M  8.8 18 170   M    M   2 1      25 170
 3  87  64  76   4   0  11 2.65    M    M 13.3 32 330   M    M   7 18     43 320
 4  91  65  78   6   0  13 1.38    M    M 13.3 22 170   M    M   5 1      33 160
 5  93  73  83  11   0  18 0.00    M    M 14.2 23 170   M    M   0        33 170
 6  92  64  78   6   0  13 2.66    M    M 10.2 26  20   M    M   2 1      34 150
 7  82  64  73   2   0   8 0.00    M    M  4.9 13  70   M    M   2        17  80
 8  83  65  74   3   0   9 0.00    M    M  6.7 15  90   M    M   4 18     19  90
 9  79  51  65  -5   0   0 0.01    M    M  8.5 24  20   M    M   7 1      32  20
10  78  49  64  -6   1   0 0.00    M    M  7.5 14 280   M    M   0 8      19 290
11  88  55  72   2   0   7 0.00    M    M 11.3 21 180   M    M   0        27 190
12  75  61  68  -1   0   3    T    M    M 12.2 23  10   M    M   4        32 360
13  61  53  57 -12   8   0 0.05    M    M 10.9 25  20   M    M  10 1      37  10
14  68  52  60  -8   5   0 0.00    M    M  5.2 10 110   M    M   8 1      14 110
15  88  58  73   5   0   8 1.88    M    M 10.2 38 350   M    M   4 1      50  10
16  80  54  67   0   0   2 0.01    M    M  4.9 15 340   M    M   2 1      19 360
17  82  49  66  -1   0   1    T    M    M  4.9 28 300   M    M   2 18     36 300
18  89  51  70   4   0   5 0.00    M    M  3.9 13 180   M    M   1 1      18 180
19  89  56  73   7   0   8 0.00    M    M  6.5 20 360   M    M   0 8      26 360
20  95  60  78  12   0  13 0.00    M    M  8.4 20 200   M    M   1 12     27 200
21  91  74  83  18   0  18 0.00    M    M 11.4 18 200   M    M   0        25 190
22  93  63  78  13   0  13 0.00    M    M  8.4 16 180   M    M   0        23 180
23  89  67  78  14   0  13 0.00    M    M 13.9 26 170   M    M   0        37 160
24  79  53  66   2   0   1 0.11    M    M  4.6 18 180   M    M   3 1      24 170
25  75  44  60  -3   5   0 0.00    M    M 12.0 22 360   M    M   0 8      29 350
26  81  39  60  -3   5   0 0.00    M    M  5.6 15 260   M    M   0 18     22 260
================================================================================
SM 2170 1493        24 170  8.75    M    227.3          M       64
================================================================================
AV 83.5 57.4                               8.7 FASTST   M    M   2    MAX(MPH)
                                 MISC ---->  # 38 350               # 50   10
================================================================================
NOTES:
# LAST OF SEVERAL OCCURRENCES

COLUMN 17 PEAK WIND IN M.P.H.

PRELIMINARY LOCAL CLIMATOLOGICAL DATA (WS FORM: F-6) , PAGE 2

                                          STATION:  HILL CITY KS
                                          MONTH:    SEPTEMBER
                                          YEAR:     2016
                                          LATITUDE:   39 22 N
                                          LONGITUDE:  99 50 W

[TEMPERATURE DATA]      [PRECIPITATION DATA]       SYMBOLS USED IN COLUMN 16

AVERAGE MONTHLY: 70.4   TOTAL FOR MONTH:   8.75    1 = FOG OR MIST
DPTR FM NORMAL:   2.1   DPTR FM NORMAL:    7.10    2 = FOG REDUCING VISIBILITY
HIGHEST:    95 ON 20    GRTST 24HR  4.03 ON  3- 4      TO 1/4 MILE OR LESS
LOWEST:     39 ON 26                               3 = THUNDER
                        SNOW, ICE PELLETS, HAIL    4 = ICE PELLETS
                        TOTAL MONTH:    M          5 = HAIL
                        GRTST 24HR    M  ON   M    6 = FREEZING RAIN OR DRIZZLE
                        GRTST DEPTH:  M  ON   M    7 = DUSTSTORM OR SANDSTORM:
                                                       VSBY 1/2 MILE OR LESS
                                                   8 = SMOKE OR HAZE
[NO. OF DAYS WITH]      [WEATHER - DAYS WITH]      9 = BLOWING SNOW
                                                   X = TORNADO
MAX 32 OR BELOW:   0    0.01 INCH OR MORE:   8
MAX 90 OR ABOVE:   6    0.10 INCH OR MORE:   5
MIN 32 OR BELOW:   0    0.50 INCH OR MORE:   4
MIN  0 OR BELOW:   0    1.00 INCH OR MORE:   4

[HDD (BASE 65) ]
TOTAL THIS MO.    24    CLEAR  (SCALE 0-3)  18
DPTR FM NORMAL   -28    PTCLDY (SCALE 4-7)   6
TOTAL FM JUL 1    24    CLOUDY (SCALE 8-10)  2
DPTR FM NORMAL   -31

[CDD (BASE 65) ]
TOTAL THIS MO.   170
DPTR FM NORMAL    32    [PRESSURE DATA]
TOTAL FM JAN 1  1422    HIGHEST SLP M ON M
DPTR FM NORMAL   148    LOWEST  SLP 29.59 ON  4

[REMARKS]
