000
CXHW50 PHFO 261250
CF6HNL
PRELIMINARY LOCAL CLIMATOLOGICAL DATA (WS FORM: F-6)

                                          STATION:   HONOLULU HI
                                          MONTH:     FEBRUARY
                                          YEAR:      2017
                                          LATITUDE:   21 21 N
                                          LONGITUDE: 157 56 W

  TEMPERATURE IN F:       :PCPN:    SNOW:  WIND      :SUNSHINE: SKY     :PK WND
================================================================================
1   2   3   4   5  6A  6B    7    8   9   10  11  12  13   14  15   16   17  18
                                     12Z  AVG MX 2MIN
DY MAX MIN AVG DEP HDD CDD  WTR  SNW DPTH SPD SPD DIR MIN PSBL S-S WX    SPD DR
================================================================================

 1  79  64  72  -1   0   7 0.00  0.0    0  7.2 16  70   M    M   4        26  70
 2  77  62  70  -3   0   5 0.00  0.0    0  5.1 12 140   M    M   4        15 180
 3  79  63  71  -2   0   6 0.00  0.0    0  6.6 15 150   M    M   4        20 160
 4  80  68  74   1   0   9 0.00  0.0    0  7.2 15 200   M    M   5        19 200
 5  82  74  78   5   0  13    T  0.0    0 14.8 22 220   M    M   5        30 230
 6  78  71  75   2   0  10 0.68  0.0    0 13.0 25 250   M    M   8 1      32 250
 7  83  64  74   1   0   9 0.00  0.0    0  8.1 22 260   M    M   3        27 250
 8  79  62  71  -2   0   6 0.00  0.0    0  5.5 12  30   M    M   4        17 350
 9  79  62  71  -2   0   6 0.00  0.0    0  6.7 15 160   M    M   4        19 140
10  80  64  72  -1   0   7    T  0.0    0  8.8 17 190   M    M   7        24 190
11  76  68  72  -1   0   7 5.03  0.0    0 10.2 23 260   M    M   8 12     29 210
12  79  68  74   1   0   9    T  0.0    0  8.6 22 230   M    M   4        25 230
13  81  72  77   4   0  12 0.00  0.0    0 12.0 18 230   M    M   4        22 240
14  82  75  79   6   0  14    T  0.0    0 12.9 20 230   M    M   7        24 230
15  81  74  78   5   0  13 0.03  0.0    0  7.9 17 250   M    M   7 1      20 250
16  84  69  77   4   0  12 0.00  0.0    0  8.0 17  70   M    M   4        24  20
17  82  68  75   2   0  10 0.00  0.0    0  4.8 12 210   M    M   4        15 220
18  84  68  76   3   0  11 0.00  0.0    0  7.7 17 320   M    M   4        26 330
19  77  71  74   1   0   9 0.00  0.0    0 11.7 24  40   M    M   7        32  40
20  80  69  75   2   0  10 0.00  0.0    0 17.3 29  70   M    M   3        40  70
21  77  69  73   0   0   8 0.08  0.0    0 13.8 25  70   M    M   6        32  50
22  81  70  76   3   0  11 0.00  0.0    0 16.5 29  70   M    M   3        35  80
23  80  67  74   1   0   9 0.00  0.0    0 10.4 22  70   M    M   4        30  50
24  78  67  73   0   0   8    T  0.0    0  8.9 18  20   M    M   5        23  30
25  77  63  70  -3   0   5 0.00  0.0    0  5.8 13  70   M    M   5        16  10
================================================================================
SM 1995 1692         0 226  5.82     0.0 239.5          M      123
================================================================================
AV 79.8 67.7                               9.6 FASTST   M    M   5    MAX(MPH)
                                 MISC ---->  # 29  70               # 40   70
================================================================================
NOTES:
# LAST OF SEVERAL OCCURRENCES

COLUMN 17 PEAK WIND IN M.P.H.

PRELIMINARY LOCAL CLIMATOLOGICAL DATA (WS FORM: F-6) , PAGE 2

                                          STATION:  HONOLULU HI
                                          MONTH:    FEBRUARY
                                          YEAR:     2017
                                          LATITUDE:   21 21 N
                                          LONGITUDE: 157 56 W

[TEMPERATURE DATA]      [PRECIPITATION DATA]       SYMBOLS USED IN COLUMN 16

AVERAGE MONTHLY: 73.7   TOTAL FOR MONTH:   5.82    1 = FOG OR MIST
DPTR FM NORMAL:   0.7   DPTR FM NORMAL:    4.06    2 = FOG REDUCING VISIBILITY
HIGHEST:    84 ON 18,16 GRTST 24HR  5.03 ON 11-11      TO 1/4 MILE OR LESS
LOWEST:     62 ON  9, 8                            3 = THUNDER
                        SNOW, ICE PELLETS, HAIL    4 = ICE PELLETS
                        TOTAL MONTH:   0.0 INCH    5 = HAIL
                        GRTST 24HR     0.0         6 = FREEZING RAIN OR DRIZZLE
                        GRTST DEPTH:   0           7 = DUSTSTORM OR SANDSTORM:
                                                       VSBY 1/2 MILE OR LESS
                                                   8 = SMOKE OR HAZE
[NO. OF DAYS WITH]      [WEATHER - DAYS WITH]      9 = BLOWING SNOW
                                                   X = TORNADO
MAX 32 OR BELOW:   0    0.01 INCH OR MORE:   4
MAX 90 OR ABOVE:   0    0.10 INCH OR MORE:   2
MIN 32 OR BELOW:   0    0.50 INCH OR MORE:   2
MIN  0 OR BELOW:   0    1.00 INCH OR MORE:   1

[HDD (BASE 65) ]
TOTAL THIS MO.     0    CLEAR  (SCALE 0-3)   1
DPTR FM NORMAL     0    PTCLDY (SCALE 4-7)  24
TOTAL FM JUL 1     0    CLOUDY (SCALE 8-10)  0
DPTR FM NORMAL     0

[CDD (BASE 65) ]
TOTAL THIS MO.   226
DPTR FM NORMAL    26    [PRESSURE DATA]
TOTAL FM JAN 1   499    HIGHEST SLP M ON M
DPTR FM NORMAL    45    LOWEST  SLP 29.76 ON  6

[REMARKS]
