000
CXHW50 PHFO 251250
CF6HNL
PRELIMINARY LOCAL CLIMATOLOGICAL DATA (WS FORM: F-6)

                                          STATION:   HONOLULU HI
                                          MONTH:     MAY
                                          YEAR:      2016
                                          LATITUDE:   21 21 N
                                          LONGITUDE: 157 56 W

  TEMPERATURE IN F:       :PCPN:    SNOW:  WIND      :SUNSHINE: SKY     :PK WND
================================================================================
1   2   3   4   5  6A  6B    7    8   9   10  11  12  13   14  15   16   17  18
                                     12Z  AVG MX 2MIN
DY MAX MIN AVG DEP HDD CDD  WTR  SNW DPTH SPD SPD DIR MIN PSBL S-S WX    SPD DR
================================================================================

 1  85  74  80   3   0  15    T  0.0    0 13.2 23  60   M    M   5        31  70
 2  87  74  81   4   0  16    T  0.0    0 13.1 24  80   M    M   4        33  70
 3  84  74  79   2   0  14    T  0.0    0 12.1 26  60   M    M   5        33  60
 4  85  73  79   2   0  14 0.04  0.0    0  8.9 20  90   M    M   6 18     24  90
 5  83  71  77   0   0  12 0.00  0.0    0  7.1 15 150   M    M   5        18 160
 6  85  73  79   2   0  14 0.00  0.0    0  7.6 17 230   M    M   5        21 230
 7  84  72  78   1   0  13 0.00  0.0    0 10.2 22  40   M    M   6        28  40
 8  84  72  78   1   0  13 0.00  0.0    0 11.6 23  30   M    M   5        29  50
 9  84  73  79   2   0  14 0.00  0.0    0 12.1 23  40   M    M   5        30  30
10  85  72  79   2   0  14    T  0.0    0 11.0 22  40   M    M   5        28  50
11  84  72  78   1   0  13 0.00  0.0    0 10.2 21  40   M    M   4        26  40
12  84  70  77   0   0  12 0.00  0.0    0  8.8 21  40   M    M   5        29  40
13  84  70  77   0   0  12 0.00  0.0    0  5.8 15 150   M    M   7        18  80
14  84  73  79   1   0  14 0.01  0.0    0  5.5 15 130   M    M   6        17 150
15  87  73  80   2   0  15 0.00  0.0    0  8.3 21  50   M    M   5        24  50
16  87  75  81   3   0  16    T  0.0    0 13.2 24  70   M    M   5        30  60
17  87  75  81   3   0  16    T  0.0    0 15.2 25  60   M    M   4        31  70
18  87  75  81   3   0  16    T  0.0    0 10.6 21  60   M    M   6        26  50
19  87  75  81   3   0  16 0.00  0.0    0 11.3 24  70   M    M   5        29  80
20  87  74  81   3   0  16    T  0.0    0 11.9 23  60   M    M   4        29  70
21  86  74  80   2   0  15    T  0.0    0 14.1 24  50   M    M   5        32  60
22  86  76  81   3   0  16 0.00  0.0    0 14.6 24  50   M    M   5        32  40
23  87  74  81   3   0  16 0.01  0.0    0 12.3 20  70   M    M   4        26  70
24  88  75  82   4   0  17 0.00  0.0    0  9.6 21  40   M    M   4        28  40
================================================================================
SM 2051 1759         0 349  0.06     0.0 258.3          M      120
================================================================================
AV 85.5 73.3                              10.8 FASTST   M    M   5    MAX(MPH)
                                 MISC ---->  # 26  60               # 33   70
================================================================================
NOTES:
# LAST OF SEVERAL OCCURRENCES

COLUMN 17 PEAK WIND IN M.P.H.

PRELIMINARY LOCAL CLIMATOLOGICAL DATA (WS FORM: F-6) , PAGE 2

                                          STATION:  HONOLULU HI
                                          MONTH:    MAY
                                          YEAR:     2016
                                          LATITUDE:   21 21 N
                                          LONGITUDE: 157 56 W

[TEMPERATURE DATA]      [PRECIPITATION DATA]       SYMBOLS USED IN COLUMN 16

AVERAGE MONTHLY: 79.4   TOTAL FOR MONTH:   0.06    1 = FOG OR MIST
DPTR FM NORMAL:   1.9   DPTR FM NORMAL:   -0.45    2 = FOG REDUCING VISIBILITY
HIGHEST:    88 ON 24    GRTST 24HR  0.04 ON  4- 4      TO 1/4 MILE OR LESS
LOWEST:     70 ON 13,12                            3 = THUNDER
                        SNOW, ICE PELLETS, HAIL    4 = ICE PELLETS
                        TOTAL MONTH:   0.0 INCH    5 = HAIL
                        GRTST 24HR     0.0         6 = FREEZING RAIN OR DRIZZLE
                        GRTST DEPTH:   0           7 = DUSTSTORM OR SANDSTORM:
                                                       VSBY 1/2 MILE OR LESS
                                                   8 = SMOKE OR HAZE
[NO. OF DAYS WITH]      [WEATHER - DAYS WITH]      9 = BLOWING SNOW
                                                   X = TORNADO
MAX 32 OR BELOW:   0    0.01 INCH OR MORE:   3
MAX 90 OR ABOVE:   0    0.10 INCH OR MORE:   0
MIN 32 OR BELOW:   0    0.50 INCH OR MORE:   0
MIN  0 OR BELOW:   0    1.00 INCH OR MORE:   0

[HDD (BASE 65) ]
TOTAL THIS MO.     0    CLEAR  (SCALE 0-3)   0
DPTR FM NORMAL     0    PTCLDY (SCALE 4-7)  24
TOTAL FM JUL 1     0    CLOUDY (SCALE 8-10)  0
DPTR FM NORMAL     0

[CDD (BASE 65) ]
TOTAL THIS MO.   349
DPTR FM NORMAL    51    [PRESSURE DATA]
TOTAL FM JAN 1  1629    HIGHEST SLP M ON M
DPTR FM NORMAL   224    LOWEST  SLP 29.95 ON 12

[REMARKS]
