000
CXUS55 KFSD 300905
CF6HON
PRELIMINARY LOCAL CLIMATOLOGICAL DATA (WS FORM: F-6)

                                          STATION:   HURON
                                          MONTH:     JANUARY
                                          YEAR:      2015
                                          LATITUDE:   44 22 N
                                          LONGITUDE:  98 13 W

  TEMPERATURE IN F:       :PCPN:    SNOW:  WIND      :SUNSHINE: SKY     :PK WND
================================================================================
1   2   3   4   5  6A  6B    7    8   9   10  11  12  13   14  15   16   17  18
                                     12Z  AVG MX 2MIN
DY MAX MIN AVG DEP HDD CDD  WTR  SNW DPTH SPD SPD DIR MIN PSBL S-S WX    SPD DR
================================================================================

 1  31  16  24   7  41   0 0.00  0.0    4  9.0 21 300   M    M   7        24 300
 2  29  20  25   9  40   0 0.00  0.0    4 10.6 20 160   M    M   3        26 170
 3  25  -4  11  -5  54   0    T    T    4 22.0 35 350   M    M   6 19     42 360
 4   3 -11  -4 -20  69   0 0.00  0.0    4 12.2 24 350   M    M   1        28 350
 5   7 -14  -3 -19  68   0 0.21  2.3    4 10.4 18 140   M    M   5 12     26 150
 6  10 -14  -2 -18  67   0    T    T    6 15.3 30 330   M    M   4 9      35 340
 7   2  -9  -3 -19  68   0 0.00  0.0    6 13.4 28 330   M    M   0        34 340
 8  22   2  12  -4  53   0 0.03  0.4    6 26.5 48 320   M    M   6 19     56 320
 9   7  -3   2 -14  63   0 0.00  0.0    6 13.1 26 310   M    M   0        34 310
10  14  -5   5 -11  60   0 0.00  0.0    6  8.3 17 170   M    M   0        22 160
11  14  -1   7  -9  58   0 0.00  0.0    5  6.3 14 350   M    M   4        17 350
12   2 -14  -6 -22  71   0 0.00  0.0    5  5.6 16 350   M    M   0        19 350
13  20 -12   4 -12  61   0 0.02  0.2    5 12.1 21 160   M    M   6 18     26 150
14  28   5  17   1  48   0 0.00  0.0    5  5.1 18 320   M    M   3 12     22 320
15  35  21  28  12  37   0 0.00  0.0    4 10.2 17 290   M    M   0        21 300
16  31   7  19   3  46   0 0.00  0.0    3  3.0 10 180   M    M   2 12     13 170
17  40  23  32  16  33   0 0.00  0.0    3 18.4 32 300   M    M   4        40 300
18  43  22  33  17  32   0 0.00  0.0    1  4.8 17 280   M    M   1        22 280
19  49  28  39  22  26   0 0.01  0.0    0  9.9 23 290   M    M   3 6      28 290
20  37  28  33  16  32   0 0.04  1.0    0 12.5 23 310   M    M  10 1      28 320
21  30  15  23   6  42   0 0.01  0.2    1  6.7 15 330   M    M  10 1      18 330
22  38  12  25   8  40   0 0.00  0.0    1  9.4 16 190   M    M   3 12     21 190
23  44  22  33  16  32   0 0.00  0.0    T  9.2 21 320   M    M   0        26 320
24  46  28  37  20  28   0 0.03  0.2    T  9.0 23 340   M    M   5 1      30 360
25  34  30  32  15  33   0    T    T    T  8.8 23 340   M    M   9 1      29 340
26  51  28  40  23  25   0 0.00  0.0    0 10.4 24 310   M    M   1        33 310
27  46  24  35  18  30   0 0.00  0.0    0 10.8 18 150   M    M   0 1      25 160
28  46  32  39  22  26   0    T  0.0    0 14.2 37 340   M    M   3        47 350
29  33  18  26   8  39   0 0.00  0.0    0 14.7 33 330   M    M   8        41 330
================================================================================
SM  817  294      1322   0  0.35     4.3 321.9          M      104
================================================================================
AV 28.2 10.1                              11.1 FASTST   M    M   4    MAX(MPH)
                                 MISC ---->  # 48 320               # 56  320
================================================================================
NOTES:
# LAST OF SEVERAL OCCURRENCES

COLUMN 17 PEAK WIND IN M.P.H.

PRELIMINARY LOCAL CLIMATOLOGICAL DATA (WS FORM: F-6) , PAGE 2

                                          STATION:  HURON
                                          MONTH:    JANUARY
                                          YEAR:     2015
                                          LATITUDE:   44 22 N
                                          LONGITUDE:  98 13 W

[TEMPERATURE DATA]      [PRECIPITATION DATA]       SYMBOLS USED IN COLUMN 16

AVERAGE MONTHLY: 19.2   TOTAL FOR MONTH:   0.35    1 = FOG OR MIST
DPTR FM NORMAL:   2.7   DPTR FM NORMAL:   -0.12    2 = FOG REDUCING VISIBILITY
HIGHEST:    51 ON 26    GRTST 24HR  0.21 ON  5- 5      TO 1/4 MILE OR LESS
LOWEST:    -14 ON 12, 6                            3 = THUNDER
                        SNOW, ICE PELLETS, HAIL    4 = ICE PELLETS
                        TOTAL MONTH:   4.3 INCHES  5 = HAIL
                        GRTST 24HR   2.3 ON   M    6 = FREEZING RAIN OR DRIZZLE
                        GRTST DEPTH:   6 ON 10, 9  7 = DUSTSTORM OR SANDSTORM:
                                                       VSBY 1/2 MILE OR LESS
                                                   8 = SMOKE OR HAZE
[NO. OF DAYS WITH]      [WEATHER - DAYS WITH]      9 = BLOWING SNOW
                                                   X = TORNADO
MAX 32 OR BELOW:  16    0.01 INCH OR MORE:   7
MAX 90 OR ABOVE:   0    0.10 INCH OR MORE:   1
MIN 32 OR BELOW:  29    0.50 INCH OR MORE:   0
MIN  0 OR BELOW:  10    1.00 INCH OR MORE:   0

[HDD (BASE 65) ]
TOTAL THIS MO.  1322    CLEAR  (SCALE 0-3)  14
DPTR FM NORMAL   -85    PTCLDY (SCALE 4-7)  11
TOTAL FM JUL 1  4477    CLOUDY (SCALE 8-10)  4
DPTR FM NORMAL   -50

[CDD (BASE 65) ]
TOTAL THIS MO.     0
DPTR FM NORMAL     0    [PRESSURE DATA]
TOTAL FM JAN 1     0    HIGHEST SLP M ON M
DPTR FM NORMAL     0    LOWEST  SLP 29.59 ON 24

[REMARKS]
