000
CXUS54 KLZK 271130
CF6HOT
PRELIMINARY LOCAL CLIMATOLOGICAL DATA (WS FORM: F-6)

                                          STATION:   Hot Springs Memorial Field
                                          MONTH:     JUNE
                                          YEAR:      2017
                                          LATITUDE:   34 28 N
                                          LONGITUDE:  93  6 W

  TEMPERATURE IN F:       :PCPN:    SNOW:  WIND      :SUNSHINE: SKY     :PK WND
================================================================================
1   2   3   4   5  6A  6B    7    8   9   10  11  12  13   14  15   16   17  18
                                     12Z  AVG MX 2MIN
DY MAX MIN AVG DEP HDD CDD  WTR  SNW DPTH SPD SPD DIR MIN PSBL S-S WX    SPD DR
================================================================================

 1  83  66  75   0   0  10 0.01  0.0    0  3.5 15 150   M    M   1 3      20 140
 2  83  64  74  -1   0   9 0.00  0.0    0  4.7 12  80   M    M   5        15  80
 3  83  70  77   1   0  12 0.13  0.0    0  3.9 12  90   M    M   4 13     15 100
 4  81  70  76   0   0  11 0.39  0.0    0  2.9 17 200   M    M   7 13     26 190
 5  83  70  77   1   0  12 0.30  0.0    0  3.4 15  50   M    M   7 138    19  50
 6  90  67  79   3   0  14 0.00  0.0    0  7.0 16  50   M    M   1        21  50
 7  82  62  72  -5   0   7 0.00  0.0    0  6.7 16  60   M    M   0        22  30
 8  84  57  71  -6   0   6 0.00  0.0    0  3.0 12  70   M    M   1        16  60
 9  83  58  71  -6   0   6 0.00  0.0    0  3.7 12 190   M    M   0        14 230
10  85  61  73  -5   0   8 0.00  0.0    0  6.9 13 200   M    M   1        19 150
11  88  72  80   2   0  15 0.00  0.0    0  6.5 14 170   M    M   2        20 190
12  89  74  82   4   0  17    T  0.0    0  6.1 14 160   M    M   7 13     20 170
13  89  74  82   4   0  17 0.00  0.0    0  6.8 17 140   M    M   5 1      23 130
14  91  75  83   5   0  18    T  0.0    0  5.8 16 230   M    M   5        21 240
15  89  76  83   4   0  18    T  0.0    0  4.0 21  60   M    M   3 3      24  60
16  95  72  84   5   0  19 0.00  0.0    0  5.5 15 240   M    M   1 1      22 250
17  88  73  81   2   0  16 0.00  0.0    0  5.9 20 230   M    M   3        26 230
18  81  70  76  -3   0  11 0.07  0.0    0  3.7 23 280   M    M   5 13     42 270
19  89  66  78  -1   0  13 0.12  0.0    0  2.7 13  60   M    M   5 13     17 360
20  92  65  79  -1   0  14 0.00  0.0    0  3.4 14  80   M    M   0        20  40
21  88  66  77  -3   0  12    T  0.0    0  7.1 20  90   M    M   4 18     26  80
22  87  74  81   1   0  16 0.10  0.0    0  9.1 17  90   M    M   9 18     22  90
23  94  71  83   3   0  18 0.39  0.0    0  5.0 31  30   M    M   5 13     46  20
24  83  69  76  -4   0  11 0.00  0.0    0  5.7 13  50   M    M   3        19  30
25  87  64  76  -4   0  11    T  0.0    0  4.4 12 140   M    M   2        17 140
26  83  67  75  -6   0  10    T  0.0    0  3.4  9 110   M    M   2        14 120
================================================================================
SM 2250 1773         0 331  1.51     0.0 130.8          M       88
================================================================================
AV 86.5 68.2                               5.0 FASTST   M    M   3    MAX(MPH)
                                 MISC ---->  # 31  30               # 46   20
================================================================================
NOTES:
# LAST OF SEVERAL OCCURRENCES

COLUMN 17 PEAK WIND IN M.P.H.

PRELIMINARY LOCAL CLIMATOLOGICAL DATA (WS FORM: F-6) , PAGE 2

                                          STATION:  Hot Springs Memorial Field
                                          MONTH:    JUNE
                                          YEAR:     2017
                                          LATITUDE:   34 28 N
                                          LONGITUDE:  93  6 W

[TEMPERATURE DATA]      [PRECIPITATION DATA]       SYMBOLS USED IN COLUMN 16

AVERAGE MONTHLY: 77.4   TOTAL FOR MONTH:   1.51    1 = FOG OR MIST
DPTR FM NORMAL:  -0.8   DPTR FM NORMAL:   -2.69    2 = FOG REDUCING VISIBILITY
HIGHEST:    95 ON 16    GRTST 24HR  0.39 ON 23-23      TO 1/4 MILE OR LESS
LOWEST:     57 ON  8                               3 = THUNDER
                        SNOW, ICE PELLETS, HAIL    4 = ICE PELLETS
                        TOTAL MONTH:   0.0 INCH    5 = HAIL
                        GRTST 24HR     0.0         6 = FREEZING RAIN OR DRIZZLE
                        GRTST DEPTH:   0           7 = DUSTSTORM OR SANDSTORM:
                                                       VSBY 1/2 MILE OR LESS
                                                   8 = SMOKE OR HAZE
[NO. OF DAYS WITH]      [WEATHER - DAYS WITH]      9 = BLOWING SNOW
                                                   X = TORNADO
MAX 32 OR BELOW:   0    0.01 INCH OR MORE:   8
MAX 90 OR ABOVE:   5    0.10 INCH OR MORE:   6
MIN 32 OR BELOW:   0    0.50 INCH OR MORE:   0
MIN  0 OR BELOW:   0    1.00 INCH OR MORE:   0

[HDD (BASE 65) ]
TOTAL THIS MO.     0    CLEAR  (SCALE 0-3)  14
DPTR FM NORMAL     0    PTCLDY (SCALE 4-7)  11
TOTAL FM JUL 1  2086    CLOUDY (SCALE 8-10)  1
DPTR FM NORMAL  -849

[CDD (BASE 65) ]
TOTAL THIS MO.   331
DPTR FM NORMAL   -10    [PRESSURE DATA]
TOTAL FM JAN 1   646    HIGHEST SLP M ON M
DPTR FM NORMAL    25    LOWEST  SLP 29.62 ON 23

[REMARKS]
