000
CXUS54 KBRO 290900
CF6HRL
PRELIMINARY LOCAL CLIMATOLOGICAL DATA (WS FORM: F-6)

                                          STATION:   HARLINGEN
                                          MONTH:     JUNE
                                          YEAR:      2015
                                          LATITUDE:   26 13 N
                                          LONGITUDE:  97 40 W

  TEMPERATURE IN F:       :PCPN:    SNOW:  WIND      :SUNSHINE: SKY     :PK WND
================================================================================
1   2   3   4   5  6A  6B    7    8   9   10  11  12  13   14  15   16   17  18
                                     12Z  AVG MX 2MIN
DY MAX MIN AVG DEP HDD CDD  WTR  SNW DPTH SPD SPD DIR MIN PSBL S-S WX    SPD DR
================================================================================

 1  90  67  79  -4   0  14 0.00  0.0    0  5.9 16 120   M    M   3 12     19  60
 2  91  68  80  -3   0  15 0.00  0.0    0  6.8 17 110   M    M   2 1      21 120
 3  91  71  81  -2   0  16    T  0.0    0  8.2 20 110   M    M   3 13     24 110
 4  92  72  82  -1   0  17 0.00  0.0    0  8.4 20 120   M    M   2 1      24 110
 5  93  70  82  -1   0  17    T  0.0    0  8.7 21 130   M    M   2 1      26 130
 6  92  71  82  -1   0  17 0.00  0.0    0  7.8 17 110   M    M   2        21  90
 7  93  71  82  -1   0  17 0.00  0.0    0  8.1 21 120   M    M   2        25 110
 8  93  73  83  -1   0  18 0.02  0.0    0 10.2 22 120   M    M   2        26 120
 9  95  71  83  -1   0  18 0.00  0.0    0  7.5 18 100   M    M   1 1      22 110
10  95  70  83  -1   0  18 0.00  0.0    0  9.1 21 140   M    M   2 1      24 150
11  95  74  85   1   0  20 0.00  0.0    0 12.4 22 140   M    M   1        26 150
12  95  78  87   3   0  22 0.00  0.0    0 12.1 24 120   M    M   2        32 120
13  96  76  86   2   0  21 0.01  0.0    0 12.6 23 130   M    M   3 1      28 140
14  95  76  86   2   0  21 0.00  0.0    0 12.3 23 120   M    M   3        31 130
15  94  74  84   0   0  19 0.54  0.0    0  4.7 21  70   M    M   3 18     27  90
16  97  76  87   3   0  22 0.61  0.0    0  9.6 29 220   M    M   3 13     34 210
17  93  76  85   1   0  20 0.20  0.0    0 12.2 25 190   M    M   4 18     30 190
18  93  78  86   2   0  21 0.01  0.0    0 10.2 22 150   M    M   5 13     27 150
19  94  76  85   1   0  20 0.00  0.0    0  9.6 20 140   M    M   2 1      25 150
20  90  76  83  -1   0  18 0.13  0.0    0 11.9 28 180   M    M   3 13     34 180
21  93  76  85   1   0  20 0.18  0.0    0 13.0 35 220   M    M   6 13     44 190
22  91  79  85   1   0  20 0.00  0.0    0 11.0 20 150   M    M   4 1      23 140
23  91  77  84   0   0  19    T  0.0    0 10.4 20 140   M    M   1 13     25 120
24  94  75  85   1   0  20 0.00  0.0    0  9.0 20 100   M    M   1 1      24 100
25  95  75  85   1   0  20    T  0.0    0  8.3 17 150   M    M   2 3      22 160
26  95  75  85   1   0  20 0.00  0.0    0 13.8 24 160   M    M   1        31 150
27  95  75  85   0   0  20 0.00  0.0    0 12.3 25 150   M    M   1        30 180
28  94  75  85   0   0  20 0.00  0.0    0 10.2 21 140   M    M   1 13     26 130
================================================================================
SM 2615 2071         0 530  1.70     0.0 276.3          M       67
================================================================================
AV 93.4 74.0                               9.9 FASTST   M    M   2    MAX(MPH)
                                 MISC ---->  # 35 220               # 44  190
================================================================================
NOTES:
# LAST OF SEVERAL OCCURRENCES

COLUMN 17 PEAK WIND IN M.P.H.

PRELIMINARY LOCAL CLIMATOLOGICAL DATA (WS FORM: F-6) , PAGE 2

                                          STATION:  HARLINGEN
                                          MONTH:    JUNE
                                          YEAR:     2015
                                          LATITUDE:   26 13 N
                                          LONGITUDE:  97 40 W

[TEMPERATURE DATA]      [PRECIPITATION DATA]       SYMBOLS USED IN COLUMN 16

AVERAGE MONTHLY: 83.7   TOTAL FOR MONTH:   1.70    1 = FOG OR MIST
DPTR FM NORMAL:  -0.1   DPTR FM NORMAL:   -0.60    2 = FOG REDUCING VISIBILITY
HIGHEST:    97 ON 16    GRTST 24HR  0.61 ON 16-16      TO 1/4 MILE OR LESS
LOWEST:     67 ON  1                               3 = THUNDER
                        SNOW, ICE PELLETS, HAIL    4 = ICE PELLETS
                        TOTAL MONTH:   0.0 INCH    5 = HAIL
                        GRTST 24HR     0.0         6 = FREEZING RAIN OR DRIZZLE
                        GRTST DEPTH:   0           7 = DUSTSTORM OR SANDSTORM:
                                                       VSBY 1/2 MILE OR LESS
                                                   8 = SMOKE OR HAZE
[NO. OF DAYS WITH]      [WEATHER - DAYS WITH]      9 = BLOWING SNOW
                                                   X = TORNADO
MAX 32 OR BELOW:   0    0.01 INCH OR MORE:   8
MAX 90 OR ABOVE:  28    0.10 INCH OR MORE:   5
MIN 32 OR BELOW:   0    0.50 INCH OR MORE:   2
MIN  0 OR BELOW:   0    1.00 INCH OR MORE:   0

[HDD (BASE 65) ]
TOTAL THIS MO.     0    CLEAR  (SCALE 0-3)  23
DPTR FM NORMAL     0    PTCLDY (SCALE 4-7)   5
TOTAL FM JUL 1   767    CLOUDY (SCALE 8-10)  0
DPTR FM NORMAL   145

[CDD (BASE 65) ]
TOTAL THIS MO.   530
DPTR FM NORMAL     2    [PRESSURE DATA]
TOTAL FM JAN 1  1614    HIGHEST SLP M ON M
DPTR FM NORMAL   -15    LOWEST  SLP 29.75 ON M

[REMARKS]
