000
CXUS53 KGID 280730
CF6HSI
PRELIMINARY LOCAL CLIMATOLOGICAL DATA (WS FORM: F-6)

                                          STATION:   HASTINGS NE
                                          MONTH:     FEBRUARY
                                          YEAR:      2015
                                          LATITUDE:   40 35 N
                                          LONGITUDE:  98 26 W

  TEMPERATURE IN F:       :PCPN:    SNOW:  WIND      :SUNSHINE: SKY     :PK WND
================================================================================
1   2   3   4   5  6A  6B    7    8   9   10  11  12  13   14  15   16   17  18
                                     12Z  AVG MX 2MIN
DY MAX MIN AVG DEP HDD CDD  WTR  SNW DPTH SPD SPD DIR MIN PSBL S-S WX    SPD DR
================================================================================

 1  31   0  16 -11  49   0 0.10  1.9    6 25.9 38 340   M    M   8 1289   47 340
 2  27  -6  11 -16  54   0 0.00  0.0    4  6.9 18 200   M    M   0        24 200
 3  45  14  30   3  35   0 0.00  0.0    4  6.3 16  30   M    M   2        20  30
 4  28  -2  13 -15  52   0 0.12  1.7    3 14.4 28 360   M    M   5 18     36 360
 5  35  -2  17 -11  48   0 0.00  0.0    5  9.9 20 200   M    M   0        25 210
 6  55  33  44  16  21   0 0.00  0.0    5  7.4 14 220   M    M   0        19 220
 7  63  34  49  21  16   0 0.00  0.0    1  9.6 17 290   M    M   0        22 290
 8  63  33  48  20  17   0 0.00  0.0    T 12.2 22 290   M    M   0        29 270
 9  43  28  36   8  29   0 0.00  0.0    0  8.8 20 150   M    M   9 12     25 160
10  55  33  44  15  21   0 0.00  0.0    0  9.4 22  20   M    M   6 128    28  20
11  40  26  33   4  32   0 0.00  0.0    0 16.7 29 350   M    M   3        37 340
12  27  10  19 -10  46   0    T    T    0 10.4 23  20   M    M   4        28  30
13  59  18  39  10  26   0 0.00  0.0    0  8.5 22 340   M    M   0        28 330
14  44  16  30   0  35   0 0.00  0.0    0 13.8 26  30   M    M   3        33  40
15  20  13  17 -13  48   0 0.00  0.0    0  7.1 15 120   M    M   8        21 130
16  41  17  29  -1  36   0    T    T    0  6.3 16 330   M    M   6        21 310
17  31   6  19 -11  46   0 0.11  1.6    T 13.2 29 340   M    M   4 12     37 360
18  20   7  14 -17  51   0 0.00  0.0    1 11.7 21 340   M    M   2        26 360
19  27  14  21 -10  44   0 0.00  0.0    1 11.6 21 160   M    M   7        28 160
20  48  17  33   2  32   0 0.00  0.0    1  4.3 10 200   M    M   6        14 170
21  44  20  32   1  33   0 0.00  0.0    0 14.0 24  10   M    M   7 8      30 360
22  20   6  13 -19  52   0    T  0.1    T 13.9 23 350   M    M   5        28 350
23  28   0  14 -18  51   0 0.00  0.0    0  6.9 16 250   M    M   0        22 220
24  51  14  33   1  32   0 0.00  0.0    0 11.2 26 330   M    M   0 8      31 360
25  47  12  30  -3  35   0    T    T    0 18.1 36 360   M    M   6        44 360
26  19   0  10 -23  55   0 0.00  0.0    0 14.5 31 360   M    M   2        37 360
27  23  -4  10 -24  55   0 0.00  0.0    0  5.2 14 160   M    M   1        19 140
================================================================================
SM 1034  357      1051   0  0.33     5.3 298.2          M       94
================================================================================
AV 38.3 13.2                              11.0 FASTST   M    M   3    MAX(MPH)
                                 MISC ---->  # 38 340               # 47  340
================================================================================
NOTES:
# LAST OF SEVERAL OCCURRENCES

COLUMN 17 PEAK WIND IN M.P.H.

PRELIMINARY LOCAL CLIMATOLOGICAL DATA (WS FORM: F-6) , PAGE 2

                                          STATION:  HASTINGS NE
                                          MONTH:    FEBRUARY
                                          YEAR:     2015
                                          LATITUDE:   40 35 N
                                          LONGITUDE:  98 26 W

[TEMPERATURE DATA]      [PRECIPITATION DATA]       SYMBOLS USED IN COLUMN 16

AVERAGE MONTHLY: 25.8   TOTAL FOR MONTH:   0.33    1 = FOG OR MIST
DPTR FM NORMAL:  -4.1   DPTR FM NORMAL:   -0.14    2 = FOG REDUCING VISIBILITY
HIGHEST:    63 ON  8, 7 GRTST 24HR  0.38 ON 31- 1      TO 1/4 MILE OR LESS
LOWEST:     -6 ON  2                               3 = THUNDER
                        SNOW, ICE PELLETS, HAIL    4 = ICE PELLETS
                        TOTAL MONTH:   5.3 INCHES  5 = HAIL
                        GRTST 24HR   1.9 ON   M    6 = FREEZING RAIN OR DRIZZLE
                        GRTST DEPTH:   6 ON  1     7 = DUSTSTORM OR SANDSTORM:
                                                       VSBY 1/2 MILE OR LESS
                                                   8 = SMOKE OR HAZE
[NO. OF DAYS WITH]      [WEATHER - DAYS WITH]      9 = BLOWING SNOW
                                                   X = TORNADO
MAX 32 OR BELOW:  12    0.01 INCH OR MORE:   3
MAX 90 OR ABOVE:   0    0.10 INCH OR MORE:   3
MIN 32 OR BELOW:  23    0.50 INCH OR MORE:   0
MIN  0 OR BELOW:   7    1.00 INCH OR MORE:   0

[HDD (BASE 65) ]
TOTAL THIS MO.  1051    CLEAR  (SCALE 0-3)  14
DPTR FM NORMAL   100    PTCLDY (SCALE 4-7)  12
TOTAL FM JUL 1  4572    CLOUDY (SCALE 8-10)  1
DPTR FM NORMAL   -28

[CDD (BASE 65) ]
TOTAL THIS MO.     0
DPTR FM NORMAL     0    [PRESSURE DATA]
TOTAL FM JAN 1     0    HIGHEST SLP M ON M
DPTR FM NORMAL     0    LOWEST  SLP 29.62 ON  7

[REMARKS]
