000
CXUS51 KCAR 010600
CF6HUL
PRELIMINARY LOCAL CLIMATOLOGICAL DATA (WS FORM: F-6)

                                          STATION:   HOULTON ME
                                          MONTH:     JULY
                                          YEAR:      2014
                                          LATITUDE:   46  7 N
                                          LONGITUDE:  67 48 W

  TEMPERATURE IN F:       :PCPN:    SNOW:  WIND      :SUNSHINE: SKY     :PK WND
================================================================================
1   2   3   4   5  6A  6B    7    8   9   10  11  12  13   14  15   16   17  18
                                     12Z  AVG MX 2MIN
DY MAX MIN AVG DEP HDD CDD  WTR  SNW DPTH SPD SPD DIR MIN PSBL S-S WX    SPD DR
================================================================================

 1  88  64  76  12   0  11 0.00    M    M  7.5 16 220   M    M   1 18     23 220
 2  93  69  81  17   0  16 0.19    M    M  9.2 31 240   M    M   1 138    46 230
 3  87  69  78  13   0  13 0.03    M    M  6.0 14 210   M    M   5 1      21 200
 4  72  62  67   2   0   2 0.84    M    M  4.8 17 360   M    M   8 13     21 350
 5  62  47  55 -10  10   0 2.40    M    M 13.1 33 320   M    M   9 1      47 300
 6  78  44  61  -4   4   0 0.01    M    M  7.4 18 270   M    M   5 1      29 260
 7  77  62  70   5   0   5 0.10    M    M  5.3 14 210   M    M   6 1      20 230
 8  84  65  75  10   0  10 0.00    M    M  8.0 20 230   M    M   5 18     27 250
 9  83  62  73   7   0   8    T    M    M  8.9 22 230   M    M   4 18     32 220
10  77  49  63  -3   2   0    T    M    M  6.0 16 250   M    M   5        23 250
11  78  44  61  -5   4   0 0.00    M    M  2.9 14 250   M    M   2        18 260
12  80  46  63  -3   2   0 0.00    M    M  5.5 15 230   M    M   0        19 230
13  82  60  71   5   0   6 0.10    M    M  8.5 17 190   M    M   4 1      28 180
14  83  65  74   8   0   9 0.30    M    M  9.0 21 230   M    M   5 1      26 250
15  78  60  69   3   0   4 0.23    M    M  4.7 13 160   M    M   7 12     17 200
16  72  66  69   3   0   4 1.53    M    M  5.5 13 290   M    M  10 13     20 210
17  77  53  65  -1   0   0    T    M    M  4.1 17 240   M    M   2 12     22 250
18  78  49  64  -2   1   0 0.00    M    M  5.7 18 270   M    M   1 1      23 290
19  81  49  65  -1   0   0 0.00    M    M  2.0  7 240   M    M   0        11 230
20  80  56  68   2   0   3 0.00    M    M  2.0  9 220   M    M   1 1      13 150
21  81  61  71   5   0   6 0.00    M    M  3.8 10 250   M    M   5        13 210
22  86  61  74   8   0   9 0.00    M    M  7.4 16 220   M    M   1        22 230
23  89  65  77  11   0  12 0.10    M    M  8.7 23 230   M    M   3 1      29 210
24  73  48  61  -5   4   0 0.06    M    M  6.8 17  10   M    M   3 1      21  10
25  80  44  62  -4   3   0 0.00    M    M  4.3 14 270   M    M   1 8      22 210
26  79  56  68   2   0   3 0.00    M    M  9.2 18 230   M    M   1 8      24 210
27  80  60  70   4   0   5 0.14    M    M  8.9 17 180   M    M   6 1      31 180
28  74  62  68   2   0   3 0.09    M    M  6.2 12 140   M    M  10 1      18 150
29  73  49  61  -5   4   0 0.01    M    M  6.0 16 310   M    M   7 1      21 330
30  78  45  62  -4   3   0 0.01    M    M  2.1  9 120   M    M   3        14 160
31  79  53  66   0   0   1 0.00    M    M  6.0 15 190   M    M   5 1      23 190
================================================================================
SM 2462 1745        37 130  6.14    M    195.5          M      126
================================================================================
AV 79.4 56.3                               6.3 FASTST   M    M   4    MAX(MPH)
                                 MISC ---->  # 33 320               # 47  300
================================================================================
NOTES:
# LAST OF SEVERAL OCCURRENCES

COLUMN 17 PEAK WIND IN M.P.H.

PRELIMINARY LOCAL CLIMATOLOGICAL DATA (WS FORM: F-6) , PAGE 2

                                          STATION:  HOULTON ME
                                          MONTH:    JULY
                                          YEAR:     2014
                                          LATITUDE:   46  7 N
                                          LONGITUDE:  67 48 W

[TEMPERATURE DATA]      [PRECIPITATION DATA]       SYMBOLS USED IN COLUMN 16

AVERAGE MONTHLY: 67.9   TOTAL FOR MONTH:   6.14    1 = FOG OR MIST
DPTR FM NORMAL:   2.2   DPTR FM NORMAL:    2.48    2 = FOG REDUCING VISIBILITY
HIGHEST:    93 ON  2    GRTST 24HR  2.40 ON  5- 5      TO 1/4 MILE OR LESS
LOWEST:     44 ON 25,11                            3 = THUNDER
                        SNOW, ICE PELLETS, HAIL    4 = ICE PELLETS
                        TOTAL MONTH:    M          5 = HAIL
                        GRTST 24HR    M  ON   M    6 = FREEZING RAIN OR DRIZZLE
                        GRTST DEPTH:  M  ON   M    7 = DUSTSTORM OR SANDSTORM:
                                                       VSBY 1/2 MILE OR LESS
                                                   8 = SMOKE OR HAZE
[NO. OF DAYS WITH]      [WEATHER - DAYS WITH]      9 = BLOWING SNOW
                                                   X = TORNADO
MAX 32 OR BELOW:   0    0.01 INCH OR MORE:  16
MAX 90 OR ABOVE:   1    0.10 INCH OR MORE:  10
MIN 32 OR BELOW:   0    0.50 INCH OR MORE:   3
MIN  0 OR BELOW:   0    1.00 INCH OR MORE:   2

[HDD (BASE 65) ]
TOTAL THIS MO.    37    CLEAR  (SCALE 0-3)  11
DPTR FM NORMAL   -23    PTCLDY (SCALE 4-7)  16
TOTAL FM JUL 1    37    CLOUDY (SCALE 8-10)  4
DPTR FM NORMAL   -23

[CDD (BASE 65) ]
TOTAL THIS MO.   130
DPTR FM NORMAL    49    [PRESSURE DATA]
TOTAL FM JAN 1   156    HIGHEST SLP 30.27 ON 19
DPTR FM NORMAL    36    LOWEST  SLP 29.43 ON 29

[REMARKS]
#FINAL-07-14#
