000
CXUS51 KCAR 300600
CF6HUL
PRELIMINARY LOCAL CLIMATOLOGICAL DATA (WS FORM: F-6)

                                          STATION:   HOULTON ME
                                          MONTH:     APRIL
                                          YEAR:      2016
                                          LATITUDE:   46  7 N
                                          LONGITUDE:  67 48 W

  TEMPERATURE IN F:       :PCPN:    SNOW:  WIND      :SUNSHINE: SKY     :PK WND
================================================================================
1   2   3   4   5  6A  6B    7    8   9   10  11  12  13   14  15   16   17  18
                                     12Z  AVG MX 2MIN
DY MAX MIN AVG DEP HDD CDD  WTR  SNW DPTH SPD SPD DIR MIN PSBL S-S WX    SPD DR
================================================================================

 1  62  45  54  22  11   0 0.25    M    M  8.7 16 200   M    M   9 1      25 180
 2  46  34  40   7  25   0 0.04    M    M  3.1 15 250   M    M   6 1      20 260
 3  36  12  24  -9  41   0 0.00    M    M 12.7 25 290   M    M   7        36 250
 4  28   8  18 -16  47   0 0.00    M    M  9.5 22 300   M    M   0        32 280
 5  27   7  17 -17  48   0 0.00    M    M  8.6 18 340   M    M   1        27 320
 6  39   5  22 -13  43   0 0.01    M    M  7.5 20 230   M    M   3 1      27 180
 7  51  29  40   5  25   0 1.03    M    M 10.2 24 160   M    M  10 1      38 150
 8  55  34  45   9  20   0 0.38    M    M  8.4 22 180   M    M   9 1      34 190
 9  37  25  31  -5  34   0    T    M    M  7.2 20 360   M    M   9 1      27  10
10  40  18  29  -7  36   0 0.00    M    M 11.8 22 360   M    M   1        28 310
11  44  16  30  -7  35   0 0.10    M    M  7.0 16 140   M    M   7 1      27 130
12  53  31  42   4  23   0 0.95    M    M  6.7 20 320   M    M   9 1      25 330
13  46  25  36  -2  29   0 0.00    M    M  5.4 16 310   M    M   2 1      22 290
14  48  21  35  -3  30   0 0.00    M    M  7.8 20  20   M    M   0        26  10
15  51  22  37  -2  28   0 0.00    M    M 11.1 24  20   M    M   0        32  20
16  56  23  40   1  25   0 0.00    M    M  7.3 16  20   M    M   0        20  50
17  71  25  48   8  17   0 0.00    M    M  3.1 13 290   M    M   0        19 310
18  55  33  44   4  21   0 0.00    M    M  7.2 18  10   M    M   2        24  10
19  53  30  42   1  23   0 0.00    M    M  6.3 21  10   M    M   5        24  20
20  52  28  40  -1  25   0 0.00    M    M  8.8 23 360   M    M   3        30  10
21  70  28  49   7  16   0 0.00    M    M  5.7 20 340   M    M   1        27 290
22  72  29  51   9  14   0    T  0.0    0  3.5 14 240   M    M   7        18 210
23  57  34  46   3  19   0 0.00  0.0    M 10.2 21  10   M    M   7        26 360
24  48  25  37  -6  28   0 0.00  0.0    M 10.4 25 360   M    M   2        35  10
25  47  21  34 -10  31   0 0.00  0.0    M  6.8 18 320   M    M   4        26 280
26  46  17  32 -12  33   0 0.00  0.0    M  1.8 12 230   M    M   0        17 250
27  48  18  33 -11  32   0 0.00    M    M  7.6 18 310   M    M   3        26 320
28  39  19  29 -16  36   0    T    M    M  7.6 18 340   M    M   5        25 340
29  53  15  34 -11  31   0 0.00    M    M  3.2 15 270   M    M   0        20 240
================================================================================
SM 1430  677       826   0  2.76     0.0 215.2          M      112
================================================================================
AV 49.3 23.3                               7.4 FASTST   M    M   4    MAX(MPH)
                                 MISC ---->  # 25 290               # 38  150
================================================================================
NOTES:
# LAST OF SEVERAL OCCURRENCES

COLUMN 17 PEAK WIND IN M.P.H.

PRELIMINARY LOCAL CLIMATOLOGICAL DATA (WS FORM: F-6) , PAGE 2

                                          STATION:  HOULTON ME
                                          MONTH:    APRIL
                                          YEAR:     2016
                                          LATITUDE:   46  7 N
                                          LONGITUDE:  67 48 W

[TEMPERATURE DATA]      [PRECIPITATION DATA]       SYMBOLS USED IN COLUMN 16

AVERAGE MONTHLY: 36.3   TOTAL FOR MONTH:   2.76    1 = FOG OR MIST
DPTR FM NORMAL:  -2.5   DPTR FM NORMAL:   -0.98    2 = FOG REDUCING VISIBILITY
HIGHEST:    72 ON 22    GRTST 24HR  1.14 ON  7- 8      TO 1/4 MILE OR LESS
LOWEST:      5 ON  6                               3 = THUNDER
                        SNOW, ICE PELLETS, HAIL    4 = ICE PELLETS
                        TOTAL MONTH:   0.0 INCH    5 = HAIL
                        GRTST 24HR     0.0         6 = FREEZING RAIN OR DRIZZLE
                        GRTST DEPTH:   0           7 = DUSTSTORM OR SANDSTORM:
                                                       VSBY 1/2 MILE OR LESS
                                                   8 = SMOKE OR HAZE
[NO. OF DAYS WITH]      [WEATHER - DAYS WITH]      9 = BLOWING SNOW
                                                   X = TORNADO
MAX 32 OR BELOW:   2    0.01 INCH OR MORE:   7
MAX 90 OR ABOVE:   0    0.10 INCH OR MORE:   5
MIN 32 OR BELOW:  24    0.50 INCH OR MORE:   2
MIN  0 OR BELOW:   0    1.00 INCH OR MORE:   1

[HDD (BASE 65) ]
TOTAL THIS MO.   826    CLEAR  (SCALE 0-3)  16
DPTR FM NORMAL    68    PTCLDY (SCALE 4-7)   8
TOTAL FM JUL 1  7621    CLOUDY (SCALE 8-10)  5
DPTR FM NORMAL  -933

[CDD (BASE 65) ]
TOTAL THIS MO.     0
DPTR FM NORMAL     0    [PRESSURE DATA]
TOTAL FM JAN 1     0    HIGHEST SLP M ON M
DPTR FM NORMAL     0    LOWEST  SLP 29.17 ON  3

[REMARKS]
