000
CXUS56 KTFX 281205
CF6HVR
PRELIMINARY LOCAL CLIMATOLOGICAL DATA (WS FORM: F-6)

                                          STATION:   HAVRE MT
                                          MONTH:     MAY
                                          YEAR:      2017
                                          LATITUDE:   48 32 N
                                          LONGITUDE: 109 46 W

  TEMPERATURE IN F:       :PCPN:    SNOW:  WIND      :SUNSHINE: SKY     :PK WND
================================================================================
1   2   3   4   5  6A  6B    7    8   9   10  11  12  13   14  15   16   17  18
                                     12Z  AVG MX 2MIN
DY MAX MIN AVG DEP HDD CDD  WTR  SNW DPTH SPD SPD DIR MIN PSBL S-S WX    SPD DR
================================================================================

 1  60  35  48  -1  17   0    T  0.0    0 11.5 26 300   M    M   4        33 300
 2  56  35  46  -4  19   0 0.11  0.0    0  8.3 22 310   M    M   7 13     26 320
 3  70  31  51   1  14   0 0.00  0.0    0 12.6 23 220   M    M   1        28 230
 4  83  41  62  12   3   0 0.00  0.0    0 10.0 23 220   M    M   0        27 270
 5  91  41  66  16   0   1 0.00  0.0    0  6.3 22 320   M    M   0        27 320
 6  83  48  66  15   0   1 0.02  0.0    0  5.3 35 190   M    M   0 3      44 210
 7  57  36  47  -4  18   0 0.07  0.0    0 12.9 24 300   M    M   7        30 300
 8  66  38  52   1  13   0 0.00  0.0    0  8.5 17 210   M    M   3        24 220
 9  73  38  56   4   9   0 0.00  0.0    0  2.9 13 300   M    M   2        16 300
10  75  39  57   5   8   0 0.00  0.0    0  5.7 16  90   M    M   0        20  60
11  82  39  61   9   4   0 0.00  0.0    0  6.4 15  90   M    M   0        19  90
12  88  49  69  16   0   4 0.02  0.0    0 12.8 33 320   M    M   1 3      46 260
13  65  42  54   1  11   0 0.00  0.0    0 16.1 24 250   M    M   4        30 250
14  62  38  50  -3  15   0 0.00  0.0    0 15.3 32 240   M    M   2        41 230
15  64  32  48  -6  17   0 0.00  0.0    0  7.7 20 230   M    M   4        31 200
16  68  33  51  -3  14   0    T  0.0    0  6.9 33 220   M    M   6        42 220
17  58  43  51  -3  14   0    T  0.0    0 18.2 30  40   M    M   7        38  30
18  65  33  49  -6  16   0 0.00  0.0    0  6.4 17  80   M    M   4        21  80
19  70  33  52  -3  13   0 0.00  0.0    0  4.9 15 220   M    M   1        22 240
20  72  35  54  -1  11   0 0.07  0.0    0  5.4 28 320   M    M   2 3      37 330
21  77  37  57   1   8   0 0.00  0.0    0  8.6 29 240   M    M   3        42 240
22  74  41  58   2   7   0 0.00  0.0    0  7.7 20  10   M    M   2        25  10
23  83  40  62   6   3   0 0.00  0.0    0  8.1 20 160   M    M   0        24 160
24  73  44  59   2   6   0    T  0.0    0 28.8 47 240   M    M   2        58 260
25  62  40  51  -6  14   0 0.04  0.0    0 19.8 36 260   M    M   8 1      46 260
26  70  39  55  -2  10   0 0.01  0.0    0 10.8 20  20   M    M   5        25  30
27  81  44  63   5   2   0    T  0.0    0 14.1 23 220   M    M   3        34  10
================================================================================
SM 1928 1044       266   6  0.34     0.0 282.0          M       78
================================================================================
AV 71.4 38.7                              10.4 FASTST   M    M   3    MAX(MPH)
                                 MISC ---->  # 47 240               # 58  260
================================================================================
NOTES:
# LAST OF SEVERAL OCCURRENCES

COLUMN 17 PEAK WIND IN M.P.H.

PRELIMINARY LOCAL CLIMATOLOGICAL DATA (WS FORM: F-6) , PAGE 2

                                          STATION:  HAVRE MT
                                          MONTH:    MAY
                                          YEAR:     2017
                                          LATITUDE:   48 32 N
                                          LONGITUDE: 109 46 W

[TEMPERATURE DATA]      [PRECIPITATION DATA]       SYMBOLS USED IN COLUMN 16

AVERAGE MONTHLY: 55.0   TOTAL FOR MONTH:   0.34    1 = FOG OR MIST
DPTR FM NORMAL:   1.7   DPTR FM NORMAL:   -1.12    2 = FOG REDUCING VISIBILITY
HIGHEST:    91 ON  5    GRTST 24HR  0.11 ON  2- 2      TO 1/4 MILE OR LESS
LOWEST:     31 ON  3                               3 = THUNDER
                        SNOW, ICE PELLETS, HAIL    4 = ICE PELLETS
                        TOTAL MONTH:   0.0 INCH    5 = HAIL
                        GRTST 24HR     0.0         6 = FREEZING RAIN OR DRIZZLE
                        GRTST DEPTH:   0           7 = DUSTSTORM OR SANDSTORM:
                                                       VSBY 1/2 MILE OR LESS
                                                   8 = SMOKE OR HAZE
[NO. OF DAYS WITH]      [WEATHER - DAYS WITH]      9 = BLOWING SNOW
                                                   X = TORNADO
MAX 32 OR BELOW:   0    0.01 INCH OR MORE:   7
MAX 90 OR ABOVE:   1    0.10 INCH OR MORE:   1
MIN 32 OR BELOW:   2    0.50 INCH OR MORE:   0
MIN  0 OR BELOW:   0    1.00 INCH OR MORE:   0

[HDD (BASE 65) ]
TOTAL THIS MO.   266    CLEAR  (SCALE 0-3)  15
DPTR FM NORMAL   -55    PTCLDY (SCALE 4-7)  11
TOTAL FM JUL 1  7761    CLOUDY (SCALE 8-10)  1
DPTR FM NORMAL  -297

[CDD (BASE 65) ]
TOTAL THIS MO.     6
DPTR FM NORMAL     4    [PRESSURE DATA]
TOTAL FM JAN 1     6    HIGHEST SLP M ON M
DPTR FM NORMAL     3    LOWEST  SLP 29.31 ON 24

[REMARKS]
