000
CXUS54 KHGX 011415
CF6IAH
PRELIMINARY LOCAL CLIMATOLOGICAL DATA (WS FORM: F-6)

                                          STATION:   HOUSTON INTERCONTINENTAL
                                          MONTH:     JULY
                                          YEAR:      2015
                                          LATITUDE:   29 58 N
                                          LONGITUDE:  95 21 W

  TEMPERATURE IN F:       :PCPN:    SNOW:  WIND      :SUNSHINE: SKY     :PK WND
================================================================================
1   2   3   4   5  6A  6B    7    8   9   10  11  12  13   14  15   16   17  18
                                     12Z  AVG MX 2MIN
DY MAX MIN AVG DEP HDD CDD  WTR  SNW DPTH SPD SPD DIR MIN PSBL S-S WX    SPD DR
================================================================================

 1  89  71  80  -4   0  15 0.38  0.0    0  4.0 22 190   M    M   8 13     33 220
 2  92  71  82  -2   0  17 0.00  0.0    0  5.6 18 150   M    M   7        23 150
 3  94  75  85   1   0  20    T  0.0    0  6.5 23 150   M    M   7 13     25 150
 4  92  78  85   1   0  20    T  0.0    0  6.8 18 150   M    M   7 13     26 170
 5  93  77  85   1   0  20 0.00  0.0    0  7.9 17 150   M    M   6 1      23 160
 6  92  80  86   2   0  21 0.00  0.0    0 10.5 21 150   M    M   7 18     26 150
 7  92  79  86   2   0  21    T  0.0    0 11.0 22 150   M    M   7 18     26 150
 8  93  80  87   3   0  22 0.00  0.0    0 10.9 21 160   M    M   6 8      28 160
 9  94  76  85   1   0  20 0.00  0.0    0  7.6 21 140   M    M   4        23 140
10  93  74  84   0   0  19    T  0.0    0  5.0 17 150   M    M   4        21 140
11  93  75  84   0   0  19    T  0.0    0  6.4 17 140   M    M   4        21 150
12  95  76  86   2   0  21 0.00  0.0    0  3.7 12 110   M    M   4        20 150
13  96  76  86   2   0  21 0.00  0.0    0  5.4 13 190   M    M   3        16 170
14  96  77  87   3   0  22 0.00  0.0    0  6.1 14 180   M    M   3        20 220
15  96  74  85   1   0  20 0.00  0.0    0  5.7 16 160   M    M   3        22 140
16  96  76  86   2   0  21 0.00  0.0    0  6.2 18 130   M    M   4        22 130
17  95  77  86   2   0  21 0.06  0.0    0  5.0 20 170   M    M   4 1      25 170
18  97  80  89   5   0  24 0.00  0.0    0  7.2 18 150   M    M   4        31 110
19  97  75  86   2   0  21 0.00  0.0    0  4.3 16 140   M    M   3        20 150
20  97  77  87   2   0  22 0.00  0.0    0  5.0 17 150   M    M   5        21 150
21  95  76  86   1   0  21    T  0.0    0  6.3 18 140   M    M   5 1      22 130
22  96  78  87   2   0  22    T  0.0    0  7.2 20 160   M    M   5        24 160
23  98  77  88   3   0  23 0.00  0.0    0  7.5 14 230   M    M   3        23 260
24  98  75  87   2   0  22 0.00  0.0    0  5.9 18 150   M    M   3        22 150
25  99  75  87   2   0  22 0.00  0.0    0  4.9 17 150   M    M   3        21 130
26  99  78  89   4   0  24 0.00  0.0    0  5.0 16 150   M    M   5 1      24 180
27  98  80  89   4   0  24 0.00  0.0    0  5.2 18 140   M    M   6        22 150
28 100  76  88   3   0  23 0.00  0.0    0  6.5 20 140   M    M   3        24 130
29 100  75  88   3   0  23 0.00  0.0    0  3.0 12 160   M    M   4        15 160
30 101  79  90   5   0  25 0.17  0.0    0  5.1 26  70   M    M   6 3      35  50
31  99  78  89   4   0  24 0.00  0.0    0  7.2 20  30   M    M   5        24  40
================================================================================
SM 2965 2371         0 660  0.61     0.0 194.6          M      148
================================================================================
AV 95.6 76.5                               6.3 FASTST   M    M   5    MAX(MPH)
                                 MISC ---->  # 26  70               # 35   50
================================================================================
NOTES:
# LAST OF SEVERAL OCCURRENCES

COLUMN 17 PEAK WIND IN M.P.H.

PRELIMINARY LOCAL CLIMATOLOGICAL DATA (WS FORM: F-6) , PAGE 2

                                          STATION:  HOUSTON INTERCONTINENTAL
                                          MONTH:    JULY
                                          YEAR:     2015
                                          LATITUDE:   29 58 N
                                          LONGITUDE:  95 21 W

[TEMPERATURE DATA]      [PRECIPITATION DATA]       SYMBOLS USED IN COLUMN 16

AVERAGE MONTHLY: 86.1   TOTAL FOR MONTH:   0.61    1 = FOG OR MIST
DPTR FM NORMAL:   1.7   DPTR FM NORMAL:   -3.18    2 = FOG REDUCING VISIBILITY
HIGHEST:   101 ON 30    GRTST 24HR  2.59 ON 30- 1      TO 1/4 MILE OR LESS
LOWEST:     71 ON  2, 1                            3 = THUNDER
                        SNOW, ICE PELLETS, HAIL    4 = ICE PELLETS
                        TOTAL MONTH:   0.0 INCH    5 = HAIL
                        GRTST 24HR     0.0         6 = FREEZING RAIN OR DRIZZLE
                        GRTST DEPTH:   0           7 = DUSTSTORM OR SANDSTORM:
                                                       VSBY 1/2 MILE OR LESS
                                                   8 = SMOKE OR HAZE
[NO. OF DAYS WITH]      [WEATHER - DAYS WITH]      9 = BLOWING SNOW
                                                   X = TORNADO
MAX 32 OR BELOW:   0    0.01 INCH OR MORE:   3
MAX 90 OR ABOVE:  30    0.10 INCH OR MORE:   2
MIN 32 OR BELOW:   0    0.50 INCH OR MORE:   0
MIN  0 OR BELOW:   0    1.00 INCH OR MORE:   0

[HDD (BASE 65) ]
TOTAL THIS MO.     0    CLEAR  (SCALE 0-3)   4
DPTR FM NORMAL     0    PTCLDY (SCALE 4-7)  27
TOTAL FM JUL 1     0    CLOUDY (SCALE 8-10)  0
DPTR FM NORMAL     0

[CDD (BASE 65) ]
TOTAL THIS MO.   660
DPTR FM NORMAL    59    [PRESSURE DATA]
TOTAL FM JAN 1  1875    HIGHEST SLP 30.15 ON 11
DPTR FM NORMAL   102    LOWEST  SLP 29.82 ON 14

[REMARKS]
#FINAL-07-15#
