000
CXUS53 KUNR 230945
CF6ICR
PRELIMINARY LOCAL CLIMATOLOGICAL DATA (WS FORM: F-6)

                                          STATION:   WINNER REGIONAL AIRPORT SD
                                          MONTH:     APRIL
                                          YEAR:      2017
                                          LATITUDE:   43 23 N
                                          LONGITUDE:  99 50 W

  TEMPERATURE IN F:       :PCPN:    SNOW:  WIND      :SUNSHINE: SKY     :PK WND
================================================================================
1   2   3   4   5  6A  6B    7    8   9   10  11  12  13   14  15   16   17  18
                                     12Z  AVG MX 2MIN
DY MAX MIN AVG DEP HDD CDD  WTR  SNW DPTH SPD SPD DIR MIN PSBL S-S WX    SPD DR
================================================================================

 1  61  41  51   8  14   0 0.00    M    M  7.1 16 140   M    M   4        20 140
 2  70  39  55  12  10   0 0.00    M    M 12.3 24 360   M    M   3        29 360
 3  48  41  45   2  20   0 0.47    M    M  9.0 24 360   M    M   9 1      30 360
 4  61  34  48   4  17   0 0.07    M    M 10.2 25 320   M    M   2        36  20
 5  59  32  46   2  19   0    T    M    M 10.0 24  30   M    M   2        29  30
 6  59  26  43  -1  22   0    T    M    M  6.9 21 150   M    M   0 1      26 150
 7  78  43  61  16   4   0 0.00    M    M 25.8 40 190   M    M   0        47 200
 8  78  55  67  22   0   2 0.03    M    M 11.6 26 200   M    M   1 3      35 200
 9  64  43  54   9  11   0 0.58    M    M 13.0 28  60   M    M   8 13     36  40
10  43  29  36 -10  29   0 0.39    M    M 14.2 26 360   M    M   7 12     31 360
11  69  25  47   1  18   0 0.00    M    M  8.6 21 120   M    M   0        26 190
12  65  39  52   6  13   0    T    M    M 10.3 22  50   M    M   4        27  90
13  64  36  50   3  15   0 0.00    M    M 13.8 29 140   M    M   4 128    37 140
14  76  50  63  16   2   0    T    M    M 14.3 22 160   M    M   3 18     29 150
15  67  43  55   7  10   0 0.03    M    M  9.8 25 340   M    M   5 13     31 350
16  70  34  52   4  13   0    T    M    M  7.7 21  90   M    M   3        24  90
17  71  33  52   4  13   0 0.00    M    M 13.8 31 180   M    M   2        40 190
18  70  49  60  11   5   0 0.16    M    M 14.1 38 190   M    M   2 13     51 190
19  55  45  50   1  15   0 0.36    M    M 12.7 40 110   M    M   8 1      54 100
20  62  41  52   3  13   0 0.00    M    M 11.4 23 340   M    M   7 1      41 290
21  61  37  49  -1  16   0 0.00    M    M  8.7 21 140   M    M   1        24 130
22  68  36  52   2  13   0 0.00    M    M  6.5 17 200   M    M   0        21 180
================================================================================
SM 1419  851       292   2  2.09    M    251.8          M       75
================================================================================
AV 64.5 38.7                              11.4 FASTST   M    M   3    MAX(MPH)
                                 MISC ---->  # 40 190               # 54  100
================================================================================
NOTES:
# LAST OF SEVERAL OCCURRENCES

COLUMN 17 PEAK WIND IN M.P.H.

PRELIMINARY LOCAL CLIMATOLOGICAL DATA (WS FORM: F-6) , PAGE 2

                                          STATION:  WINNER REGIONAL AIRPORT SD
                                          MONTH:    APRIL
                                          YEAR:     2017
                                          LATITUDE:   43 23 N
                                          LONGITUDE:  99 50 W

[TEMPERATURE DATA]      [PRECIPITATION DATA]       SYMBOLS USED IN COLUMN 16

AVERAGE MONTHLY: 51.6   TOTAL FOR MONTH:   2.09    1 = FOG OR MIST
DPTR FM NORMAL:   5.3   DPTR FM NORMAL:    0.44    2 = FOG REDUCING VISIBILITY
HIGHEST:    78 ON  8, 7 GRTST 24HR  0.89 ON  9-10      TO 1/4 MILE OR LESS
LOWEST:     25 ON 11                               3 = THUNDER
                        SNOW, ICE PELLETS, HAIL    4 = ICE PELLETS
                        TOTAL MONTH:    M          5 = HAIL
                        GRTST 24HR    M  ON   M    6 = FREEZING RAIN OR DRIZZLE
                        GRTST DEPTH:  M  ON   M    7 = DUSTSTORM OR SANDSTORM:
                                                       VSBY 1/2 MILE OR LESS
                                                   8 = SMOKE OR HAZE
[NO. OF DAYS WITH]      [WEATHER - DAYS WITH]      9 = BLOWING SNOW
                                                   X = TORNADO
MAX 32 OR BELOW:   0    0.01 INCH OR MORE:   8
MAX 90 OR ABOVE:   0    0.10 INCH OR MORE:   5
MIN 32 OR BELOW:   4    0.50 INCH OR MORE:   1
MIN  0 OR BELOW:   0    1.00 INCH OR MORE:   0

[HDD (BASE 65) ]
TOTAL THIS MO.   292    CLEAR  (SCALE 0-3)  12
DPTR FM NORMAL  -119    PTCLDY (SCALE 4-7)   8
TOTAL FM JUL 1  5178    CLOUDY (SCALE 8-10)  2
DPTR FM NORMAL -1118

[CDD (BASE 65) ]
TOTAL THIS MO.     2
DPTR FM NORMAL     2    [PRESSURE DATA]
TOTAL FM JAN 1     2    HIGHEST SLP M ON M
DPTR FM NORMAL     2    LOWEST  SLP 29.23 ON  8

[REMARKS]
