155
CXUS53 KUNR 220945
CF6ICR
PRELIMINARY LOCAL CLIMATOLOGICAL DATA (WS FORM: F-6)

                                          STATION:   WINNER REGIONAL AIRPORT SD
                                          MONTH:     JULY
                                          YEAR:      2017
                                          LATITUDE:   43 23 N
                                          LONGITUDE:  99 50 W

  TEMPERATURE IN F:       :PCPN:    SNOW:  WIND      :SUNSHINE: SKY     :PK WND
================================================================================
1   2   3   4   5  6A  6B    7    8   9   10  11  12  13   14  15   16   17  18
                                     12Z  AVG MX 2MIN
DY MAX MIN AVG DEP HDD CDD  WTR  SNW DPTH SPD SPD DIR MIN PSBL S-S WX    SPD DR
================================================================================

 1  94  50  72  -1   0   7 0.00    M    M  7.6 16 220   M    M   0        23 230
 2  94  58  76   3   0  11 0.00    M    M 10.1 21  90   M    M   0        26 110
 3  96  64  80   6   0  15 0.00    M    M 10.9 20 120   M    M   1        24 120
 4 100  64  82   8   0  17 0.00    M    M  8.6 17 160   M    M   0 8      29 180
 5 104  73  89  15   0  24 0.00    M    M 13.0 17 200   M    M   0 8      25 200
 6 103  70  87  13   0  22 0.00    M    M 16.2 40 200   M    M   M        51 190
 7  93  63  78   4   0  13    T    M    M  7.0 16 170   M    M   0 8      22 150
 8  94  62  78   3   0  13 0.00    M    M  8.2 18  90   M    M   0        24  80
 9 112  69  91  16   0  26 0.00    M    M 12.7 21 340   M    M   0        27 340
10  93  67  80   5   0  15 0.00    M    M  8.5 18 150   M    M   0        22 150
11 106  71  89  14   0  24 0.04    M    M 11.3 23 200   M    M   1        31 210
12  88  67  78   3   0  13    T    M    M  8.0 18 350   M    M   2        24 350
13  93  58  76   0   0  11 0.00    M    M  7.9 17 100   M    M   1        23 110
14 103  64  84   8   0  19 0.00    M    M  9.7 16 210   M    M   1        21 200
15 103  72  88  12   0  23 0.00    M    M 10.0 21 360   M    M   0        25 350
16 104  67  86  10   0  21 0.00    M    M 12.7 21 170   M    M   0        27 190
17 104  72  88  12   0  23 0.07    M    M 13.4 24  50   M    M   1 3      32 210
18  92  72  82   6   0  17 0.02    M    M 13.4 25  40   M    M   1 3      32 110
19 105  70  88  12   0  23    T    M    M 11.2 28 130   M    M   1 138    35 130
20  99  73  86  10   0  21 0.00    M    M  9.5 23 150   M    M   0        29 130
21 103  71  87  11   0  22 0.04    M    M  7.2 21 180   M    M   2 13     27 180
================================================================================
SM 2083 1397         0 380  0.17    M    217.1          M       11
================================================================================
AV 99.2 66.5                              10.3 FASTST   M    M   1    MAX(MPH)
                                 MISC ---->  # 40 200               # 51  190
================================================================================
NOTES:
# LAST OF SEVERAL OCCURRENCES

COLUMN 17 PEAK WIND IN M.P.H.

PRELIMINARY LOCAL CLIMATOLOGICAL DATA (WS FORM: F-6) , PAGE 2

                                          STATION:  WINNER REGIONAL AIRPORT SD
                                          MONTH:    JULY
                                          YEAR:     2017
                                          LATITUDE:   43 23 N
                                          LONGITUDE:  99 50 W

[TEMPERATURE DATA]      [PRECIPITATION DATA]       SYMBOLS USED IN COLUMN 16

AVERAGE MONTHLY: 82.9   TOTAL FOR MONTH:   0.17    1 = FOG OR MIST
DPTR FM NORMAL:   7.9   DPTR FM NORMAL:   -1.84    2 = FOG REDUCING VISIBILITY
HIGHEST:   112 ON  9    GRTST 24HR  0.07 ON 17-17      TO 1/4 MILE OR LESS
LOWEST:     50 ON  1                               3 = THUNDER
                        SNOW, ICE PELLETS, HAIL    4 = ICE PELLETS
                        TOTAL MONTH:    M          5 = HAIL
                        GRTST 24HR    M  ON   M    6 = FREEZING RAIN OR DRIZZLE
                        GRTST DEPTH:  M  ON   M    7 = DUSTSTORM OR SANDSTORM:
                                                       VSBY 1/2 MILE OR LESS
                                                   8 = SMOKE OR HAZE
[NO. OF DAYS WITH]      [WEATHER - DAYS WITH]      9 = BLOWING SNOW
                                                   X = TORNADO
MAX 32 OR BELOW:   0    0.01 INCH OR MORE:   4
MAX 90 OR ABOVE:  20    0.10 INCH OR MORE:   0
MIN 32 OR BELOW:   0    0.50 INCH OR MORE:   0
MIN  0 OR BELOW:   0    1.00 INCH OR MORE:   0

[HDD (BASE 65) ]
TOTAL THIS MO.     0    CLEAR  (SCALE 0-3)  20
DPTR FM NORMAL     0    PTCLDY (SCALE 4-7)   0
TOTAL FM JUL 1     0    CLOUDY (SCALE 8-10)  0
DPTR FM NORMAL     0

[CDD (BASE 65) ]
TOTAL THIS MO.   380
DPTR FM NORMAL   168    [PRESSURE DATA]
TOTAL FM JAN 1   638    HIGHEST SLP 30.25 ON 15
DPTR FM NORMAL   251    LOWEST  SLP 29.50 ON 11

[REMARKS]
