000
CXUS53 KUNR 300945
CF6ICR
PRELIMINARY LOCAL CLIMATOLOGICAL DATA (WS FORM: F-6)

                                          STATION:   WINNER REGIONAL AIRPORT SD
                                          MONTH:     JANUARY
                                          YEAR:      2015
                                          LATITUDE:   43 23 N
                                          LONGITUDE:  99 50 W

  TEMPERATURE IN F:       :PCPN:    SNOW:  WIND      :SUNSHINE: SKY     :PK WND
================================================================================
1   2   3   4   5  6A  6B    7    8   9   10  11  12  13   14  15   16   17  18
                                     12Z  AVG MX 2MIN
DY MAX MIN AVG DEP HDD CDD  WTR  SNW DPTH SPD SPD DIR MIN PSBL S-S WX    SPD DR
================================================================================

 1  34  16  25   1  40   0 0.00    M    M 10.0 17 250   M    M   0        20 250
 2  36  17  27   3  38   0 0.00    M    M 12.1 28 210   M    M   1        33 200
 3  32  -2  15  -9  50   0 0.02    M    M 22.8 37 340   M    M   6 1289   45 350
 4   7  -8   0 -24  65   0    T    M    M  9.5 17 330   M    M   4 8      22 360
 5  26  -2  12 -12  53   0    T    M    M 14.3 29 330   M    M   7 189    36 170
 6  14   0   7 -17  58   0    T    M    M 14.6 29 330   M    M   7 89     34 320
 7  16  -8   4 -20  61   0    T    M    M 15.3 37 200   M    M   0 89     47 190
 8  35   6  21  -4  44   0    T    M    M 26.9 45 330   M    M   5 8      53 330
 9  14   2   8 -17  57   0 0.00    M    M 14.7 28 310   M    M   0        35 310
10  25   6  16  -9  49   0 0.00    M    M 12.0 30 210   M    M   0        38 200
11  16   3  10 -15  55   0 0.00    M    M  8.2 14 330   M    M   4         M  M
12  11  -6   3 -22  62   0 0.00    M    M  6.3 15 160   M    M   0        20 160
13  31   0  16  -9  49   0 0.00    M    M 13.2 25 210   M    M   6        31 200
14  35  18  27   2  38   0 0.00    M    M 10.0 16 250   M    M   1        21 260
15  41  27  34   9  31   0 0.00    M    M 12.1 20 210   M    M   1        26 210
16  45  26  36  11  29   0 0.00    M    M  8.8 15 300   M    M   0        20 290
17  43  36  40  15  25   0 0.00    M    M 19.3 35 290   M    M   2        45 290
18  49  30  40  15  25   0 0.00    M    M  7.8 16 270   M    M   1        21 280
19  52  36  44  19  21   0    T    M    M 12.3 25 300   M    M   3        32 300
20  46  32  39  14  26   0 0.00    M    M 16.4 30 300   M    M   3        38 290
21  37  27  32   7  33   0    T    M    M 13.9 22 320   M    M  10 8      27 330
22  46  23  35  10  30   0 0.00    M    M 11.9 21 210   M    M   1        26 210
23  50  27  39  14  26   0 0.00    M    M 13.2 26 320   M    M   2        31 320
24  57  36  47  22  18   0 0.02    M    M 19.5 43 320   M    M   6 1      51 320
25  43  33  38  13  27   0 0.01    M    M 13.8 30 330   M    M   8 1      37 320
26  61  36  49  24  16   0 0.00    M    M 11.5 23 310   M    M   0        29 320
27  67  32  50  25  15   0 0.00    M    M  5.9 14 140   M    M   0        16 150
28  63  37  50  25  15   0    T    M    M 19.9 38 320   M    M   2        45 320
29  43  21  32   7  33   0 0.00    M    M 15.8 32 320   M    M   5        43 330
================================================================================
SM 1075  501      1089   0  0.05    M    392.0          M       85
================================================================================
AV 37.1 17.3                              13.5 FASTST   M    M   3    MAX(MPH)
                                 MISC ---->  # 45 330               # 53  330
================================================================================
NOTES:
# LAST OF SEVERAL OCCURRENCES

COLUMN 17 PEAK WIND IN M.P.H.

PRELIMINARY LOCAL CLIMATOLOGICAL DATA (WS FORM: F-6) , PAGE 2

                                          STATION:  WINNER REGIONAL AIRPORT SD
                                          MONTH:    JANUARY
                                          YEAR:     2015
                                          LATITUDE:   43 23 N
                                          LONGITUDE:  99 50 W

[TEMPERATURE DATA]      [PRECIPITATION DATA]       SYMBOLS USED IN COLUMN 16

AVERAGE MONTHLY: 27.2   TOTAL FOR MONTH:   0.05    1 = FOG OR MIST
DPTR FM NORMAL:   2.4   DPTR FM NORMAL:   -0.18    2 = FOG REDUCING VISIBILITY
HIGHEST:    67 ON 27    GRTST 24HR  0.03 ON 24-25      TO 1/4 MILE OR LESS
LOWEST:     -8 ON  7, 4                            3 = THUNDER
                        SNOW, ICE PELLETS, HAIL    4 = ICE PELLETS
                        TOTAL MONTH:    M          5 = HAIL
                        GRTST 24HR    M  ON   M    6 = FREEZING RAIN OR DRIZZLE
                        GRTST DEPTH:  M  ON   M    7 = DUSTSTORM OR SANDSTORM:
                                                       VSBY 1/2 MILE OR LESS
                                                   8 = SMOKE OR HAZE
[NO. OF DAYS WITH]      [WEATHER - DAYS WITH]      9 = BLOWING SNOW
                                                   X = TORNADO
MAX 32 OR BELOW:  10    0.01 INCH OR MORE:   3
MAX 90 OR ABOVE:   0    0.10 INCH OR MORE:   0
MIN 32 OR BELOW:  23    0.50 INCH OR MORE:   0
MIN  0 OR BELOW:   7    1.00 INCH OR MORE:   0

[HDD (BASE 65) ]
TOTAL THIS MO.  1089    CLEAR  (SCALE 0-3)  17
DPTR FM NORMAL   -76    PTCLDY (SCALE 4-7)  11
TOTAL FM JUL 1  3578    CLOUDY (SCALE 8-10)  1
DPTR FM NORMAL  -293

[CDD (BASE 65) ]
TOTAL THIS MO.     0
DPTR FM NORMAL     0    [PRESSURE DATA]
TOTAL FM JAN 1     0    HIGHEST SLP M ON M
DPTR FM NORMAL     0    LOWEST  SLP 29.66 ON 16

[REMARKS]
